389
CXUS56 KLOX 031305
CF6SBA
PRELIMINARY LOCAL CLIMATOLOGICAL DATA (WS FORM: F-6)
STATION: SANTA BARBARA AIRPORT CA
MONTH: SEPTEMBER
YEAR: 2020
LATITUDE: 34 25 N
LONGITUDE: 119 50 W
TEMPERATURE IN F: :PCPN: SNOW: WIND :SUNSHINE: SKY :PK WND
================================================================================
1 2 3 4 5 6A 6B 7 8 9 10 11 12 13 14 15 16 17 18
12Z AVG MX 2MIN
DY MAX MIN AVG DEP HDD CDD WTR SNW DPTH SPD SPD DIR MIN PSBL S-S WX SPD DR
================================================================================
1 72 56 64 -2 1 0 0.00 0.0 0 6.1 16 260 M M 5 1 20 250
2 73 54 64 -2 1 0 0.00 0.0 0 5.2 15 270 M M 2 19 270
3 76 60 68 2 0 3 0.00 0.0 0 5.7 13 250 M M 0 18 16 260
4 79 60 70 4 0 5 0.00 0.0 0 5.2 10 240 M M 0 18 14 240
5 86 59 73 7 0 8 0.00 0.0 0 3.8 12 240 M M 0 18 14 240
6 97 61 79 13 0 14 0.00 0.0 0 3.8 12 140 M M 0 18 14 130
7 80 64 72 6 0 7 0.00 0.0 0 4.9 15 130 M M 3 128 18 130
8 73 62 68 2 0 3 0.00 0.0 0 3.5 8 140 M M 8 18 10 200
9 71 60 66 0 0 1 0.00 0.0 0 4.9 16 260 M M 6 128 20 260
10 66 53 60 -6 5 0 0.00 0.0 0 2.7 14 260 M M 6 128 17 270
11 73 55 64 -2 1 0 0.00 0.0 0 4.1 10 240 M M 5 128 13 290
12 71 55 63 -2 2 0 0.00 0.0 0 3.9 10 240 M M 4 128 12 240
13 71 57 64 -1 1 0 0.00 0.0 0 5.7 10 250 M M 4 128 13 240
14 77 54 66 1 0 1 0.00 0.0 0 3.1 9 260 M M 2 128 12 220
15 77 54 66 1 0 1 0.00 M M 3.1 9 260 M M M 12 220
16 79 54 67 2 0 2 0.00 M M 4.4 15 240 M M M 20 260
17 79 50 65 0 0 0 0.00 M M 4.2 15 260 M M M 18 260
18 82 60 71 6 0 6 0.00 M M 4.0 10 150 M M M 17 130
19 79 54 67 2 0 2 0.00 M M 3.9 12 140 M M M 14 130
20 69 59 64 -1 1 0 0.00 M M 4.6 12 250 M M M 19 80
21 70 58 64 -1 1 0 0.00 M M 4.2 14 260 M M M 24 230
22 72 60 66 2 0 1 0.00 M M 5.3 14 240 M M M 17 270
23 72 57 65 1 0 0 0.00 M M 4.5 14 250 M M M 18 100
24 79 51 65 1 0 0 0.00 M M 2.6 9 160 M M M M M
25 73 54 64 0 1 0 0.00 M M 4.2 14 150 M M M 17 110
26 75 55 65 1 0 0 0.00 M M 3.1 12 220 M M M 14 210
27 75 56 66 2 0 1 0.00 M M 4.5 9 180 M M M 13 150
28 74 63 69 5 0 4 0.00 M M 4.4 14 260 M M M 17 250
29 76 59 68 4 0 3 0.00 M M 3.1 13 240 M M M 10 240
30 89 55 72 8 0 7 0.00 M M 2.4 12 130 M M M 13 120
================================================================================
SM 2285 1709 14 69 0.00 0.0 125.1 M 45
================================================================================
AV 76.2 57.0 4.2 FASTST M M 3 MAX(MPH)
MISC ----> # 16 260 # 24 230
================================================================================
NOTES:
# LAST OF SEVERAL OCCURRENCES
COLUMN 17 PEAK WIND IN M.P.H.
PRELIMINARY LOCAL CLIMATOLOGICAL DATA (WS FORM: F-6) , PAGE 2
STATION: SANTA BARBARA AIRPORT CA
MONTH: SEPTEMBER
YEAR: 2020
LATITUDE: 34 25 N
LONGITUDE: 119 50 W
[TEMPERATURE DATA] [PRECIPITATION DATA] SYMBOLS USED IN COLUMN 16
AVERAGE MONTHLY: 66.6 TOTAL FOR MONTH: 0.00 1 = FOG OR MIST
DPTR FM NORMAL: 1.6 DPTR FM NORMAL: -0.26 2 = FOG REDUCING VISIBILITY
HIGHEST: 97 ON 6 GRTST 24HR 0.00 ON 30-30 TO 1/4 MILE OR LESS
LOWEST: 50 ON 17 3 = THUNDER
SNOW, ICE PELLETS, HAIL 4 = ICE PELLETS
TOTAL MONTH: 0.0 INCH 5 = HAIL
GRTST 24HR 0.0 6 = FREEZING RAIN OR DRIZZLE
GRTST DEPTH: 0 7 = DUSTSTORM OR SANDSTORM:
VSBY 1/2 MILE OR LESS
8 = SMOKE OR HAZE
[NO. OF DAYS WITH] [WEATHER - DAYS WITH] 9 = BLOWING SNOW
X = TORNADO
MAX 32 OR BELOW: 0 0.01 INCH OR MORE: 0
MAX 90 OR ABOVE: 1 0.10 INCH OR MORE: 0
MIN 32 OR BELOW: 0 0.50 INCH OR MORE: 0
MIN 0 OR BELOW: 0 1.00 INCH OR MORE: 0
[HDD (BASE 65) ]
TOTAL THIS MO. 14 CLEAR (SCALE 0-3) 6
DPTR FM NORMAL -30 PTCLDY (SCALE 4-7) 7
TOTAL FM JUL 1 68 CLOUDY (SCALE 8-10) 1
DPTR FM NORMAL -27
[CDD (BASE 65) ]
TOTAL THIS MO. 69
DPTR FM NORMAL 25 [PRESSURE DATA]
TOTAL FM JAN 1 288 HIGHEST SLP M ON M
DPTR FM NORMAL 117 LOWEST SLP 29.66 ON 8
[REMARKS]
#FINAL-09-20#