000
CXUS53 KMKX 010810
CF6SBM
PRELIMINARY LOCAL CLIMATOLOGICAL DATA (WS FORM: F-6)
STATION: SHEBOYGAN WI
MONTH: APRIL
YEAR: 2023
LATITUDE: 43 46 N
LONGITUDE: 87 51 W
TEMPERATURE IN F: :PCPN: SNOW: WIND :SUNSHINE: SKY :PK WND
================================================================================
1 2 3 4 5 6A 6B 7 8 9 10 11 12 13 14 15 16 17 18
12Z AVG MX 2MIN
DY MAX MIN AVG DEP HDD CDD WTR SNW DPTH SPD SPD DIR MIN PSBL S-S WX SPD DR
================================================================================
1 44 27 36 -2 29 0 T M M 13.6 30 340 M M 7 1 46 360
2 43 27 35 -3 30 0 0.00 M M 11.4 26 180 M M 3 36 180
3 61 37 49 10 16 0 0.05 M M 8.9 18 240 M M 5 1 26 290
4 47 37 42 3 23 0 0.24 M M 13.6 24 60 M M 10 13 32 60
5 66 35 51 12 14 0 0.20 M M 17.5 31 250 M M 5 13 42 250
6 50 31 41 1 24 0 0.00 M M 18.6 32 260 M M 0 42 260
7 40 26 33 -7 32 0 0.00 M M 5.5 13 110 M M 3 19 110
8 53 34 44 4 21 0 0.00 M M 6.6 15 190 M M 5 19 170
9 65 27 46 5 19 0 0.00 M M 8.4 20 180 M M 0 1 27 170
10 72 46 59 18 6 0 0.00 M M 10.5 21 210 M M 0 33 190
11 79 51 65 24 0 0 0.00 M M 12.2 24 240 M M 0 35 250
12 85 61 73 31 0 8 0.00 M M 19.1 33 240 M M 0 42 240
13 84 50 67 25 0 2 0.00 M M 9.9 21 210 M M 0 28 200
14 77 44 61 19 4 0 0.00 M M 6.8 17 170 M M 0 24 170
15 76 55 66 23 0 1 0.02 M M 6.2 23 180 M M 5 33 170
16 60 34 47 4 18 0 0.15 M M 10.5 23 240 M M 9 1 30 250
17 37 32 35 -9 30 0 T M M 15.2 24 300 M M 10 1 38 290
18 54 33 44 0 21 0 0.00 M M 11.3 21 290 M M 3 31 290
19 41 35 38 -6 27 0 0.33 M M 14.9 24 50 M M 6 13 30 50
20 68 41 55 10 10 0 0.12 M M 12.4 28 270 M M 5 138 41 260
21 60 36 48 3 17 0 0.00 M M 13.9 28 210 M M 3 39 220
22 45 31 38 -7 27 0 0.06 M M 8.4 16 270 M M 8 1 21 340
23 41 30 36 -10 29 0 T M M 6.5 14 260 M M 9 20 330
24 50 28 39 -7 26 0 T M M 5.4 15 190 M M 7 20 260
25 47 30 39 -7 26 0 0.00 M M 6.1 14 70 M M 7 1 18 70
26 46 28 37 -10 28 0 0.00 M M 5.5 13 130 M M 4 19 130
27 58 30 44 -3 21 0 0.00 0.0 M 8.2 20 150 M M 4 28 150
28 60 32 46 -2 19 0 0.00 M M 3.9 15 50 M M 0 18 17 50
29 50 36 43 -5 22 0 0.11 M M 8.5 21 280 M M 7 1 29 280
30 44 38 41 -7 24 0 0.07 M M 10.7 17 310 M M 10 1 27 280
================================================================================
SM 1703 1082 563 11 1.35 0.0 310.2 M 135
================================================================================
AV 56.8 36.1 10.3 FASTST M M 5 MAX(MPH)
MISC ----> 33 240 46 360
================================================================================
NOTES:
# LAST OF SEVERAL OCCURRENCES
COLUMN 17 PEAK WIND IN M.P.H.
PRELIMINARY LOCAL CLIMATOLOGICAL DATA (WS FORM: F-6) , PAGE 2
STATION: SHEBOYGAN WI
MONTH: APRIL
YEAR: 2023
LATITUDE: 43 46 N
LONGITUDE: 87 51 W
[TEMPERATURE DATA] [PRECIPITATION DATA] SYMBOLS USED IN COLUMN 16
AVERAGE MONTHLY: 46.4 TOTAL FOR MONTH: 1.35 1 = FOG OR MIST
DPTR FM NORMAL: 3.4 DPTR FM NORMAL: -1.95 2 = FOG REDUCING VISIBILITY
HIGHEST: 85 ON 12 GRTST 24HR 0.52 ON 31- 1 TO 1/4 MILE OR LESS
LOWEST: 26 ON 7 3 = THUNDER
SNOW, ICE PELLETS, HAIL 4 = ICE PELLETS
TOTAL MONTH: 0.0 INCH 5 = HAIL
GRTST 24HR 0.0 6 = FREEZING RAIN OR DRIZZLE
GRTST DEPTH: M ON M 7 = DUSTSTORM OR SANDSTORM:
VSBY 1/2 MILE OR LESS
8 = SMOKE OR HAZE
[NO. OF DAYS WITH] [WEATHER - DAYS WITH] 9 = BLOWING SNOW
X = TORNADO
MAX 32 OR BELOW: 0 0.01 INCH OR MORE: 10
MAX 90 OR ABOVE: 0 0.10 INCH OR MORE: 6
MIN 32 OR BELOW: 13 0.50 INCH OR MORE: 0
MIN 0 OR BELOW: 0 1.00 INCH OR MORE: 0
[HDD (BASE 65) ]
TOTAL THIS MO. 563 CLEAR (SCALE 0-3) 10
DPTR FM NORMAL -96 PTCLDY (SCALE 4-7) 15
TOTAL FM JUL 1 6343 CLOUDY (SCALE 8-10) 5
DPTR FM NORMAL -787
[CDD (BASE 65) ]
TOTAL THIS MO. 11
DPTR FM NORMAL 11 [PRESSURE DATA]
TOTAL FM JAN 1 11 HIGHEST SLP M ON M
DPTR FM NORMAL 11 LOWEST SLP 29.23 ON 1
[REMARKS]
#FINAL-04-23#