437
CXUS56 KLOX 011655
CF6SBP
PRELIMINARY LOCAL CLIMATOLOGICAL DATA (WS FORM: F-6)
STATION: SAN LUIS OBISPO AIRPORT CA
MONTH: SEPTEMBER
YEAR: 2020
LATITUDE: 35 13 N
LONGITUDE: 120 38 W
TEMPERATURE IN F: :PCPN: SNOW: WIND :SUNSHINE: SKY :PK WND
================================================================================
1 2 3 4 5 6A 6B 7 8 9 10 11 12 13 14 15 16 17 18
12Z AVG MX 2MIN
DY MAX MIN AVG DEP HDD CDD WTR SNW DPTH SPD SPD DIR MIN PSBL S-S WX SPD DR
================================================================================
1 73 58 66 -2 0 1 0.00 0.0 0 5.7 14 300 M M 7 18 16 310
2 75 58 67 -1 0 2 0.00 0.0 0 9.9 21 300 M M 5 25 310
3 77 56 67 -1 0 2 0.00 0.0 0 10.5 23 300 M M 3 1 25 300
4 81 55 68 0 0 3 0.00 0.0 0 7.7 18 320 M M 0 1 21 320
5 98 56 77 10 0 12 0.00 0.0 0 4.4 20 310 M M 0 23 320
6 117 63 90 23 0 25 0.00 0.0 0 5.0 23 310 M M 0 8 28 310
7 108 63 86 19 0 21 0.00 0.0 0 5.3 18 320 M M 0 8 21 300
8 72 57 65 -2 0 0 0.00 0.0 0 5.8 12 150 M M 3 18 19 200
9 70 54 62 -5 3 0 0.00 0.0 0 2.4 9 300 M M 5 128 14 320
10 65 51 58 -9 7 0 0.00 0.0 0 0.9 7 300 M M 6 128 7 300
11 75 51 63 -4 2 0 0.00 0.0 0 1.4 12 300 M M 6 128 13 290
12 77 50 64 -3 1 0 0.00 0.0 0 3.2 13 290 M M 6 128 19 320
13 72 52 62 -5 3 0 0.00 0.0 0 7.5 15 300 M M 5 128 17 300
14 75 54 65 -2 0 0 0.00 0.0 0 6.6 14 300 M M 5 18 M M
15 82 48 65 -2 0 0 0.00 0.0 M 3.3 12 300 M M 0 14 310
16 87 47 67 0 0 2 0.00 0.0 M 5.5 13 300 M M 0 M M
17 86 51 69 3 0 4 0.00 0.0 M 2.4 8 300 M M 1 1 M M
18 83 57 70 4 0 5 0.00 0.0 M 7.7 24 320 M M 1 32 320
19 85 54 70 4 0 5 0.00 0.0 M 15.0 23 330 M M 1 31 330
20 83 51 67 1 0 2 0.00 0.0 M 3.8 17 310 M M 4 19 310
21 76 53 65 -1 0 0 0.00 0.0 M 4.4 13 310 M M 2 M M
22 77 53 65 -1 0 0 0.00 0.0 M 5.4 16 300 M M 2 19 310
23 88 51 70 4 0 5 0.00 0.0 M 6.0 22 320 M M 0 25 320
24 91 57 74 8 0 9 0.00 0.0 M 12.6 26 310 M M 0 32 310
25 79 55 67 1 0 2 0.00 0.0 M 11.0 28 310 M M 0 32 320
26 91 55 73 8 0 8 0.00 0.0 M 7.7 25 310 M M 0 30 310
27 80 58 69 4 0 4 0.00 0.0 M 3.4 12 110 M M 0 14 160
28 79 57 68 3 0 3 0.00 0.0 M 2.8 12 280 M M 4 17 240
29 79 55 67 2 0 2 0.00 0.0 M 5.1 26 320 M M 2 16 310
30 107 53 80 15 0 15 0.00 0.0 M 8.3 M M M M 0 M M
================================================================================
SM 2488 1633 16 132 0.00 0.0 180.7 M 68
================================================================================
AV 82.9 54.4 6.0 FASTST M M 2 MAX(MPH)
MISC ----> # 28 310 # 32 320
================================================================================
NOTES:
# LAST OF SEVERAL OCCURRENCES
COLUMN 17 PEAK WIND IN M.P.H.
PRELIMINARY LOCAL CLIMATOLOGICAL DATA (WS FORM: F-6) , PAGE 2
STATION: SAN LUIS OBISPO AIRPORT CA
MONTH: SEPTEMBER
YEAR: 2020
LATITUDE: 35 13 N
LONGITUDE: 120 38 W
[TEMPERATURE DATA] [PRECIPITATION DATA] SYMBOLS USED IN COLUMN 16
AVERAGE MONTHLY: 68.7 TOTAL FOR MONTH: 0.00 1 = FOG OR MIST
DPTR FM NORMAL: 2.2 DPTR FM NORMAL: -0.21 2 = FOG REDUCING VISIBILITY
HIGHEST: 117 ON 6 GRTST 24HR 0.00 ON 30-30 TO 1/4 MILE OR LESS
LOWEST: 47 ON 16 3 = THUNDER
SNOW, ICE PELLETS, HAIL 4 = ICE PELLETS
TOTAL MONTH: 0.0 INCH 5 = HAIL
GRTST 24HR 0.0 6 = FREEZING RAIN OR DRIZZLE
GRTST DEPTH: 0 7 = DUSTSTORM OR SANDSTORM:
VSBY 1/2 MILE OR LESS
8 = SMOKE OR HAZE
[NO. OF DAYS WITH] [WEATHER - DAYS WITH] 9 = BLOWING SNOW
X = TORNADO
MAX 32 OR BELOW: 0 0.01 INCH OR MORE: 0
MAX 90 OR ABOVE: 6 0.10 INCH OR MORE: 0
MIN 32 OR BELOW: 0 0.50 INCH OR MORE: 0
MIN 0 OR BELOW: 0 1.00 INCH OR MORE: 0
[HDD (BASE 65) ]
TOTAL THIS MO. 16 CLEAR (SCALE 0-3) 20
DPTR FM NORMAL -15 PTCLDY (SCALE 4-7) 10
TOTAL FM JUL 1 31 CLOUDY (SCALE 8-10) 0
DPTR FM NORMAL -44
[CDD (BASE 65) ]
TOTAL THIS MO. 132
DPTR FM NORMAL 56 [PRESSURE DATA]
TOTAL FM JAN 1 464 HIGHEST SLP 30.08 ON 15
DPTR FM NORMAL 221 LOWEST SLP 29.67 ON 8
[REMARKS]
#FINAL-09-20#