000
CXUS51 KAKQ 010710
CF6SBY
PRELIMINARY LOCAL CLIMATOLOGICAL DATA (WS FORM: F-6)
STATION: SALISBURY MD
MONTH: SEPTEMBER
YEAR: 2021
LATITUDE: 38 20 N
LONGITUDE: 75 30 W
TEMPERATURE IN F: :PCPN: SNOW: WIND :SUNSHINE: SKY :PK WND
================================================================================
1 2 3 4 5 6A 6B 7 8 9 10 11 12 13 14 15 16 17 18
12Z AVG MX 2MIN
DY MAX MIN AVG DEP HDD CDD WTR SNW DPTH SPD SPD DIR MIN PSBL S-S WX SPD DR
================================================================================
1 88 69 79 5 0 14 0.00 0.0 0 11.3 29 220 M M 5 138 40 160
2 79 60 70 -4 0 5 0.00 0.0 0 8.5 23 330 M M 3 1 29 340
3 78 57 68 -5 0 3 0.00 0.0 0 4.9 15 320 M M 1 19 310
4 80 57 69 -4 0 4 0.00 0.0 0 2.9 10 310 M M 1 15 30
5 85 63 74 1 0 9 0.00 0.0 0 8.5 21 210 M M 2 25 210
6 85 67 76 3 0 11 T 0.0 0 5.1 15 340 M M 5 1 20 330
7 87 63 75 3 0 10 0.00 0.0 0 3.9 13 240 M M 2 19 250
8 88 65 77 5 0 12 0.03 0.0 0 7.0 20 200 M M 2 3 26 190
9 75 64 70 -2 0 5 1.47 0.0 0 5.9 18 360 M M 7 13 23 20
10 77 57 67 -5 0 2 0.00 0.0 0 7.2 18 330 M M 1 25 330
11 80 53 67 -4 0 2 0.00 0.0 0 4.7 13 250 M M 1 17 240
12 83 62 73 2 0 8 0.00 0.0 0 8.5 18 220 M M 0 24 210
13 90 70 80 9 0 15 0.00 0.0 0 5.2 15 290 M M 0 21 310
14 88 69 79 9 0 14 0.00 0.0 0 4.3 13 120 M M 0 1 16 120
15 88 71 80 10 0 15 0.00 0.0 0 8.1 18 200 M M 1 23 210
16 85 72 79 9 0 14 0.04 0.0 0 5.5 16 120 M M 3 1 20 120
17 83 71 77 7 0 12 0.00 0.0 0 9.7 18 50 M M 8 24 50
18 85 68 77 8 0 12 0.00 0.0 0 4.9 14 320 M M 4 1 17 320
19 83 60 72 3 0 7 0.00 0.0 0 4.6 13 10 M M 0 1 17 320
20 79 57 68 0 0 3 0.00 0.0 0 5.8 16 100 M M 2 25 80
21 84 63 74 6 0 9 0.00 0.0 0 5.7 16 100 M M 3 20 70
22 85 69 77 9 0 12 T 0.0 0 10.1 23 160 M M 2 1 35 150
23 81 64 73 6 0 8 0.74 0.0 0 8.5 29 170 M M 10 18 41 170
24 77 54 66 -1 0 1 0.00 0.0 0 5.2 15 340 M M 3 20 360
25 80 50 65 -2 0 0 0.00 0.0 0 1.8 10 360 M M 1 14 20
26 75 54 65 -1 0 0 0.00 0.0 0 6.9 20 320 M M 0 26 320
27 81 51 66 0 0 1 0.00 0.0 0 2.6 9 220 M M 0 9 220
28 86 63 75 9 0 10 0.00 0.0 0 4.0 15 260 M M 2 1 19 260
29 72 51 62 -3 3 0 0.00 0.0 0 6.5 16 330 M M 0 20 330
30 76 47 62 -3 3 0 0.00 0.0 0 4.7 15 250 M M 2 18 280
================================================================================
SM 2463 1841 6 218 2.28 0.0 182.5 M 71
================================================================================
AV 82.1 61.4 6.1 FASTST M M 2 MAX(MPH)
MISC ----> # 29 220 41 170
================================================================================
NOTES:
# LAST OF SEVERAL OCCURRENCES
COLUMN 17 PEAK WIND IN M.P.H.
PRELIMINARY LOCAL CLIMATOLOGICAL DATA (WS FORM: F-6) , PAGE 2
STATION: SALISBURY MD
MONTH: SEPTEMBER
YEAR: 2021
LATITUDE: 38 20 N
LONGITUDE: 75 30 W
[TEMPERATURE DATA] [PRECIPITATION DATA] SYMBOLS USED IN COLUMN 16
AVERAGE MONTHLY: 71.7 TOTAL FOR MONTH: 2.28 1 = FOG OR MIST
DPTR FM NORMAL: 2.0 DPTR FM NORMAL: -2.20 2 = FOG REDUCING VISIBILITY
HIGHEST: 90 ON 13 GRTST 24HR 1.50 ON 8- 9 TO 1/4 MILE OR LESS
LOWEST: 47 ON 30 3 = THUNDER
SNOW, ICE PELLETS, HAIL 4 = ICE PELLETS
TOTAL MONTH: 0.0 INCH 5 = HAIL
GRTST 24HR 0.0 6 = FREEZING RAIN OR DRIZZLE
GRTST DEPTH: 0 7 = DUSTSTORM OR SANDSTORM:
VSBY 1/2 MILE OR LESS
8 = SMOKE OR HAZE
[NO. OF DAYS WITH] [WEATHER - DAYS WITH] 9 = BLOWING SNOW
X = TORNADO
MAX 32 OR BELOW: 0 0.01 INCH OR MORE: 4
MAX 90 OR ABOVE: 1 0.10 INCH OR MORE: 2
MIN 32 OR BELOW: 0 0.50 INCH OR MORE: 2
MIN 0 OR BELOW: 0 1.00 INCH OR MORE: 1
[HDD (BASE 65) ]
TOTAL THIS MO. 6 CLEAR (SCALE 0-3) 23
DPTR FM NORMAL -24 PTCLDY (SCALE 4-7) 6
TOTAL FM JUL 1 6 CLOUDY (SCALE 8-10) 1
DPTR FM NORMAL -22
[CDD (BASE 65) ]
TOTAL THIS MO. 218
DPTR FM NORMAL 47 [PRESSURE DATA]
TOTAL FM JAN 1 1499 HIGHEST SLP M ON M
DPTR FM NORMAL 235 LOWEST SLP 29.53 ON 1
[REMARKS]
#FINAL-09-21#