000
CXUS51 KAKQ 030245
CF6SBY
PRELIMINARY LOCAL CLIMATOLOGICAL DATA (WS FORM: F-6)
STATION: SALISBURY MD
MONTH: DECEMBER
YEAR: 2020
LATITUDE: 38 20 N
LONGITUDE: 75 30 W
TEMPERATURE IN F: :PCPN: SNOW: WIND :SUNSHINE: SKY :PK WND
================================================================================
1 2 3 4 5 6A 6B 7 8 9 10 11 12 13 14 15 16 17 18
12Z AVG MX 2MIN
DY MAX MIN AVG DEP HDD CDD WTR SNW DPTH SPD SPD DIR MIN PSBL S-S WX SPD DR
================================================================================
1 54 37 46 3 19 0 0.00 0.0 0 11.5 22 250 M M 6 28 270
2 48 29 39 -4 26 0 0.00 0.0 0 7.0 20 280 M M 2 28 320
3 56 27 42 0 23 0 0.00 0.0 0 4.0 13 210 M M 0 17 250
4 60 44 52 10 13 0 0.52 0.0 0 7.5 18 240 M M 3 1 26 210
5 55 43 49 7 16 0 3.04 0.0 0 14.4 28 10 M M 10 1 36 320
6 45 30 38 -4 27 0 0.00 0.0 0 8.0 22 320 M M 4 27 280
7 38 31 35 -6 30 0 0.00 0.0 0 6.3 12 330 M M 7 14 330
8 44 30 37 -4 28 0 0.00 0.0 0 9.8 24 310 M M 3 30 310
9 46 26 36 -5 29 0 0.00 0.0 0 4.1 14 230 M M 1 18 240
10 53 26 40 0 25 0 0.00 0.0 0 2.7 13 270 M M 0 1 16 280
11 63 29 46 6 19 0 0.00 0.0 0 5.3 17 190 M M 0 18 22 190
12 65 47 56 16 9 0 T 0.0 0 7.4 16 200 M M 4 1 21 210
13 67 48 58 18 7 0 0.04 0.0 0 8.0 17 220 M M 5 27 200
14 49 36 43 4 22 0 1.41 0.0 0 10.4 23 330 M M 8 1 31 340
15 43 27 35 -4 30 0 T 0.0 0 5.7 14 340 M M 0 17 360
16 54 30 42 3 23 0 1.66 0.0 0 10.4 24 60 M M 6 1 35 60
17 48 30 39 1 26 0 0.01 0.0 0 11.7 24 320 M M 8 1 32 300
18 38 27 33 -5 32 0 0.00 0.0 0 9.3 20 320 M M 6 26 310
19 38 25 32 -6 33 0 0.00 0.0 0 2.7 7 270 M M 0 9 340
20 43 28 36 -2 29 0 0.19 0.0 0 3.3 12 190 M M 7 1 14 200
21 43 38 41 3 24 0 0.02 0.0 0 6.2 14 220 M M 10 1 20 220
22 50 37 44 7 21 0 0.01 0.0 0 10.9 28 290 M M 5 1 36 280
23 50 27 39 2 26 0 0.00 0.0 0 3.3 13 170 M M 0 8 16 160
24 66 40 53 16 12 0 0.94 0.0 0 16.5 35 150 M M 6 1 55 160
25 66 32 49 12 16 0 0.23 T 0 12.7 28 170 M M 7 42 160
26 35 25 30 -7 35 0 0.00 0.0 0 7.6 17 270 M M 1 17 270
27 44 21 33 -3 32 0 0.00 0.0 0 2.0 9 50 M M 0 11 60
28 52 28 40 4 25 0 0.00 0.0 0 5.0 16 220 M M 3 22 230
29 43 24 34 -2 31 0 0.00 0.0 0 7.6 28 330 M M 1 1 32 330
30 50 24 37 1 28 0 T 0.0 0 5.7 17 200 M M 2 22 200
31 57 41 49 13 16 0 0.01 0.0 0 11.1 21 230 M M 9 1 30 230
================================================================================
SM 1563 987 732 0 8.08 T 238.1 M 124
================================================================================
AV 50.4 31.8 7.7 FASTST M M 4 MAX(MPH)
MISC ----> 35 150 55 160
================================================================================
NOTES:
# LAST OF SEVERAL OCCURRENCES
COLUMN 17 PEAK WIND IN M.P.H.
PRELIMINARY LOCAL CLIMATOLOGICAL DATA (WS FORM: F-6) , PAGE 2
STATION: SALISBURY MD
MONTH: DECEMBER
YEAR: 2020
LATITUDE: 38 20 N
LONGITUDE: 75 30 W
[TEMPERATURE DATA] [PRECIPITATION DATA] SYMBOLS USED IN COLUMN 16
AVERAGE MONTHLY: 41.1 TOTAL FOR MONTH: 8.08 1 = FOG OR MIST
DPTR FM NORMAL: 2.1 DPTR FM NORMAL: 4.37 2 = FOG REDUCING VISIBILITY
HIGHEST: 67 ON 13 GRTST 24HR 3.56 ON 4- 5 TO 1/4 MILE OR LESS
LOWEST: 21 ON 27 3 = THUNDER
SNOW, ICE PELLETS, HAIL 4 = ICE PELLETS
TOTAL MONTH: T 5 = HAIL
GRTST 24HR T ON 25-25 6 = FREEZING RAIN OR DRIZZLE
GRTST DEPTH: 0 7 = DUSTSTORM OR SANDSTORM:
VSBY 1/2 MILE OR LESS
8 = SMOKE OR HAZE
[NO. OF DAYS WITH] [WEATHER - DAYS WITH] 9 = BLOWING SNOW
X = TORNADO
MAX 32 OR BELOW: 0 0.01 INCH OR MORE: 12
MAX 90 OR ABOVE: 0 0.10 INCH OR MORE: 7
MIN 32 OR BELOW: 21 0.50 INCH OR MORE: 5
MIN 0 OR BELOW: 0 1.00 INCH OR MORE: 3
[HDD (BASE 65) ]
TOTAL THIS MO. 732 CLEAR (SCALE 0-3) 15
DPTR FM NORMAL -74 PTCLDY (SCALE 4-7) 13
TOTAL FM JUL 1 1245 CLOUDY (SCALE 8-10) 3
DPTR FM NORMAL -379
[CDD (BASE 65) ]
TOTAL THIS MO. 0
DPTR FM NORMAL 0 [PRESSURE DATA]
TOTAL FM JAN 1 1544 HIGHEST SLP 30.60 ON 30
DPTR FM NORMAL 391 LOWEST SLP 29.48 ON 25
[REMARKS]
#FINAL-12-20#