000
CXUS56 KSTO 011425
CF6SCK
PRELIMINARY LOCAL CLIMATOLOGICAL DATA (WS FORM: F-6)
STATION: STOCKTON AIRPORT CA
MONTH: APRIL
YEAR: 2021
LATITUDE: 37 54 N
LONGITUDE: 121 15 W
TEMPERATURE IN F: :PCPN: SNOW: WIND :SUNSHINE: SKY :PK WND
================================================================================
1 2 3 4 5 6A 6B 7 8 9 10 11 12 13 14 15 16 17 18
12Z AVG MX 2MIN
DY MAX MIN AVG DEP HDD CDD WTR SNW DPTH SPD SPD DIR MIN PSBL S-S WX SPD DR
================================================================================
1 84 43 64 8 1 0 0.00 0.0 0 3.2 18 280 M M 0 22 280
2 81 44 63 7 2 0 0.00 0.0 0 5.3 17 310 M M 0 21 300
3 67 43 55 -2 10 0 0.00 0.0 0 9.0 16 300 M M 0 20 320
4 66 38 52 -5 13 0 0.00 0.0 0 6.8 20 280 M M 0 24 280
5 67 44 56 -1 9 0 0.00 0.0 0 8.4 18 270 M M 0 24 270
6 74 37 56 -1 9 0 0.00 0.0 0 7.4 15 270 M M 0 18 300
7 73 40 57 0 8 0 0.00 0.0 0 9.1 22 260 M M 0 26 250
8 75 44 60 2 5 0 0.00 0.0 0 9.8 15 280 M M 0 22 300
9 74 47 61 3 4 0 0.00 0.0 0 11.5 24 260 M M 0 30 270
10 77 44 61 3 4 0 0.00 0.0 0 10.4 17 290 M M 0 23 310
11 80 41 61 3 4 0 0.00 0.0 0 7.8 16 290 M M 0 19 290
12 81 41 61 3 4 0 0.00 0.0 0 8.3 17 300 M M 0 22 310
13 73 45 59 1 6 0 0.00 0.0 0 12.6 24 260 M M 0 29 260
14 71 44 58 -1 7 0 0.00 0.0 0 7.9 20 290 M M 0 24 290
15 75 38 57 -2 8 0 0.00 0.0 0 6.7 16 300 M M 0 20 290
16 78 41 60 1 5 0 0.00 0.0 0 8.6 16 260 M M 0 23 330
17 84 43 64 5 1 0 0.00 0.0 0 9.2 21 300 M M 0 25 290
18 87 45 66 6 0 1 0.00 0.0 0 7.8 18 300 M M 0 24 300
19 84 46 65 5 0 0 0.00 0.0 0 8.2 21 270 M M 0 25 270
20 72 48 60 0 5 0 0.00 0.0 0 14.0 32 270 M M 0 38 260
21 77 45 61 1 4 0 0.00 0.0 0 8.0 20 260 M M 0 23 250
22 76 45 61 0 4 0 0.00 0.0 0 9.4 22 270 M M 0 28 250
23 76 43 60 -1 5 0 0.00 0.0 0 9.0 24 270 M M 0 8 29 260
24 71 47 59 -2 6 0 0.00 0.0 0 8.7 20 320 M M 3 25 310
25 61 43 52 -10 13 0 0.04 0.0 0 7.4 20 290 M M 6 8 21 290
26 67 38 53 -9 12 0 0.00 0.0 0 10.0 20 290 M M 0 23 300
27 77 42 60 -2 5 0 0.00 0.0 0 11.0 21 300 M M 0 26 330
28 84 43 64 2 1 0 0.00 0.0 0 5.8 16 290 M M 0 19 300
29 89 49 69 7 0 4 0.00 0.0 0 5.3 17 300 M M 0 20 300
30 87 51 69 6 0 4 0.00 0.0 0 7.0 21 290 M M 0 24 280
================================================================================
SM 2288 1302 155 9 0.04 0.0 253.6 M 9
================================================================================
AV 76.3 43.4 8.5 FASTST M M 0 MAX(MPH)
MISC ----> # 32 270 # 38 260
================================================================================
NOTES:
# LAST OF SEVERAL OCCURRENCES
COLUMN 17 PEAK WIND IN M.P.H.
PRELIMINARY LOCAL CLIMATOLOGICAL DATA (WS FORM: F-6) , PAGE 2
STATION: STOCKTON AIRPORT CA
MONTH: APRIL
YEAR: 2021
LATITUDE: 37 54 N
LONGITUDE: 121 15 W
[TEMPERATURE DATA] [PRECIPITATION DATA] SYMBOLS USED IN COLUMN 16
AVERAGE MONTHLY: 59.8 TOTAL FOR MONTH: 0.04 1 = FOG OR MIST
DPTR FM NORMAL: 0.5 DPTR FM NORMAL: -0.94 2 = FOG REDUCING VISIBILITY
HIGHEST: 89 ON 29 GRTST 24HR 0.04 ON 25-25 TO 1/4 MILE OR LESS
LOWEST: 37 ON 6 3 = THUNDER
SNOW, ICE PELLETS, HAIL 4 = ICE PELLETS
TOTAL MONTH: 0.0 INCH 5 = HAIL
GRTST 24HR 0.0 6 = FREEZING RAIN OR DRIZZLE
GRTST DEPTH: 0 7 = DUSTSTORM OR SANDSTORM:
VSBY 1/2 MILE OR LESS
8 = SMOKE OR HAZE
[NO. OF DAYS WITH] [WEATHER - DAYS WITH] 9 = BLOWING SNOW
X = TORNADO
MAX 32 OR BELOW: 0 0.01 INCH OR MORE: 1
MAX 90 OR ABOVE: 0 0.10 INCH OR MORE: 0
MIN 32 OR BELOW: 0 0.50 INCH OR MORE: 0
MIN 0 OR BELOW: 0 1.00 INCH OR MORE: 0
[HDD (BASE 65) ]
TOTAL THIS MO. 155 CLEAR (SCALE 0-3) 29
DPTR FM NORMAL -35 PTCLDY (SCALE 4-7) 1
TOTAL FM JUL 1 2162 CLOUDY (SCALE 8-10) 0
DPTR FM NORMAL -414
[CDD (BASE 65) ]
TOTAL THIS MO. 9
DPTR FM NORMAL -8 [PRESSURE DATA]
TOTAL FM JAN 1 9 HIGHEST SLP 30.20 ON 29
DPTR FM NORMAL -8 LOWEST SLP 29.72 ON 12
[REMARKS]
#FINAL-04-21#