000
CXUS56 KSTO 030343
CLMSCK
CLIMATE REPORT
NATIONAL WEATHER SERVICE SACRAMENTO
743 PM PST FRI FEB 02 2024
...................................
...THE STOCKTON AIRPORT CA CLIMATE SUMMARY FOR THE MONTH OF JANUARY 2024...
CLIMATE NORMAL PERIOD: 1991 TO 2020
CLIMATE RECORD PERIOD: 1948 TO 2024
WEATHER OBSERVED NORMAL DEPART LAST YEAR`S
VALUE DATE(S) VALUE FROM VALUE
NORMAL
..............................................................
TEMPERATURE (F)
RECORD
HIGH 78 01/18/2021
LOW 16 01/11/1949
HIGHEST 75 01/29 MM MM
LOWEST 32 01/08 MM MM
AVG. MAXIMUM 59.7
AVG. MINIMUM 43.9
MEAN 51.8
DAYS MAX >= 90 0 0.0 0.0
DAYS MAX <= 32 0 0.0 0.0
DAYS MIN <= 32 1 6.5 -5.5
DAYS MIN <= 0 0 0.0 0.0
PRECIPITATION (INCHES)
RECORD
MAXIMUM 7.06 1967
MINIMUM T 2022
TOTALS 3.96 2.67 1.29 5.76
DAILY AVG. 0.13 0.09 0.04 0.19
DAYS >= .01 13 9.7 3.3 15
DAYS >= .10 9 5.8 3.2 12
DAYS >= .50 2 2.2 -0.2 4
DAYS >= 1.00 1 2
DAYS >= %-5.2F 0 0
DEGREE DAYS
HEATING TOTAL 401 525 -124
SINCE 7/1 1159 1439 -280
COOLING TOTAL 0 0 0
SINCE 1/1 0 0 0
..............................................................
WIND (MPH)
AVERAGE WIND SPEED 6.7
HIGHEST WIND SPEED/DIRECTION 38/140 DATE 01/31
HIGHEST GUST SPEED/DIRECTION 47/140 DATE 01/31
SKY COVER
POSSIBLE SUNSHINE (PERCENT) MM
AVERAGE SKY COVER 0.46
NUMBER OF DAYS FAIR 14
NUMBER OF DAYS PC 7
NUMBER OF DAYS CLOUDY 10
AVERAGE RH (PERCENT) 78
WEATHER CONDITIONS. NUMBER OF DAYS WITH
THUNDERSTORM 0 MIXED PRECIP 0
HEAVY RAIN 2 RAIN 7
LIGHT RAIN 15 FREEZING RAIN 0
LT FREEZING RAIN 0 HAIL 0
HEAVY SNOW 0 SNOW 0
LIGHT SNOW 0 SLEET 0
FOG 26 FOG W/VIS <= 1/4 MILE 6
HAZE 12
- INDICATES NEGATIVE NUMBERS.
R INDICATES RECORD WAS SET OR TIED.
MM INDICATES DATA IS MISSING.
T INDICATES TRACE AMOUNT.
$$