000
CXUS53 KLMK 010810
CF6SDF
PRELIMINARY LOCAL CLIMATOLOGICAL DATA (WS FORM: F-6)
STATION: LOUISVILLE KY
MONTH: JANUARY
YEAR: 2023
LATITUDE: 38 10 N
LONGITUDE: 85 44 W
TEMPERATURE IN F: :PCPN: SNOW: WIND :SUNSHINE: SKY :PK WND
================================================================================
1 2 3 4 5 6A 6B 7 8 9 10 11 12 13 14 15 16 17 18
12Z AVG MX 2MIN
DY MAX MIN AVG DEP HDD CDD WTR SNW DPTH SPD SPD DIR MIN PSBL S-S WX SPD DR
================================================================================
1 57 40 49 12 16 0 T 0.0 0 3.8 8 140 M M 8 12 11 120
2 65 46 56 20 9 0 0.10 0.0 0 4.5 15 180 M M 9 1 20 180
3 64 60 62 26 3 0 2.55 0.0 0 9.9 24 110 M M 9 13 31 130
4 63 40 52 16 13 0 0.00 0.0 0 10.3 23 230 M M 6 35 230
5 53 36 45 9 20 0 0.00 0.0 0 11.3 23 270 M M 6 31 260
6 48 33 41 5 24 0 0.00 0.0 0 7.4 15 270 M M 5 23 240
7 53 33 43 7 22 0 0.00 0.0 0 3.9 14 60 M M 5 18 50
8 44 37 41 5 24 0 0.01 0.0 0 6.9 15 290 M M 10 1 17 300
9 48 33 41 5 24 0 0.00 0.0 0 5.4 14 270 M M 7 17 330
10 55 34 45 9 20 0 0.00 0.0 0 7.0 15 240 M M 5 20 240
11 62 42 52 16 13 0 T 0.0 0 6.6 10 180 M M 9 15 180
12 61 40 51 16 14 0 0.53 0.0 0 12.5 30 300 M M 10 13 37 310
13 41 34 38 3 27 0 0.03 T 0 13.2 25 350 M M 10 1 35 340
14 39 30 35 0 30 0 0.00 0.0 0 7.4 21 350 M M 8 25 350
15 47 26 37 2 28 0 0.00 0.0 0 5.7 14 120 M M 5 17 140
16 56 32 44 9 21 0 0.21 0.0 0 8.1 17 200 M M 9 1 25 210
17 65 47 56 21 9 0 0.04 0.0 0 12.1 24 280 M M 5 1 32 240
18 55 40 48 13 17 0 0.25 0.0 0 5.6 13 60 M M 10 1 18 60
19 64 41 53 18 12 0 0.34 0.0 0 19.2 38 250 M M 7 1 58 230
20 42 36 39 4 26 0 0.01 0.0 0 12.4 24 280 M M 10 31 300
21 44 34 39 4 26 0 0.00 0.0 0 4.2 10 130 M M 7 14 100
22 39 33 36 1 29 0 0.44 1.0 0 4.2 13 300 M M 10 1 18 300
23 41 30 36 1 29 0 T T 0 8.5 16 250 M M 8 1 23 270
24 49 29 39 3 26 0 0.07 0.0 0 4.9 12 80 M M 8 15 70
25 49 37 43 7 22 0 0.44 T 0 13.7 30 240 M M 10 18 48 240
26 38 32 35 -1 30 0 0.01 T 0 13.6 22 260 M M 10 1 31 250
27 53 25 39 3 26 0 T T 0 12.6 26 210 M M 5 41 190
28 60 41 51 15 14 0 T 0.0 0 10.3 22 190 M M 7 33 190
29 51 40 46 10 19 0 0.11 0.0 0 8.1 22 200 M M 10 1 32 200
30 40 30 35 -1 30 0 0.13 T 0 9.5 15 350 M M 10 1468 21 360
31 30 25 28 -8 37 0 0.09 0.2 T 9.0 15 340 M M 10 146 23 20
================================================================================
SM 1576 1116 660 0 5.36 1.2 271.8 M 248
================================================================================
AV 50.8 36.0 8.8 FASTST M M 8 MAX(MPH)
MISC ----> 38 250 58 230
================================================================================
NOTES:
# LAST OF SEVERAL OCCURRENCES
COLUMN 17 PEAK WIND IN M.P.H.
PRELIMINARY LOCAL CLIMATOLOGICAL DATA (WS FORM: F-6) , PAGE 2
STATION: LOUISVILLE KY
MONTH: JANUARY
YEAR: 2023
LATITUDE: 38 10 N
LONGITUDE: 85 44 W
[TEMPERATURE DATA] [PRECIPITATION DATA] SYMBOLS USED IN COLUMN 16
AVERAGE MONTHLY: 43.4 TOTAL FOR MONTH: 5.36 1 = FOG OR MIST
DPTR FM NORMAL: 7.7 DPTR FM NORMAL: 1.97 2 = FOG REDUCING VISIBILITY
HIGHEST: 65 ON 17, 2 GRTST 24HR 2.59 ON 2- 3 TO 1/4 MILE OR LESS
LOWEST: 25 ON 31,27 3 = THUNDER
SNOW, ICE PELLETS, HAIL 4 = ICE PELLETS
TOTAL MONTH: 1.2 INCHES 5 = HAIL
GRTST 24HR 1.0 ON 22-22 6 = FREEZING RAIN OR DRIZZLE
GRTST DEPTH: T 7 = DUSTSTORM OR SANDSTORM:
VSBY 1/2 MILE OR LESS
8 = SMOKE OR HAZE
[NO. OF DAYS WITH] [WEATHER - DAYS WITH] 9 = BLOWING SNOW
X = TORNADO
MAX 32 OR BELOW: 1 0.01 INCH OR MORE: 17
MAX 90 OR ABOVE: 0 0.10 INCH OR MORE: 10
MIN 32 OR BELOW: 9 0.50 INCH OR MORE: 2
MIN 0 OR BELOW: 0 1.00 INCH OR MORE: 1
[HDD (BASE 65) ]
TOTAL THIS MO. 660 CLEAR (SCALE 0-3) 0
DPTR FM NORMAL -248 PTCLDY (SCALE 4-7) 16
TOTAL FM JUL 1 2156 CLOUDY (SCALE 8-10) 15
DPTR FM NORMAL -261
[CDD (BASE 65) ]
TOTAL THIS MO. 0
DPTR FM NORMAL 0 [PRESSURE DATA]
TOTAL FM JAN 1 0 HIGHEST SLP 30.39 ON 31
DPTR FM NORMAL 0 LOWEST SLP 29.50 ON 25
[REMARKS]
#FINAL-01-23#