000
CXUS56 KSGX 011245
CF6SDM
PRELIMINARY LOCAL CLIMATOLOGICAL DATA (WS FORM: F-6)
STATION: SAN DIEGO/BROWN
MONTH: AUGUST
YEAR: 2020
LATITUDE: 32 34 N
LONGITUDE: 116 59 W
TEMPERATURE IN F: :PCPN: SNOW: WIND :SUNSHINE: SKY :PK WND
================================================================================
1 2 3 4 5 6A 6B 7 8 9 10 11 12 13 14 15 16 17 18
12Z AVG MX 2MIN
DY MAX MIN AVG DEP HDD CDD WTR SNW DPTH SPD SPD DIR MIN PSBL S-S WX SPD DR
================================================================================
1 82 63 73 3 0 8 0.00 0.0 0 3.5 10 290 M M 0 14 290
2 81 60 71 1 0 6 0.00 0.0 0 3.6 13 250 M M 4 12 18 270
3 78 61 70 0 0 5 0.00 0.0 0 3.9 12 270 M M 3 128 17 280
4 78 63 71 1 0 6 0.00 0.0 0 4.0 12 300 M M 5 18 16 300
5 76 62 69 -1 0 4 0.00 0.0 0 5.5 13 260 M M 4 8 18 270
6 75 59 67 -3 0 2 0.00 0.0 0 4.7 14 270 M M 4 19 250
7 78 60 69 -2 0 4 0.00 0.0 0 4.1 13 280 M M 3 18 290
8 79 60 70 -1 0 5 0.00 0.0 0 4.6 13 270 M M 3 128 19 280
9 78 62 70 -1 0 5 0.00 0.0 0 4.4 13 270 M M 4 18 17 300
10 78 62 70 -1 0 5 0.00 0.0 0 4.5 13 280 M M 4 1 19 290
11 78 60 69 -2 0 4 0.00 0.0 0 4.6 13 260 M M 2 18 16 270
12 81 60 71 0 0 6 0.00 0.0 0 3.0 12 270 M M 1 18 16 280
13 89 67 78 7 0 13 0.00 0.0 0 3.5 13 280 M M 0 8 17 280
14 91 65 78 7 0 13 0.00 0.0 0 4.5 14 280 M M 0 8 18 270
15 90 70 80 9 0 15 0.00 0.0 0 3.5 15 260 M M 0 8 18 250
16 93 69 81 10 0 16 0.00 0.0 0 3.7 14 210 M M 0 18 220
17 88 66 77 6 0 12 0.00 0.0 0 4.1 12 280 M M 1 18 15 280
18 91 68 80 9 0 15 0.00 0.0 0 3.7 13 240 M M 0 18 16 260
19 86 69 78 7 0 13 0.00 0.0 0 4.1 12 270 M M 0 18 16 270
20 89 68 79 8 0 14 0.00 0.0 0 3.4 13 190 M M 2 128 16 200
21 95 68 82 11 0 17 0.00 0.0 0 4.2 13 220 M M 0 18 19 240
22 92 72 82 11 0 17 0.00 0.0 0 5.2 16 260 M M 0 20 260
23 88 70 79 8 0 14 0.00 0.0 0 4.7 13 280 M M 1 19 280
24 85 70 78 7 0 13 0.00 0.0 0 4.7 16 280 M M 5 21 270
25 84 69 77 6 0 12 0.00 0.0 0 4.7 15 270 M M 3 18 19 270
26 85 66 76 5 0 11 0.00 0.0 0 4.2 14 280 M M 4 12 18 280
27 86 64 75 4 0 10 0.00 0.0 0 4.1 13 280 M M 2 12 16 280
28 81 65 73 2 0 8 0.00 0.0 0 4.2 13 270 M M 3 18 17 280
29 79 63 71 0 0 6 0.00 0.0 0 4.1 13 270 M M 4 18 18 280
30 78 62 70 -1 0 5 0.00 0.0 0 3.8 13 270 M M 4 19 300
31 78 63 71 0 0 6 0.00 0.0 0 4.2 12 260 M M 5 18 280
================================================================================
SM 2590 2006 0 290 0.00 0.0 129.0 M 71
================================================================================
AV 83.6 64.7 4.2 FASTST M M 2 MAX(MPH)
MISC ----> # 16 260 # 21 270
================================================================================
NOTES:
# LAST OF SEVERAL OCCURRENCES
COLUMN 17 PEAK WIND IN M.P.H.
PRELIMINARY LOCAL CLIMATOLOGICAL DATA (WS FORM: F-6) , PAGE 2
STATION: SAN DIEGO/BROWN
MONTH: AUGUST
YEAR: 2020
LATITUDE: 32 34 N
LONGITUDE: 116 59 W
[TEMPERATURE DATA] [PRECIPITATION DATA] SYMBOLS USED IN COLUMN 16
AVERAGE MONTHLY: 74.1 TOTAL FOR MONTH: 0.00 1 = FOG OR MIST
DPTR FM NORMAL: 3.2 DPTR FM NORMAL: -0.10 2 = FOG REDUCING VISIBILITY
HIGHEST: 95 ON 21 GRTST 24HR 0.00 ON 31-31 TO 1/4 MILE OR LESS
LOWEST: 59 ON 6 3 = THUNDER
SNOW, ICE PELLETS, HAIL 4 = ICE PELLETS
TOTAL MONTH: 0.0 INCH 5 = HAIL
GRTST 24HR 0.0 6 = FREEZING RAIN OR DRIZZLE
GRTST DEPTH: 0 7 = DUSTSTORM OR SANDSTORM:
VSBY 1/2 MILE OR LESS
8 = SMOKE OR HAZE
[NO. OF DAYS WITH] [WEATHER - DAYS WITH] 9 = BLOWING SNOW
X = TORNADO
MAX 32 OR BELOW: 0 0.01 INCH OR MORE: 0
MAX 90 OR ABOVE: 6 0.10 INCH OR MORE: 0
MIN 32 OR BELOW: 0 0.50 INCH OR MORE: 0
MIN 0 OR BELOW: 0 1.00 INCH OR MORE: 0
[HDD (BASE 65) ]
TOTAL THIS MO. 0 CLEAR (SCALE 0-3) 19
DPTR FM NORMAL -1 PTCLDY (SCALE 4-7) 12
TOTAL FM JUL 1 0 CLOUDY (SCALE 8-10) 0
DPTR FM NORMAL -4
[CDD (BASE 65) ]
TOTAL THIS MO. 290
DPTR FM NORMAL 106 [PRESSURE DATA]
TOTAL FM JAN 1 665 HIGHEST SLP M ON M
DPTR FM NORMAL 268 LOWEST SLP 29.65 ON M
[REMARKS]
#FINAL-08-20#