000
CXUS52 KMLB 010634
CF6SFB
PRELIMINARY LOCAL CLIMATOLOGICAL DATA (WS FORM: F-6)
STATION: SANFORD
MONTH: MAY
YEAR: 2023
LATITUDE: 28 46 N
LONGITUDE: 81 15 W
TEMPERATURE IN F: :PCPN: SNOW: WIND :SUNSHINE: SKY :PK WND
================================================================================
1 2 3 4 5 6A 6B 7 8 9 10 11 12 13 14 15 16 17 18
12Z AVG MX 2MIN
DY MAX MIN AVG DEP HDD CDD WTR SNW DPTH SPD SPD DIR MIN PSBL S-S WX SPD DR
================================================================================
1 85 61 73 -2 0 8 0.00 0.0 0 11.8 25 280 M M 0 37 260
2 87 66 77 2 0 12 0.00 0.0 0 13.4 25 290 M M 1 36 270
3 84 65 75 -1 0 10 0.00 0.0 0 12.2 24 300 M M 0 32 290
4 86 59 73 -3 0 8 0.00 0.0 0 3.8 16 100 M M 0 22 110
5 84 63 74 -2 0 9 0.00 0.0 0 7.1 16 100 M M 1 22 130
6 81 67 74 -2 0 9 T 0.0 0 7.8 22 90 M M 7 29 60
7 83 63 73 -3 0 8 0.00 0.0 0 9.7 20 130 M M 2 29 130
8 85 61 73 -3 0 8 0.00 0.0 0 5.9 13 140 M M 0 18 80
9 89 66 78 1 0 13 0.00 0.0 0 5.8 13 290 M M 0 17 20
10 92 68 80 3 0 15 T 0.0 0 4.0 16 90 M M 2 3 22 90
11 91 71 81 4 0 16 0.00 0.0 0 5.8 16 110 M M 4 123 22 90
12 90 70 80 3 0 15 0.00 0.0 0 7.0 21 120 M M 1 27 110
13 88 69 79 2 0 14 T 0.0 0 6.6 20 300 M M 3 3 25 140
14 88 67 78 1 0 13 0.00 0.0 0 5.8 18 130 M M 1 24 140
15 89 65 77 -1 0 12 0.00 0.0 0 6.1 17 90 M M 0 28 130
16 90 68 79 1 0 14 0.00 0.0 0 4.9 15 100 M M 1 18 110
17 92 72 82 4 0 17 T 0.0 0 8.2 31 290 M M 2 3 44 290
18 93 71 82 4 0 17 0.77 0.0 0 5.6 25 130 M M 2 138 35 130
19 90 69 80 2 0 15 0.00 0.0 0 6.8 21 60 M M 3 3 27 60
20 88 73 81 3 0 16 0.09 0.0 0 7.4 20 80 M M 5 13 29 70
21 92 72 82 3 0 17 T 0.0 0 4.7 18 100 M M 3 24 120
22 89 71 80 1 0 15 0.87 0.0 0 5.6 23 60 M M 5 13 27 70
23 85 70 78 -1 0 13 0.20 0.0 0 6.2 21 30 M M 5 13 25 60
24 82 68 75 -4 0 10 1.05 0.0 0 7.4 24 50 M M 3 13 33 50
25 83 69 76 -3 0 11 0.28 0.0 0 8.3 20 40 M M 5 1 27 50
26 82 68 75 -5 0 10 1.14 0.0 0 11.9 25 360 M M 5 123 32 20
27 82 63 73 -7 0 8 0.00 0.0 0 8.4 17 10 M M 3 23 350
28 86 62 74 -6 0 9 0.00 0.0 0 6.7 15 280 M M 1 21 270
29 85 68 77 -3 0 12 0.00 0.0 0 5.7 15 100 M M 0 19 110
30 88 67 78 -2 0 13 0.00 0.0 0 5.8 17 130 M M 0 22 120
31 86 71 79 -1 0 14 T 0.0 0 9.1 22 100 M M 3 28 90
================================================================================
SM 2695 2083 0 381 4.40 0.0 225.5 M 68
================================================================================
AV 86.9 67.2 7.3 FASTST M M 2 MAX(MPH)
MISC ----> 31 290 44 290
================================================================================
NOTES:
# LAST OF SEVERAL OCCURRENCES
COLUMN 17 PEAK WIND IN M.P.H.
PRELIMINARY LOCAL CLIMATOLOGICAL DATA (WS FORM: F-6) , PAGE 2
STATION: SANFORD
MONTH: MAY
YEAR: 2023
LATITUDE: 28 46 N
LONGITUDE: 81 15 W
[TEMPERATURE DATA] [PRECIPITATION DATA] SYMBOLS USED IN COLUMN 16
AVERAGE MONTHLY: 77.1 TOTAL FOR MONTH: 4.40 1 = FOG OR MIST
DPTR FM NORMAL: -0.6 DPTR FM NORMAL: 1.09 2 = FOG REDUCING VISIBILITY
HIGHEST: 93 ON 18 GRTST 24HR 1.32 ON 24-25 TO 1/4 MILE OR LESS
LOWEST: 59 ON 4 3 = THUNDER
SNOW, ICE PELLETS, HAIL 4 = ICE PELLETS
TOTAL MONTH: 0.0 INCH 5 = HAIL
GRTST 24HR 0.0 6 = FREEZING RAIN OR DRIZZLE
GRTST DEPTH: 0 7 = DUSTSTORM OR SANDSTORM:
VSBY 1/2 MILE OR LESS
8 = SMOKE OR HAZE
[NO. OF DAYS WITH] [WEATHER - DAYS WITH] 9 = BLOWING SNOW
X = TORNADO
MAX 32 OR BELOW: 0 0.01 INCH OR MORE: 7
MAX 90 OR ABOVE: 8 0.10 INCH OR MORE: 6
MIN 32 OR BELOW: 0 0.50 INCH OR MORE: 4
MIN 0 OR BELOW: 0 1.00 INCH OR MORE: 2
[HDD (BASE 65) ]
TOTAL THIS MO. 0 CLEAR (SCALE 0-3) 24
DPTR FM NORMAL 0 PTCLDY (SCALE 4-7) 7
TOTAL FM JUL 1 344 CLOUDY (SCALE 8-10) 0
DPTR FM NORMAL -213
[CDD (BASE 65) ]
TOTAL THIS MO. 381
DPTR FM NORMAL -15 [PRESSURE DATA]
TOTAL FM JAN 1 1153 HIGHEST SLP M ON M
DPTR FM NORMAL 295 LOWEST SLP 29.76 ON 25
[REMARKS]
#FINAL-05-23#