000
CXUS52 KMLB 010726
CF6SFB
PRELIMINARY LOCAL CLIMATOLOGICAL DATA (WS FORM: F-6)
STATION: SANFORD
MONTH: DECEMBER
YEAR: 2023
LATITUDE: 28 46 N
LONGITUDE: 81 15 W
TEMPERATURE IN F: :PCPN: SNOW: WIND :SUNSHINE: SKY :PK WND
================================================================================
1 2 3 4 5 6A 6B 7 8 9 10 11 12 13 14 15 16 17 18
12Z AVG MX 2MIN
DY MAX MIN AVG DEP HDD CDD WTR SNW DPTH SPD SPD DIR MIN PSBL S-S WX SPD DR
================================================================================
1 84 62 73 8 0 8 0.00 0.0 0 4.1 13 160 M M 3 17 160
2 85 70 78 13 0 13 0.00 0.0 0 3.7 12 160 M M 3 1 16 160
3 86 69 78 13 0 13 T 0.0 0 6.3 24 310 M M 4 31 310
4 82 62 72 7 0 7 0.00 0.0 0 7.1 17 310 M M 2 23 290
5 72 56 64 -1 1 0 0.00 0.0 0 6.3 15 300 M M 0 21 300
6 64 50 57 -8 8 0 0.00 0.0 0 10.5 22 340 M M 0 28 350
7 70 45 58 -6 7 0 0.00 0.0 0 6.3 14 350 M M 0 21 360
8 76 54 65 1 0 0 T 0.0 0 4.2 14 110 M M 3 17 110
9 83 61 72 8 0 7 0.00 0.0 0 4.8 14 180 M M 2 18 170
10 83 64 74 10 0 9 0.40 0.0 0 8.1 26 270 M M 3 13 37 270
11 67 49 58 -6 7 0 T 0.0 0 10.0 26 270 M M 4 32 270
12 73 49 61 -3 4 0 0.00 0.0 0 11.3 20 50 M M 2 27 60
13 78 60 69 5 0 4 0.00 0.0 0 11.1 23 70 M M 3 31 60
14 75 63 69 6 0 4 T 0.0 0 14.2 29 70 M M 4 41 60
15 75 63 69 6 0 4 T 0.0 0 13.0 26 80 M M 5 1 37 80
16 72 65 69 6 0 4 2.23 0.0 0 11.7 28 120 M M 7 1 41 110
17 74 60 67 4 0 2 0.55 0.0 0 18.7 28 310 M M 10 1 42 180
18 69 51 60 -3 5 0 0.00 0.0 0 12.6 21 290 M M 3 30 300
19 61 45 53 -9 12 0 0.00 0.0 0 10.7 17 40 M M 0 24 40
20 68 46 57 -5 8 0 0.00 0.0 0 9.5 16 20 M M 7 24 30
21 72 56 64 2 1 0 0.00 0.0 0 8.8 15 50 M M 5 23 40
22 72 58 65 3 0 0 T 0.0 0 6.6 15 40 M M 8 19 30
23 75 57 66 4 0 1 0.00 0.0 0 8.5 18 80 M M 3 23 80
24 73 59 66 4 0 1 T 0.0 0 7.2 20 120 M M 4 26 110
25 70 62 66 4 0 1 0.05 0.0 0 6.6 16 150 M M 5 1 22 160
26 75 61 68 6 0 3 T 0.0 0 5.2 12 280 M M 6 1 17 280
27 73 56 65 4 0 0 0.07 0.0 0 7.6 14 280 M M 6 1 21 280
28 62 55 59 -2 6 0 0.39 0.0 0 4.2 17 310 M M 8 1 22 310
29 60 46 53 -8 12 0 0.00 0.0 0 10.0 21 300 M M 0 1 27 300
30 60 43 52 -9 13 0 0.00 0.0 0 6.1 14 250 M M 1 20 260
31 66 43 55 -6 10 0 0.00 0.0 0 4.9 15 270 M M 0 18 22 290
================================================================================
SM 2255 1740 94 81 3.69 0.0 259.9 M 111
================================================================================
AV 72.7 56.1 8.4 FASTST M M 4 MAX(MPH)
MISC ----> 29 70 42 180
================================================================================
NOTES:
# LAST OF SEVERAL OCCURRENCES
COLUMN 17 PEAK WIND IN M.P.H.
PRELIMINARY LOCAL CLIMATOLOGICAL DATA (WS FORM: F-6) , PAGE 2
STATION: SANFORD
MONTH: DECEMBER
YEAR: 2023
LATITUDE: 28 46 N
LONGITUDE: 81 15 W
[TEMPERATURE DATA] [PRECIPITATION DATA] SYMBOLS USED IN COLUMN 16
AVERAGE MONTHLY: 64.4 TOTAL FOR MONTH: 3.69 1 = FOG OR MIST
DPTR FM NORMAL: 1.3 DPTR FM NORMAL: 1.45 2 = FOG REDUCING VISIBILITY
HIGHEST: 86 ON 3 GRTST 24HR 2.78 ON 16-17 TO 1/4 MILE OR LESS
LOWEST: 43 ON 31,30 3 = THUNDER
SNOW, ICE PELLETS, HAIL 4 = ICE PELLETS
TOTAL MONTH: 0.0 INCH 5 = HAIL
GRTST 24HR 0.0 6 = FREEZING RAIN OR DRIZZLE
GRTST DEPTH: 0 7 = DUSTSTORM OR SANDSTORM:
VSBY 1/2 MILE OR LESS
8 = SMOKE OR HAZE
[NO. OF DAYS WITH] [WEATHER - DAYS WITH] 9 = BLOWING SNOW
X = TORNADO
MAX 32 OR BELOW: 0 0.01 INCH OR MORE: 6
MAX 90 OR ABOVE: 0 0.10 INCH OR MORE: 4
MIN 32 OR BELOW: 0 0.50 INCH OR MORE: 2
MIN 0 OR BELOW: 0 1.00 INCH OR MORE: 1
[HDD (BASE 65) ]
TOTAL THIS MO. 94 CLEAR (SCALE 0-3) 15
DPTR FM NORMAL -42 PTCLDY (SCALE 4-7) 15
TOTAL FM JUL 1 134 CLOUDY (SCALE 8-10) 1
DPTR FM NORMAL -53
[CDD (BASE 65) ]
TOTAL THIS MO. 81
DPTR FM NORMAL 5 [PRESSURE DATA]
TOTAL FM JAN 1 3977 HIGHEST SLP 30.39 ON 21
DPTR FM NORMAL 421 LOWEST SLP 29.43 ON 17
[REMARKS]
#FINAL-12-23#