000
CXUS56 KMTR 142207
CF6SFD
PRELIMINARY LOCAL CLIMATOLOGICAL DATA (WS FORM: F-6)
STATION: SAN FRANCISCO DWTN CA
MONTH: JULY
YEAR: 2020
LATITUDE: 37 46 N
LONGITUDE: 122 26 W
TEMPERATURE IN F: :PCPN: SNOW: WIND :SUNSHINE: SKY :PK WND
================================================================================
1 2 3 4 5 6A 6B 7 8 9 10 11 12 13 14 15 16 17 18
12Z AVG MX 2MIN
DY MAX MIN AVG DEP HDD CDD WTR SNW DPTH SPD SPD DIR MIN PSBL S-S WX SPD DR
================================================================================
1 67 54 61 1 4 0 0.00 M 0 M M M M M M M M
2 67 54 61 1 4 0 0.00 M 0 M M M M M M M M
3 62 54 58 -2 7 0 0.00 M 0 M M M M M M M M
4 71 54 63 3 2 0 0.00 M 0 M M M M M M M M
5 70 56 63 3 2 0 0.00 M 0 M M M M M M M M
6 66 54 60 0 5 0 0.00 M 0 M M M M M M M M
7 67 52 60 0 5 0 0.00 M 0 M M M M M M M M
8 69 54 62 2 3 0 0.00 M 0 M M M M M M M M
9 72 54 63 3 2 0 0.00 M 0 M M M M M M M M
10 68 52 60 0 5 0 0.00 M 0 M M M M M M M M
11 71 54 63 3 2 0 0.00 M 0 M M M M M M M M
12 71 54 63 3 2 0 0.00 M 0 M M M M M M M M
13 61 54 58 -2 7 0 0.00 M 0 M M M M M M M M
14 67 55 61 1 4 0 0.00 M 0 M M M M M M M M
15 66 56 61 1 4 0 0.00 M 0 M M M M M M M M
16 64 56 60 0 5 0 0.00 M 0 M M M M M M M M
17 66 57 62 2 3 0 0.00 M 0 M M M M M M M M
18 67 57 62 2 3 0 0.00 M 0 M M M M M M M M
19 65 57 61 1 4 0 0.00 M 0 M M M M M M M M
20 61 56 59 -1 6 0 0.00 M 0 M M M M M M M M
21 64 55 60 0 5 0 0.00 M 0 M M M M M M M M
22 69 56 63 3 2 0 0.03 M 0 M M M M M M M M
23 66 55 61 1 4 0 0.00 M 0 M M M M M M M M
24 61 55 58 -2 7 0 0.00 M 0 M M M M M M M M
25 68 56 62 2 3 0 0.00 M 0 M M M M M M M M
26 65 57 61 1 4 0 0.00 M 0 M M M M M M M M
27 64 54 59 -2 6 0 0.00 M 0 M M M M M M M M
28 62 55 59 -2 6 0 0.00 M 0 M M M M M M M M
29 62 54 58 -3 7 0 0.00 M 0 M M M M M M M M
30 63 55 59 -2 6 0 0.00 M 0 M M M M M M M M
31 64 55 60 -1 5 0 0.00 M 0 M M M M M M M M
================================================================================
SM 2046 1701 134 0 0.03 M M M M
================================================================================
AV 66.0 54.9 M FASTST M M M MAX(MPH)
MISC ----> M M M M
================================================================================
NOTES:
# LAST OF SEVERAL OCCURRENCES
COLUMN 17 PEAK WIND IN M.P.H.
PRELIMINARY LOCAL CLIMATOLOGICAL DATA (WS FORM: F-6) , PAGE 2
STATION: SAN FRANCISCO DWTN CA
MONTH: JULY
YEAR: 2020
LATITUDE: 37 46 N
LONGITUDE: 122 26 W
[TEMPERATURE DATA] [PRECIPITATION DATA] SYMBOLS USED IN COLUMN 16
AVERAGE MONTHLY: 60.4 TOTAL FOR MONTH: 0.03 1 = FOG OR MIST
DPTR FM NORMAL: 0.1 DPTR FM NORMAL: 0.03 2 = FOG REDUCING VISIBILITY
HIGHEST: 72 ON 9 GRTST 24HR 0.03 ON 22-22 TO 1/4 MILE OR LESS
LOWEST: 52 ON 10, 7 3 = THUNDER
SNOW, ICE PELLETS, HAIL 4 = ICE PELLETS
TOTAL MONTH: M 5 = HAIL
GRTST 24HR M ON M 6 = FREEZING RAIN OR DRIZZLE
GRTST DEPTH: 0 7 = DUSTSTORM OR SANDSTORM:
VSBY 1/2 MILE OR LESS
8 = SMOKE OR HAZE
[NO. OF DAYS WITH] [WEATHER - DAYS WITH] 9 = BLOWING SNOW
X = TORNADO
MAX 32 OR BELOW: 0 0.01 INCH OR MORE: 1
MAX 90 OR ABOVE: 0 0.10 INCH OR MORE: 0
MIN 32 OR BELOW: 0 0.50 INCH OR MORE: 0
MIN 0 OR BELOW: 0 1.00 INCH OR MORE: 0
[HDD (BASE 65) ]
TOTAL THIS MO. 134 CLEAR (SCALE 0-3) 0
DPTR FM NORMAL -21 PTCLDY (SCALE 4-7) 0
TOTAL FM JUL 1 134 CLOUDY (SCALE 8-10) 31
DPTR FM NORMAL -10
[CDD (BASE 65) ]
TOTAL THIS MO. 0
DPTR FM NORMAL -10 [PRESSURE DATA]
TOTAL FM JAN 1 20 HIGHEST SLP M ON M
DPTR FM NORMAL -19 LOWEST SLP 9999.00 ON 1
[REMARKS]
#FINAL-07-20#