000
CXUS53 KSGF 021824
CF6SGF
PRELIMINARY LOCAL CLIMATOLOGICAL DATA (WS FORM: F-6)
STATION: SPRINGFIELD MO
MONTH: JUNE
YEAR: 2022
LATITUDE: 37 13 N
LONGITUDE: 93 23 W
TEMPERATURE IN F: :PCPN: SNOW: WIND :SUNSHINE: SKY :PK WND
================================================================================
1 2 3 4 5 6A 6B 7 8 9 10 11 12 13 14 15 16 17 18
12Z AVG MX 2MIN
DY MAX MIN AVG DEP HDD CDD WTR SNW DPTH SPD SPD DIR MIN PSBL S-S WX SPD DR
================================================================================
1 79 62 71 0 0 6 0.97 0.0 0 8.2 23 320 M M 6 13 33 320
2 75 55 65 -6 0 0 T 0.0 0 7.4 16 360 M M 3 19 360
3 78 52 65 -7 0 0 0.00 0.0 0 4.0 13 40 M M 0 18 30
4 80 54 67 -5 0 2 T 0.0 0 7.5 20 160 M M 1 27 180
5 78 60 69 -3 0 4 0.18 0.0 0 7.8 21 200 M M 3 30 200
6 82 65 74 2 0 9 0.69 0.0 0 7.5 30 140 M M 6 13 40 140
7 86 66 76 3 0 11 0.00 0.0 0 4.8 13 140 M M 2 1 16 140
8 77 62 70 -3 0 5 T 0.0 0 5.7 33 340 M M 3 44 340
9 82 56 69 -4 0 4 0.01 0.0 0 3.0 9 80 M M 1 12 14 90
10 82 64 73 -1 0 8 0.03 0.0 0 7.6 20 150 M M 4 27 150
11 88 68 78 4 0 13 T 0.0 0 8.4 28 190 M M 1 36 180
12 94 75 85 11 0 20 0.00 0.0 0 10.4 30 190 M M 0 39 160
13 95 76 86 12 0 21 0.00 0.0 0 14.4 22 200 M M 0 31 210
14 92 75 84 9 0 19 0.00 0.0 0 15.1 25 200 M M 0 32 200
15 91 74 83 8 0 18 0.00 0.0 0 15.1 25 190 M M 0 34 200
16 92 75 84 9 0 19 0.00 0.0 0 9.1 18 230 M M 1 26 210
17 93 73 83 7 0 18 0.00 0.0 0 5.1 13 270 M M 0 17 200
18 94 73 84 8 0 19 0.00 0.0 0 6.2 15 80 M M 1 3 20 50
19 88 68 78 2 0 13 0.00 0.0 0 10.4 18 150 M M 1 25 150
20 91 62 77 1 0 12 0.00 0.0 0 9.2 17 190 M M 0 24 180
21 94 67 81 5 0 16 0.00 0.0 0 7.4 13 250 M M 0 19 250
22 90 70 80 3 0 15 0.00 0.0 0 6.0 18 330 M M 0 1 23 320
23 91 70 81 4 0 16 0.02 0.0 0 6.0 17 250 M M 1 13 22 250
24 95 69 82 5 0 17 0.00 0.0 0 10.6 17 170 M M 0 23 170
25 97 75 86 9 0 21 0.00 0.0 0 11.3 22 240 M M 0 29 250
26 82 66 74 -3 0 9 0.05 0.0 0 10.7 25 340 M M 4 13 33 350
27 83 57 70 -8 0 5 0.00 0.0 0 6.5 18 50 M M 0 25 50
28 85 61 73 -5 0 8 0.00 0.0 0 4.6 13 140 M M 0 17 140
29 91 60 76 -2 0 11 0.00 0.0 0 5.2 12 210 M M 0 17 150
30 91 61 76 -2 0 11 0.00 0.0 0 9.2 16 190 M M 0 25 170
================================================================================
SM 2616 1971 0 350 1.95 0.0 244.4 M 38
================================================================================
AV 87.2 65.7 8.1 FASTST M M 1 MAX(MPH)
MISC ----> 33 340 44 340
================================================================================
NOTES:
# LAST OF SEVERAL OCCURRENCES
COLUMN 17 PEAK WIND IN M.P.H.
PRELIMINARY LOCAL CLIMATOLOGICAL DATA (WS FORM: F-6) , PAGE 2
STATION: SPRINGFIELD MO
MONTH: JUNE
YEAR: 2022
LATITUDE: 37 13 N
LONGITUDE: 93 23 W
[TEMPERATURE DATA] [PRECIPITATION DATA] SYMBOLS USED IN COLUMN 16
AVERAGE MONTHLY: 76.5 TOTAL FOR MONTH: 1.95 1 = FOG OR MIST
DPTR FM NORMAL: 1.5 DPTR FM NORMAL: -2.52 2 = FOG REDUCING VISIBILITY
HIGHEST: 97 ON 25 GRTST 24HR 0.97 ON 1- 1 TO 1/4 MILE OR LESS
LOWEST: 52 ON 3 3 = THUNDER
SNOW, ICE PELLETS, HAIL 4 = ICE PELLETS
TOTAL MONTH: 0.0 INCH 5 = HAIL
GRTST 24HR 0.0 6 = FREEZING RAIN OR DRIZZLE
GRTST DEPTH: 0 7 = DUSTSTORM OR SANDSTORM:
VSBY 1/2 MILE OR LESS
8 = SMOKE OR HAZE
[NO. OF DAYS WITH] [WEATHER - DAYS WITH] 9 = BLOWING SNOW
X = TORNADO
MAX 32 OR BELOW: 0 0.01 INCH OR MORE: 7
MAX 90 OR ABOVE: 15 0.10 INCH OR MORE: 3
MIN 32 OR BELOW: 0 0.50 INCH OR MORE: 2
MIN 0 OR BELOW: 0 1.00 INCH OR MORE: 0
[HDD (BASE 65) ]
TOTAL THIS MO. 0 CLEAR (SCALE 0-3) 26
DPTR FM NORMAL -6 PTCLDY (SCALE 4-7) 4
TOTAL FM JUL 1 4023 CLOUDY (SCALE 8-10) 0
DPTR FM NORMAL -251
[CDD (BASE 65) ]
TOTAL THIS MO. 350
DPTR FM NORMAL 48 [PRESSURE DATA]
TOTAL FM JAN 1 525 HIGHEST SLP 30.30 ON 27
DPTR FM NORMAL 74 LOWEST SLP 29.61 ON 12
[REMARKS]
#FINAL-06-22#