000
CXUS54 KHGX 011410
CF6SGR
PRELIMINARY LOCAL CLIMATOLOGICAL DATA (WS FORM: F-6)
STATION: SUGAR LAND/HULL FLD
MONTH: OCTOBER
YEAR: 2021
LATITUDE: 29 37 N
LONGITUDE: 95 39 W
TEMPERATURE IN F: :PCPN: SNOW: WIND :SUNSHINE: SKY :PK WND
================================================================================
1 2 3 4 5 6A 6B 7 8 9 10 11 12 13 14 15 16 17 18
12Z AVG MX 2MIN
DY MAX MIN AVG DEP HDD CDD WTR SNW DPTH SPD SPD DIR MIN PSBL S-S WX SPD DR
================================================================================
1 82 75 79 2 0 14 1.24 0.0 0 5.5 17 200 M M 6 13 23 200
2 87 74 81 4 0 16 T 0.0 0 4.1 18 80 M M 4 22 90
3 92 72 82 5 0 17 T 0.0 0 3.9 17 350 M M 5 1 21 350
4 91 68 80 4 0 15 0.00 0.0 0 4.8 16 360 M M 0 1 22 350
5 90 65 78 2 0 13 0.00 0.0 0 3.9 13 340 M M 0 18 350
6 90 62 76 0 0 11 0.00 0.0 0 3.4 12 130 M M 0 14 130
7 91 64 78 2 0 13 0.00 0.0 0 1.9 12 160 M M 0 14 160
8 90 65 78 3 0 13 0.00 0.0 0 3.6 15 150 M M 0 18 18 150
9 90 66 78 3 0 13 0.00 0.0 0 6.0 15 160 M M 1 12 18 180
10 91 74 83 8 0 18 T 0.0 0 13.0 23 170 M M 6 29 160
11 88 72 80 6 0 15 0.56 0.0 0 4.2 23 320 M M 5 13 30 320
12 93 78 86 12 0 21 0.00 0.0 0 10.9 20 160 M M 4 25 150
13 92 77 85 11 0 20 0.00 0.0 0 12.0 23 180 M M 1 29 190
14 85 78 82 9 0 17 0.24 0.0 0 9.0 28 160 M M 5 13 32 170
15 93 71 82 9 0 17 T 0.0 0 8.3 21 360 M M 4 138 30 20
16 77 57 67 -6 0 2 0.00 0.0 0 13.4 26 10 M M 0 33 10
17 76 52 64 -8 1 0 0.00 0.0 0 4.1 14 90 M M 0 17 70
18 80 52 66 -6 0 1 0.00 0.0 0 4.6 10 100 M M 0 8 13 90
19 84 61 73 1 0 8 0.00 0.0 0 6.7 15 130 M M 2 19 120
20 88 69 79 8 0 14 0.00 0.0 0 4.7 12 90 M M 2 15 80
21 90 68 79 8 0 14 0.00 0.0 0 3.2 9 160 M M 4 12 12 60
22 88 67 78 7 0 13 0.00 0.0 0 3.8 14 150 M M 4 12 17 150
23 84 70 77 7 0 12 0.24 0.0 0 6.2 26 140 M M 3 123 31 150
24 91 70 81 11 0 16 0.00 0.0 0 5.6 15 130 M M 3 20 120
25 91 74 83 13 0 18 0.00 0.0 0 3.1 12 160 M M 5 12 14 150
26 86 74 80 11 0 15 T 0.0 0 9.5 21 150 M M 4 1 25 150
27 82 62 72 3 0 7 0.87 0.0 0 9.9 25 320 M M 3 13 36 300
28 80 57 69 0 0 4 0.00 0.0 0 14.1 31 320 M M 0 8 45 290
29 74 51 63 -5 2 0 0.00 0.0 0 12.7 26 330 M M 0 38 310
30 78 43 61 -7 4 0 0.00 0.0 0 3.1 13 290 M M 0 16 290
31 83 50 67 -1 0 2 0.00 0.0 0 3.2 10 110 M M 0 13 110
================================================================================
SM 2677 2038 7 359 3.15 0.0 202.4 M 71
================================================================================
AV 86.4 65.7 6.5 FASTST M M 2 MAX(MPH)
MISC ----> 31 320 45 290
================================================================================
NOTES:
# LAST OF SEVERAL OCCURRENCES
COLUMN 17 PEAK WIND IN M.P.H.
PRELIMINARY LOCAL CLIMATOLOGICAL DATA (WS FORM: F-6) , PAGE 2
STATION: SUGAR LAND/HULL FLD
MONTH: OCTOBER
YEAR: 2021
LATITUDE: 29 37 N
LONGITUDE: 95 39 W
[TEMPERATURE DATA] [PRECIPITATION DATA] SYMBOLS USED IN COLUMN 16
AVERAGE MONTHLY: 76.0 TOTAL FOR MONTH: 3.15 1 = FOG OR MIST
DPTR FM NORMAL: 3.3 DPTR FM NORMAL: -1.50 2 = FOG REDUCING VISIBILITY
HIGHEST: 93 ON 15,12 GRTST 24HR 1.24 ON 1- 1 TO 1/4 MILE OR LESS
LOWEST: 43 ON 30 3 = THUNDER
SNOW, ICE PELLETS, HAIL 4 = ICE PELLETS
TOTAL MONTH: 0.0 INCH 5 = HAIL
GRTST 24HR 0.0 6 = FREEZING RAIN OR DRIZZLE
GRTST DEPTH: 0 7 = DUSTSTORM OR SANDSTORM:
VSBY 1/2 MILE OR LESS
8 = SMOKE OR HAZE
[NO. OF DAYS WITH] [WEATHER - DAYS WITH] 9 = BLOWING SNOW
X = TORNADO
MAX 32 OR BELOW: 0 0.01 INCH OR MORE: 5
MAX 90 OR ABOVE: 14 0.10 INCH OR MORE: 5
MIN 32 OR BELOW: 0 0.50 INCH OR MORE: 3
MIN 0 OR BELOW: 0 1.00 INCH OR MORE: 1
[HDD (BASE 65) ]
TOTAL THIS MO. 7 CLEAR (SCALE 0-3) 18
DPTR FM NORMAL -13 PTCLDY (SCALE 4-7) 13
TOTAL FM JUL 1 7 CLOUDY (SCALE 8-10) 0
DPTR FM NORMAL -11
[CDD (BASE 65) ]
TOTAL THIS MO. 359
DPTR FM NORMAL 102 [PRESSURE DATA]
TOTAL FM JAN 1 3542 HIGHEST SLP 30.34 ON 17
DPTR FM NORMAL 277 LOWEST SLP 29.59 ON 27
[REMARKS]
#FINAL-10-21#