000
CXUS54 KHGX 011410
CF6SGR
PRELIMINARY LOCAL CLIMATOLOGICAL DATA (WS FORM: F-6)
STATION: SUGAR LAND/HULL FLD
MONTH: APRIL
YEAR: 2021
LATITUDE: 29 37 N
LONGITUDE: 95 39 W
TEMPERATURE IN F: :PCPN: SNOW: WIND :SUNSHINE: SKY :PK WND
================================================================================
1 2 3 4 5 6A 6B 7 8 9 10 11 12 13 14 15 16 17 18
12Z AVG MX 2MIN
DY MAX MIN AVG DEP HDD CDD WTR SNW DPTH SPD SPD DIR MIN PSBL S-S WX SPD DR
================================================================================
1 73 49 61 -4 4 0 0.00 0.0 0 10.2 23 50 M M 2 31 40
2 69 46 58 -7 7 0 0.00 0.0 0 9.8 18 150 M M 0 29 140
3 68 54 61 -5 4 0 T 0.0 0 7.6 17 140 M M 4 23 140
4 77 57 67 1 0 2 0.00 0.0 0 7.3 15 140 M M 4 18 90
5 81 61 71 5 0 6 T 0.0 0 10.5 22 150 M M 3 1 26 150
6 84 68 76 10 0 11 0.00 0.0 0 14.2 25 170 M M 9 33 190
7 84 66 75 9 0 10 0.02 0.0 0 10.9 22 180 M M 10 12 26 180
8 89 63 76 9 0 11 0.00 0.0 0 7.6 18 150 M M 5 128 22 140
9 86 73 80 13 0 15 0.00 0.0 0 13.3 25 170 M M 10 32 180
10 86 60 73 6 0 8 0.00 0.0 0 9.4 22 20 M M 4 18 28 330
11 88 53 71 3 0 6 0.00 0.0 0 6.0 18 160 M M 0 20 150
12 86 55 71 3 0 6 0.00 0.0 0 7.3 16 150 M M 5 128 21 150
13 89 73 81 13 0 16 0.06 0.0 0 8.3 22 120 M M 10 1 29 110
14 83 70 77 9 0 12 0.40 0.0 0 8.3 18 50 M M 10 13 23 60
15 74 66 70 1 0 5 T 0.0 0 11.4 20 100 M M 10 1 24 90
16 74 65 70 1 0 5 0.06 0.0 0 9.6 20 10 M M 10 1 25 360
17 70 56 63 -6 2 0 0.01 0.0 0 15.7 29 360 M M 9 1 37 360
18 70 52 61 -8 4 0 0.00 0.0 0 7.6 17 320 M M 0 24 330
19 76 49 63 -7 2 0 T 0.0 0 4.3 15 160 M M 4 17 160
20 84 53 69 -1 0 4 0.00 0.0 0 4.8 18 20 M M 2 24 30
21 73 49 61 -9 4 0 0.00 0.0 0 10.8 20 40 M M 1 25 20
22 76 50 63 -7 2 0 0.01 0.0 0 10.5 18 110 M M 6 1 24 120
23 78 68 73 2 0 8 0.08 0.0 0 12.5 26 160 M M 10 13 32 160
24 88 66 77 6 0 12 0.00 0.0 0 10.7 20 330 M M 3 1 26 320
25 85 63 74 3 0 9 0.00 0.0 0 9.8 17 150 M M 0 21 120
26 85 64 75 3 0 10 0.00 0.0 0 11.6 20 160 M M 2 25 150
27 81 74 78 6 0 13 T 0.0 0 11.3 24 120 M M 8 1 32 130
28 87 75 81 9 0 16 0.00 0.0 0 16.9 26 160 M M 9 33 170
29 86 74 80 8 0 15 0.04 0.0 0 9.2 16 130 M M 9 18 22 140
30 78 72 75 2 0 10 1.77 0.0 0 8.8 23 80 M M 9 13 30 70
================================================================================
SM 2408 1844 29 210 2.45 0.0 296.2 M 168
================================================================================
AV 80.3 61.5 9.9 FASTST M M 6 MAX(MPH)
MISC ----> 29 360 37 360
================================================================================
NOTES:
# LAST OF SEVERAL OCCURRENCES
COLUMN 17 PEAK WIND IN M.P.H.
PRELIMINARY LOCAL CLIMATOLOGICAL DATA (WS FORM: F-6) , PAGE 2
STATION: SUGAR LAND/HULL FLD
MONTH: APRIL
YEAR: 2021
LATITUDE: 29 37 N
LONGITUDE: 95 39 W
[TEMPERATURE DATA] [PRECIPITATION DATA] SYMBOLS USED IN COLUMN 16
AVERAGE MONTHLY: 70.9 TOTAL FOR MONTH: 2.45 1 = FOG OR MIST
DPTR FM NORMAL: 2.1 DPTR FM NORMAL: -0.87 2 = FOG REDUCING VISIBILITY
HIGHEST: 89 ON 13, 8 GRTST 24HR 1.81 ON 29-30 TO 1/4 MILE OR LESS
LOWEST: 46 ON 2 3 = THUNDER
SNOW, ICE PELLETS, HAIL 4 = ICE PELLETS
TOTAL MONTH: 0.0 INCH 5 = HAIL
GRTST 24HR 0.0 6 = FREEZING RAIN OR DRIZZLE
GRTST DEPTH: 0 7 = DUSTSTORM OR SANDSTORM:
VSBY 1/2 MILE OR LESS
8 = SMOKE OR HAZE
[NO. OF DAYS WITH] [WEATHER - DAYS WITH] 9 = BLOWING SNOW
X = TORNADO
MAX 32 OR BELOW: 0 0.01 INCH OR MORE: 9
MAX 90 OR ABOVE: 0 0.10 INCH OR MORE: 2
MIN 32 OR BELOW: 0 0.50 INCH OR MORE: 1
MIN 0 OR BELOW: 0 1.00 INCH OR MORE: 1
[HDD (BASE 65) ]
TOTAL THIS MO. 29 CLEAR (SCALE 0-3) 9
DPTR FM NORMAL -11 PTCLDY (SCALE 4-7) 9
TOTAL FM JUL 1 1139 CLOUDY (SCALE 8-10) 12
DPTR FM NORMAL -279
[CDD (BASE 65) ]
TOTAL THIS MO. 210
DPTR FM NORMAL 58 [PRESSURE DATA]
TOTAL FM JAN 1 398 HIGHEST SLP 30.52 ON 1
DPTR FM NORMAL 157 LOWEST SLP 29.61 ON 9
[REMARKS]
#FINAL-04-21#