000
CXUS54 KLZK 011230
CF6SGT
PRELIMINARY LOCAL CLIMATOLOGICAL DATA (WS FORM: F-6)
STATION: STUTTGART AIRPORT
MONTH: SEPTEMBER
YEAR: 2022
LATITUDE: 34 35 N
LONGITUDE: 91 34 W
TEMPERATURE IN F: :PCPN: SNOW: WIND :SUNSHINE: SKY :PK WND
================================================================================
1 2 3 4 5 6A 6B 7 8 9 10 11 12 13 14 15 16 17 18
12Z AVG MX 2MIN
DY MAX MIN AVG DEP HDD CDD WTR SNW DPTH SPD SPD DIR MIN PSBL S-S WX SPD DR
================================================================================
1 90 68 79 0 0 14 0.00 M M 5.2 8 80 M M 2 8 M M
2 83 71 77 -1 0 12 0.00 M M 4.0 13 290 M M 3 8 M M
3 90 70 80 2 0 15 0.00 M M 5.1 10 320 M M 5 M M
4 87 70 79 1 0 14 0.00 M M 5.9 12 330 M M 3 1 M M
5 92 68 80 3 0 15 T M M 3.2 12 310 M M 2 1 M M
6 91 67 79 2 0 14 1.60 M M 3.9 23 200 M M 3 13 43 150
7 88 68 78 1 0 13 0.00 M M 7.6 15 30 M M 2 1 M M
8 87 66 77 0 0 12 0.00 M M 7.3 13 30 M M 1 M M
9 86 62 74 -2 0 9 T M M 7.2 17 50 M M 3 22 50
10 82 70 76 0 0 11 0.04 M M 7.4 15 40 M M 6 1 M M
11 84 62 73 -3 0 8 0.05 M M 6.5 17 360 M M 5 12 24 330
12 80 56 68 -7 0 3 0.00 M M 5.2 12 350 M M 0 M M
13 87 57 72 -3 0 7 0.00 M M 4.1 10 290 M M 0 M M
14 88 59 74 0 0 9 0.00 M M 3.6 8 70 M M 0 M M
15 88 60 74 0 0 9 0.00 M M 4.8 7 100 M M 1 M M
16 89 65 77 3 0 12 0.00 M M 4.5 8 130 M M 2 M M
17 91 65 78 5 0 13 0.00 M M 6.7 10 180 M M 0 M M
18 93 68 81 8 0 16 0.00 M M 5.9 9 210 M M 1 M M
19 95 69 82 9 0 17 0.00 M M 5.1 9 230 M M 0 M M
20 99 69 84 12 0 19 0.00 M M 4.2 7 240 M M 0 M M
21 98 70 84 12 0 19 0.00 M M 5.8 10 230 M M 0 M M
22 84 66 75 4 0 10 0.02 M M 13.5 21 30 M M 1 24 30
23 84 63 74 3 0 9 0.00 M M 8.0 13 60 M M 4 M M
24 96 64 80 9 0 15 0.44 M M 8.4 17 280 M M 2 3 30 300
25 89 62 76 6 0 11 T M M 7.3 13 360 M M 3 M M
26 83 56 70 0 0 5 0.00 M M 7.6 15 340 M M 0 17 99
27 81 51 66 -3 0 1 0.00 M M 4.9 9 20 M M 0 M M
28 79 52 66 -3 0 1 0.00 M M 9.0 15 20 M M 0 21 40
29 75 46 61 -8 4 0 0.00 M M 11.2 17 50 M M 0 27 50
30 76 45 61 -7 4 0 0.00 M M 8.8 14 40 M M 0 18 20
================================================================================
SM 2615 1885 8 313 2.15 M 192.0 M 49
================================================================================
AV 87.2 62.8 6.4 FASTST M M 2 MAX(MPH)
MISC ----> 23 200 43 150
================================================================================
NOTES:
# LAST OF SEVERAL OCCURRENCES
COLUMN 17 PEAK WIND IN M.P.H.
PRELIMINARY LOCAL CLIMATOLOGICAL DATA (WS FORM: F-6) , PAGE 2
STATION: STUTTGART AIRPORT
MONTH: SEPTEMBER
YEAR: 2022
LATITUDE: 34 35 N
LONGITUDE: 91 34 W
[TEMPERATURE DATA] [PRECIPITATION DATA] SYMBOLS USED IN COLUMN 16
AVERAGE MONTHLY: 75.0 TOTAL FOR MONTH: 2.15 1 = FOG OR MIST
DPTR FM NORMAL: 1.3 DPTR FM NORMAL: -0.74 2 = FOG REDUCING VISIBILITY
HIGHEST: 99 ON 20 GRTST 24HR 1.60 ON 6- 6 TO 1/4 MILE OR LESS
LOWEST: 45 ON 30 3 = THUNDER
SNOW, ICE PELLETS, HAIL 4 = ICE PELLETS
TOTAL MONTH: M 5 = HAIL
GRTST 24HR M ON M 6 = FREEZING RAIN OR DRIZZLE
GRTST DEPTH: M ON M 7 = DUSTSTORM OR SANDSTORM:
VSBY 1/2 MILE OR LESS
8 = SMOKE OR HAZE
[NO. OF DAYS WITH] [WEATHER - DAYS WITH] 9 = BLOWING SNOW
X = TORNADO
MAX 32 OR BELOW: 0 0.01 INCH OR MORE: 5
MAX 90 OR ABOVE: 10 0.10 INCH OR MORE: 2
MIN 32 OR BELOW: 0 0.50 INCH OR MORE: 1
MIN 0 OR BELOW: 0 1.00 INCH OR MORE: 1
[HDD (BASE 65) ]
TOTAL THIS MO. 8 CLEAR (SCALE 0-3) 24
DPTR FM NORMAL -8 PTCLDY (SCALE 4-7) 6
TOTAL FM JUL 1 8 CLOUDY (SCALE 8-10) 0
DPTR FM NORMAL -8
[CDD (BASE 65) ]
TOTAL THIS MO. 313
DPTR FM NORMAL 35 [PRESSURE DATA]
TOTAL FM JAN 1 2276 HIGHEST SLP 30.37 ON 29
DPTR FM NORMAL 319 LOWEST SLP 29.79 ON 9
[REMARKS]
#FINAL-09-22#