000
CXUS54 KLZK 011330
CF6SGT
PRELIMINARY LOCAL CLIMATOLOGICAL DATA (WS FORM: F-6)
STATION: STUTTGART AIRPORT
MONTH: NOVEMBER
YEAR: 2023
LATITUDE: 34 35 N
LONGITUDE: 91 34 W
TEMPERATURE IN F: :PCPN: SNOW: WIND :SUNSHINE: SKY :PK WND
================================================================================
1 2 3 4 5 6A 6B 7 8 9 10 11 12 13 14 15 16 17 18
12Z AVG MX 2MIN
DY MAX MIN AVG DEP HDD CDD WTR SNW DPTH SPD SPD DIR MIN PSBL S-S WX SPD DR
================================================================================
1 50 29 40 -18 25 0 0.00 M M 6.2 12 10 M M 0 8 M M
2 60 32 46 -11 19 0 0.00 M M 5.1 9 150 M M 0 8 M M
3 69 37 53 -4 12 0 T M M 7.5 13 200 M M 0 8 17 180
4 74 42 58 1 7 0 0.00 M M 4.1 9 230 M M 0 8 M M
5 76 47 62 6 3 0 T M M 3.5 9 140 M M 0 18 M M
6 81 55 68 12 0 3 T M M 11.0 17 210 M M 2 8 M M
7 83 59 71 16 0 6 0.00 M M 10.5 17 230 M M 1 22 230
8 75 63 69 14 0 4 0.00 M M 13.7 22 210 M M 5 25 210
9 67 48 58 3 7 0 0.76 M M 13.5 20 20 M M 9 1 26 30
10 63 46 55 1 10 0 0.07 M M 12.2 16 40 M M 5 M M
11 65 44 55 1 10 0 0.00 M M 10.5 16 60 M M 0 20 60
12 67 40 54 0 11 0 0.00 M M 6.6 13 360 M M 0 8 M M
13 67 42 55 2 10 0 0.00 M M 7.6 10 10 M M 0 17 60
14 69 47 58 5 7 0 0.00 M M 7.1 14 70 M M 0 8 M M
15 63 46 55 3 10 0 0.00 M M 6.1 12 110 M M 9 8 M M
16 67 55 61 9 4 0 0.00 M M 6.0 10 180 M M 10 8 M M
17 67 58 63 11 2 0 0.00 M M 4.7 9 260 M M 9 1 M M
18 63 44 54 3 11 0 0.00 M M 8.4 15 20 M M 0 M M
19 64 39 52 1 13 0 T M M 4.7 9 80 M M 1 8 M M
20 59 51 55 5 10 0 1.57 M M 9.2 22 320 M M 10 123 27 320
21 54 45 50 0 15 0 0.01 M M 9.9 20 330 M M 9 1 M M
22 54 40 47 -3 18 0 T M M 6.9 12 350 M M 7 8 M M
23 57 35 46 -3 19 0 T M M 4.4 9 210 M M 0 12 M M
24 56 41 49 0 16 0 T M M 8.0 14 40 M M 2 1 M M
25 54 36 45 -4 20 0 0.00 M M 7.5 13 30 M M 0 8 M M
26 52 34 43 -5 22 0 0.07 M M 10.4 24 290 M M 5 1 28 280
27 50 28 39 -9 26 0 0.00 M M 8.0 14 290 M M 0 17 290
28 52 29 41 -6 24 0 0.00 M M 5.1 12 30 M M 0 8 M M
29 63 36 50 3 15 0 0.00 M M 9.9 17 240 M M 0 M M
30 49 40 45 -2 20 0 0.51 M M 8.7 15 130 M M 7 1 M M
================================================================================
SM 1890 1288 366 13 2.99 M 236.8 M 91
================================================================================
AV 63.0 42.9 7.9 FASTST M M 3 MAX(MPH)
MISC ----> 24 290 28 280
================================================================================
NOTES:
# LAST OF SEVERAL OCCURRENCES
COLUMN 17 PEAK WIND IN M.P.H.
PRELIMINARY LOCAL CLIMATOLOGICAL DATA (WS FORM: F-6) , PAGE 2
STATION: STUTTGART AIRPORT
MONTH: NOVEMBER
YEAR: 2023
LATITUDE: 34 35 N
LONGITUDE: 91 34 W
[TEMPERATURE DATA] [PRECIPITATION DATA] SYMBOLS USED IN COLUMN 16
AVERAGE MONTHLY: 53.0 TOTAL FOR MONTH: 2.99 1 = FOG OR MIST
DPTR FM NORMAL: 0.8 DPTR FM NORMAL: -1.81 2 = FOG REDUCING VISIBILITY
HIGHEST: 83 ON 7 GRTST 24HR 1.58 ON 20-21 TO 1/4 MILE OR LESS
LOWEST: 28 ON 27 3 = THUNDER
SNOW, ICE PELLETS, HAIL 4 = ICE PELLETS
TOTAL MONTH: M 5 = HAIL
GRTST 24HR M ON M 6 = FREEZING RAIN OR DRIZZLE
GRTST DEPTH: M ON M 7 = DUSTSTORM OR SANDSTORM:
VSBY 1/2 MILE OR LESS
8 = SMOKE OR HAZE
[NO. OF DAYS WITH] [WEATHER - DAYS WITH] 9 = BLOWING SNOW
X = TORNADO
MAX 32 OR BELOW: 0 0.01 INCH OR MORE: 6
MAX 90 OR ABOVE: 0 0.10 INCH OR MORE: 3
MIN 32 OR BELOW: 4 0.50 INCH OR MORE: 3
MIN 0 OR BELOW: 0 1.00 INCH OR MORE: 1
[HDD (BASE 65) ]
TOTAL THIS MO. 366 CLEAR (SCALE 0-3) 19
DPTR FM NORMAL -27 PTCLDY (SCALE 4-7) 5
TOTAL FM JUL 1 467 CLOUDY (SCALE 8-10) 6
DPTR FM NORMAL -87
[CDD (BASE 65) ]
TOTAL THIS MO. 13
DPTR FM NORMAL 6 [PRESSURE DATA]
TOTAL FM JAN 1 2348 HIGHEST SLP 30.56 ON 1
DPTR FM NORMAL 310 LOWEST SLP 29.74 ON 20
[REMARKS]
#FINAL-11-23#