000
CXUS55 KBYZ 011000
CF6SHR
PRELIMINARY LOCAL CLIMATOLOGICAL DATA (WS FORM: F-6)
STATION: SHERIDAN WY
MONTH: MAY
YEAR: 2023
LATITUDE: 44 46 N
LONGITUDE: 106 58 W
TEMPERATURE IN F: :PCPN: SNOW: WIND :SUNSHINE: SKY :PK WND
================================================================================
1 2 3 4 5 6A 6B 7 8 9 10 11 12 13 14 15 16 17 18
12Z AVG MX 2MIN
DY MAX MIN AVG DEP HDD CDD WTR SNW DPTH SPD SPD DIR MIN PSBL S-S WX SPD DR
================================================================================
1 74 33 54 7 11 0 0.00 M M 5.5 15 90 M M 0 20 80
2 79 35 57 10 8 0 0.00 M M 8.7 18 140 M M 0 26 120
3 77 42 60 12 5 0 T M M 4.9 14 10 M M 1 17 10
4 82 40 61 13 4 0 0.01 M M 8.6 28 140 M M 2 40 140
5 73 46 60 12 5 0 0.01 M M 9.5 26 300 M M 3 38 33 300
6 62 38 50 1 15 0 0.01 M M 5.3 17 300 M M 4 22 250
7 62 34 48 -1 17 0 0.01 M M 6.1 23 320 M M 3 3 32 320
8 71 33 52 2 13 0 0.00 M M 4.3 12 110 M M 2 17 140
9 72 39 56 6 9 0 0.00 M M 6.9 30 310 M M 1 36 310
10 69 37 53 3 12 0 0.21 M M 5.6 16 300 M M 4 13 20 310
11 56 50 53 2 12 0 0.58 M M 11.8 24 320 M M 10 1 28 320
12 57 50 54 3 11 0 T M M 16.1 26 310 M M 10 34 310
13 54 48 51 0 14 0 0.18 M M 13.6 22 320 M M 10 1 27 320
14 56 48 52 0 13 0 0.09 M M 5.5 22 140 M M 10 18 27 140
15 74 45 60 8 5 0 0.00 M M 7.2 21 140 M M 1 27 130
16 77 44 61 9 4 0 0.00 M M 4.8 20 290 M M 2 27 240
17 66 48 57 4 8 0 0.07 M M 9.3 22 330 M M 8 138 26 330
18 66 42 54 1 11 0 0.00 M M 7.6 22 340 M M 4 18 26 350
19 73 35 54 0 11 0 0.00 M M 3.0 10 110 M M 0 18 14 80
20 82 39 61 7 4 0 0.00 M M 3.4 15 300 M M 0 19 320
21 82 46 64 10 1 0 0.00 M M 3.2 12 310 M M 0 8 14 300
22 83 46 65 10 0 0 T M M 5.5 22 300 M M 2 38 31 180
23 74 54 64 9 1 0 0.00 M M 6.2 21 150 M M 1 26 310
24 76 52 64 9 1 0 0.04 M M 4.5 24 310 M M 3 3 31 310
25 75 47 61 5 4 0 0.01 M M 5.3 16 300 M M 3 3 19 300
26 75 48 62 6 3 0 0.81 M M 5.0 24 270 M M 4 13 31 270
27 74 45 60 4 5 0 T M M 4.1 18 160 M M 1 23 160
28 72 51 62 6 3 0 0.04 M M 6.2 14 330 M M 4 3 16 310
29 75 49 62 5 3 0 T M M 4.4 14 310 M M 3 17 320
30 79 47 63 6 2 0 0.00 M M 4.4 18 200 M M 2 3 23 200
31 78 49 64 7 1 0 0.00 M M 3.5 12 140 M M 0 14 140
================================================================================
SM 2225 1360 216 0 2.07 M 200.0 M 98
================================================================================
AV 71.8 43.9 6.5 FASTST M M 3 MAX(MPH)
MISC ----> 30 310 40 140
================================================================================
NOTES:
# LAST OF SEVERAL OCCURRENCES
COLUMN 17 PEAK WIND IN M.P.H.
PRELIMINARY LOCAL CLIMATOLOGICAL DATA (WS FORM: F-6) , PAGE 2
STATION: SHERIDAN WY
MONTH: MAY
YEAR: 2023
LATITUDE: 44 46 N
LONGITUDE: 106 58 W
[TEMPERATURE DATA] [PRECIPITATION DATA] SYMBOLS USED IN COLUMN 16
AVERAGE MONTHLY: 57.8 TOTAL FOR MONTH: 2.07 1 = FOG OR MIST
DPTR FM NORMAL: 5.4 DPTR FM NORMAL: -0.61 2 = FOG REDUCING VISIBILITY
HIGHEST: 83 ON 22 GRTST 24HR 0.81 ON 26-26 TO 1/4 MILE OR LESS
LOWEST: 33 ON 8, 1 3 = THUNDER
SNOW, ICE PELLETS, HAIL 4 = ICE PELLETS
TOTAL MONTH: M 5 = HAIL
GRTST 24HR M ON M 6 = FREEZING RAIN OR DRIZZLE
GRTST DEPTH: M ON M 7 = DUSTSTORM OR SANDSTORM:
VSBY 1/2 MILE OR LESS
8 = SMOKE OR HAZE
[NO. OF DAYS WITH] [WEATHER - DAYS WITH] 9 = BLOWING SNOW
X = TORNADO
MAX 32 OR BELOW: 0 0.01 INCH OR MORE: 13
MAX 90 OR ABOVE: 0 0.10 INCH OR MORE: 4
MIN 32 OR BELOW: 0 0.50 INCH OR MORE: 2
MIN 0 OR BELOW: 0 1.00 INCH OR MORE: 0
[HDD (BASE 65) ]
TOTAL THIS MO. 216 CLEAR (SCALE 0-3) 20
DPTR FM NORMAL -178 PTCLDY (SCALE 4-7) 7
TOTAL FM JUL 1 7780 CLOUDY (SCALE 8-10) 4
DPTR FM NORMAL 375
[CDD (BASE 65) ]
TOTAL THIS MO. 0
DPTR FM NORMAL -4 [PRESSURE DATA]
TOTAL FM JAN 1 0 HIGHEST SLP 30.56 ON 14
DPTR FM NORMAL -4 LOWEST SLP 29.58 ON 5
[REMARKS]
#FINAL-05-23#