000
CXUS55 KBYZ 011100
CF6SHR
PRELIMINARY LOCAL CLIMATOLOGICAL DATA (WS FORM: F-6)
STATION: SHERIDAN WY
MONTH: JANUARY
YEAR: 2022
LATITUDE: 44 46 N
LONGITUDE: 106 58 W
TEMPERATURE IN F: :PCPN: SNOW: WIND :SUNSHINE: SKY :PK WND
================================================================================
1 2 3 4 5 6A 6B 7 8 9 10 11 12 13 14 15 16 17 18
12Z AVG MX 2MIN
DY MAX MIN AVG DEP HDD CDD WTR SNW DPTH SPD SPD DIR MIN PSBL S-S WX SPD DR
================================================================================
1 10 -19 -4 -27 69 0 0.00 M M 1.9 8 350 M M 1 18 9 290
2 42 -5 19 -4 46 0 0.00 M M 3.0 12 280 M M 2 13 320
3 53 14 34 10 31 0 0.00 M M 6.7 32 250 M M 0 43 250
4 47 -8 20 -4 45 0 0.02 M M 15.5 43 230 M M 6 18 54 230
5 -5 -9 -7 -31 72 0 0.04 M M 8.6 18 310 M M 9 8 21 310
6 5 -12 -3 -27 68 0 0.02 M M 1.3 8 170 M M 8 8 9 330
7 54 4 29 5 36 0 0.00 M M 10.6 41 270 M M 1 55 260
8 51 9 30 6 35 0 0.00 M M 8.5 29 340 M M 3 39 340
9 44 6 25 1 40 0 0.00 M M 2.7 9 170 M M 0 10 180
10 46 16 31 7 34 0 0.00 M M 2.3 12 280 M M 0 14 350
11 50 18 34 10 31 0 0.00 M M 3.7 22 330 M M 1 27 330
12 62 27 45 21 20 0 0.00 M M 3.5 12 300 M M 3 12 300
13 46 27 37 13 28 0 0.00 M M 5.0 24 310 M M 2 34 320
14 44 21 33 9 32 0 0.02 M M 14.2 32 320 M M 8 1 40 320
15 48 14 31 7 34 0 0.00 M M 4.2 20 330 M M 1 24 330
16 45 25 35 11 30 0 0.00 M M 6.6 15 260 M M 0 17 270
17 60 25 43 19 22 0 0.00 M M 5.5 17 360 M M 0 22 250
18 51 12 32 8 33 0 0.01 M M 10.6 24 320 M M 7 8 28 320
19 15 -1 7 -17 58 0 0.06 M M 3.3 9 20 M M 9 18 11 30
20 40 -2 19 -5 46 0 0.00 M M 2.0 13 180 M M 4 14 180
21 42 24 33 9 32 0 0.05 M M 13.9 33 310 M M 8 1 40 310
22 49 20 35 11 30 0 0.00 M M 4.8 17 310 M M 5 21 320
23 55 33 44 20 21 0 0.00 M M 7.8 25 340 M M 4 30 350
24 41 31 36 12 29 0 T M M 14.8 25 320 M M 9 1 31 320
25 32 15 24 0 41 0 0.04 M M 6.5 26 310 M M 6 18 32 300
26 44 14 29 5 36 0 0.01 M M 9.2 30 320 M M 2 1 37 330
27 36 17 27 3 38 0 0.01 M M 10.4 25 320 M M 5 18 30 320
28 53 16 35 11 30 0 0.00 M M 3.4 9 210 M M 0 10 210
29 57 23 40 16 25 0 0.00 M M 3.8 12 300 M M 0 14 290
30 55 21 38 14 27 0 0.00 M M 2.6 9 250 M M 0 11 270
31 52 24 38 14 27 0 0.00 M M 15.8 44 320 M M 3 54 300
================================================================================
SM 1324 400 1146 0 0.28 M 212.7 M 107
================================================================================
AV 42.7 12.9 6.9 FASTST M M 3 MAX(MPH)
MISC ----> 44 320 55 260
================================================================================
NOTES:
# LAST OF SEVERAL OCCURRENCES
COLUMN 17 PEAK WIND IN M.P.H.
PRELIMINARY LOCAL CLIMATOLOGICAL DATA (WS FORM: F-6) , PAGE 2
STATION: SHERIDAN WY
MONTH: JANUARY
YEAR: 2022
LATITUDE: 44 46 N
LONGITUDE: 106 58 W
[TEMPERATURE DATA] [PRECIPITATION DATA] SYMBOLS USED IN COLUMN 16
AVERAGE MONTHLY: 27.8 TOTAL FOR MONTH: 0.28 1 = FOG OR MIST
DPTR FM NORMAL: 3.8 DPTR FM NORMAL: -0.33 2 = FOG REDUCING VISIBILITY
HIGHEST: 62 ON 12 GRTST 24HR 0.07 ON 20-20 TO 1/4 MILE OR LESS
LOWEST: -19 ON 1 3 = THUNDER
SNOW, ICE PELLETS, HAIL 4 = ICE PELLETS
TOTAL MONTH: M 5 = HAIL
GRTST 24HR M ON M 6 = FREEZING RAIN OR DRIZZLE
GRTST DEPTH: M ON M 7 = DUSTSTORM OR SANDSTORM:
VSBY 1/2 MILE OR LESS
8 = SMOKE OR HAZE
[NO. OF DAYS WITH] [WEATHER - DAYS WITH] 9 = BLOWING SNOW
X = TORNADO
MAX 32 OR BELOW: 5 0.01 INCH OR MORE: 10
MAX 90 OR ABOVE: 0 0.10 INCH OR MORE: 0
MIN 32 OR BELOW: 30 0.50 INCH OR MORE: 0
MIN 0 OR BELOW: 7 1.00 INCH OR MORE: 0
[HDD (BASE 65) ]
TOTAL THIS MO. 1146 CLEAR (SCALE 0-3) 16
DPTR FM NORMAL -125 PTCLDY (SCALE 4-7) 12
TOTAL FM JUL 1 3653 CLOUDY (SCALE 8-10) 3
DPTR FM NORMAL -709
[CDD (BASE 65) ]
TOTAL THIS MO. 0
DPTR FM NORMAL 0 [PRESSURE DATA]
TOTAL FM JAN 1 0 HIGHEST SLP 30.64 ON 19
DPTR FM NORMAL 0 LOWEST SLP 29.33 ON 7
[REMARKS]
#FINAL-01-22#