000
CXUS56 KMFR 011030
CF6SIY
PRELIMINARY LOCAL CLIMATOLOGICAL DATA (WS FORM: F-6)
STATION: MONTAGUE CA
MONTH: JANUARY
YEAR: 2022
LATITUDE: 41 46 N
LONGITUDE: 122 28 W
TEMPERATURE IN F: :PCPN: SNOW: WIND :SUNSHINE: SKY :PK WND
================================================================================
1 2 3 4 5 6A 6B 7 8 9 10 11 12 13 14 15 16 17 18
12Z AVG MX 2MIN
DY MAX MIN AVG DEP HDD CDD WTR SNW DPTH SPD SPD DIR MIN PSBL S-S WX SPD DR
================================================================================
1 34 20 27 -9 38 0 0.00 M M 3.8 9 40 M M 0 12 30
2 43 21 32 -4 33 0 0.00 M M 15.6 33 160 M M 1 43 150
3 44 38 41 5 24 0 0.17 M M 25.3 40 150 M M 8 52 160
4 50 38 44 8 21 0 T M M 4.8 15 240 M M 9 19 230
5 54 34 44 8 21 0 T M M 4.5 13 210 M M 7 15 210
6 56 35 46 10 19 0 0.00 M M 4.3 12 200 M M 5 12 13 190
7 50 32 41 5 24 0 0.07 M M 7.2 20 180 M M 6 24 170
8 47 26 37 1 28 0 0.00 M M 1.8 8 130 M M 1 9 120
9 48 22 35 -1 30 0 0.00 M M 2.0 13 40 M M 1 12 14 40
10 56 31 44 8 21 0 0.00 M M 5.6 13 30 M M 4 14 10
11 53 31 42 6 23 0 0.00 M M 2.2 9 30 M M 1 11 20
12 53 27 40 4 25 0 0.00 M M 2.1 12 60 M M 0 1 13 60
13 55 28 42 6 23 0 0.00 M M 5.8 18 290 M M 1 22 280
14 51 24 38 1 27 0 0.00 M M 2.5 9 200 M M 2 12 15 250
15 50 21 36 -1 29 0 0.00 M M 1.7 8 140 M M 1 12 8 140
16 50 21 36 -1 29 0 0.00 M M 1.4 6 210 M M 1 128 9 180
17 50 22 36 -1 29 0 0.00 M M 1.0 7 40 M M 2 12 8 180
18 54 25 40 3 25 0 0.00 M M 3.0 8 10 M M 2 16 60
19 56 30 43 6 22 0 0.00 M M 1.2 8 140 M M 2 8 130
20 55 28 42 5 23 0 0.00 M M 5.7 16 20 M M 1 1 20 20
21 57 24 41 4 24 0 0.00 M M 5.1 20 350 M M 0 24 360
22 65 27 46 9 19 0 0.00 M M 4.0 16 350 M M 0 20 350
23 59 23 41 4 24 0 0.00 M M 2.1 12 40 M M 0 13 40
24 54 19 37 0 28 0 0.00 M M 2.1 8 50 M M 0 10 60
25 54 19 37 0 28 0 0.00 M M 1.5 8 220 M M 0 10 180
26 52 14 33 -4 32 0 0.00 M M 2.4 7 120 M M 0 9 190
27 53 14 34 -3 31 0 0.00 M M 1.7 7 20 M M 0 9 110
28 53 15 34 -4 31 0 0.00 M M 1.8 8 220 M M 0 10 210
29 53 16 35 -3 30 0 0.00 M M 2.2 9 180 M M 0 12 190
30 49 18 34 -4 31 0 0.00 M M 2.1 10 200 M M 1 12 200
31 51 26 39 1 26 0 0.00 M M 9.6 20 360 M M 1 24 360
================================================================================
SM 1609 769 818 0 0.24 M 136.1 M 57
================================================================================
AV 51.9 24.8 4.4 FASTST M M 2 MAX(MPH)
MISC ----> 40 150 52 160
================================================================================
NOTES:
# LAST OF SEVERAL OCCURRENCES
COLUMN 17 PEAK WIND IN M.P.H.
PRELIMINARY LOCAL CLIMATOLOGICAL DATA (WS FORM: F-6) , PAGE 2
STATION: MONTAGUE CA
MONTH: JANUARY
YEAR: 2022
LATITUDE: 41 46 N
LONGITUDE: 122 28 W
[TEMPERATURE DATA] [PRECIPITATION DATA] SYMBOLS USED IN COLUMN 16
AVERAGE MONTHLY: 38.4 TOTAL FOR MONTH: 0.24 1 = FOG OR MIST
DPTR FM NORMAL: 1.7 DPTR FM NORMAL: -1.19 2 = FOG REDUCING VISIBILITY
HIGHEST: 65 ON 22 GRTST 24HR 0.77 ON 3- 3 TO 1/4 MILE OR LESS
LOWEST: 14 ON 27,26 3 = THUNDER
SNOW, ICE PELLETS, HAIL 4 = ICE PELLETS
TOTAL MONTH: M 5 = HAIL
GRTST 24HR M ON M 6 = FREEZING RAIN OR DRIZZLE
GRTST DEPTH: M ON M 7 = DUSTSTORM OR SANDSTORM:
VSBY 1/2 MILE OR LESS
8 = SMOKE OR HAZE
[NO. OF DAYS WITH] [WEATHER - DAYS WITH] 9 = BLOWING SNOW
X = TORNADO
MAX 32 OR BELOW: 0 0.01 INCH OR MORE: 2
MAX 90 OR ABOVE: 0 0.10 INCH OR MORE: 1
MIN 32 OR BELOW: 27 0.50 INCH OR MORE: 0
MIN 0 OR BELOW: 0 1.00 INCH OR MORE: 0
[HDD (BASE 65) ]
TOTAL THIS MO. 818 CLEAR (SCALE 0-3) 25
DPTR FM NORMAL -59 PTCLDY (SCALE 4-7) 5
TOTAL FM JUL 1 2842 CLOUDY (SCALE 8-10) 1
DPTR FM NORMAL -110
[CDD (BASE 65) ]
TOTAL THIS MO. 0
DPTR FM NORMAL 0 [PRESSURE DATA]
TOTAL FM JAN 1 0 HIGHEST SLP 30.59 ON 21
DPTR FM NORMAL 0 LOWEST SLP 29.72 ON 7
[REMARKS]
#FINAL-01-22#