000
CXUS56 KMFR 010930
CF6SIY
PRELIMINARY LOCAL CLIMATOLOGICAL DATA (WS FORM: F-6)
STATION: MONTAGUE CA
MONTH: SEPTEMBER
YEAR: 2021
LATITUDE: 41 46 N
LONGITUDE: 122 28 W
TEMPERATURE IN F: :PCPN: SNOW: WIND :SUNSHINE: SKY :PK WND
================================================================================
1 2 3 4 5 6A 6B 7 8 9 10 11 12 13 14 15 16 17 18
12Z AVG MX 2MIN
DY MAX MIN AVG DEP HDD CDD WTR SNW DPTH SPD SPD DIR MIN PSBL S-S WX SPD DR
================================================================================
1 85 45 65 -4 0 0 0.00 M M 5.9 17 350 M M 5 8 22 360
2 84 46 65 -4 0 0 0.00 M M 3.0 13 350 M M 4 8 16 10
3 88 39 64 -5 1 0 0.00 M M 2.9 14 330 M M 6 8 19 330
4 90 46 68 0 0 3 0.00 M M 3.4 13 360 M M 10 8 17 10
5 94 47 71 3 0 6 0.00 M M 3.2 13 360 M M 10 8 16 360
6 91 48 70 2 0 5 0.00 M M 2.0 8 10 M M 10 8 10 230
7 95 46 71 3 0 6 0.00 M M 3.4 15 280 M M 6 8 21 300
8 86 55 71 3 0 6 0.00 M M 2.0 7 120 M M 10 8 8 130
9 87 53 70 3 0 5 T M M 5.3 16 10 M M 9 8 20 10
10 80 60 70 3 0 5 0.28 M M 6.9 16 360 M M 5 18 22 350
11 86 51 69 2 0 4 0.00 M M 4.2 15 340 M M 0 8 20 330
12 88 50 69 3 0 4 0.00 M M 5.7 20 360 M M 0 27 10
13 88 47 68 2 0 3 0.00 M M 4.0 15 360 M M M 19 360
14 90 42 66 0 0 1 0.00 M M 3.3 12 350 M M 1 13 340
15 88 44 66 1 0 1 0.00 M M 6.6 22 20 M M 1 27 10
16 84 51 68 3 0 3 0.00 M M 5.1 14 360 M M 0 8 19 360
17 90 46 68 3 0 3 0.00 M M 4.7 17 200 M M 2 8 25 160
18 68 49 59 -5 6 0 T M M 6.6 22 180 M M 4 18 27 320
19 68 48 58 -6 7 0 M M M 7.6 18 360 M M 4 23 350
20 79 39 59 -5 6 0 0.00 M M 5.7 16 20 M M 0 21 10
21 88 40 64 1 1 0 0.00 M M 1.7 10 30 M M 0 12 310
22 86 49 68 5 0 3 0.00 M M 9.5 25 360 M M 0 8 32 10
23 86 42 64 2 1 0 0.00 M M 4.1 16 20 M M 0 22 40
24 91 44 68 6 0 3 0.00 M M 2.2 12 70 M M 0 M M
25 90 48 69 7 0 4 0.00 M M 5.0 17 160 M M 0 22 160
26 85 46 66 5 0 1 0.00 M M 6.0 18 290 M M 1 22 290
27 74 44 59 -2 6 0 T M M 9.0 26 160 M M 8 18 34 160
28 62 38 50 -10 15 0 T M M 5.4 14 340 M M 3 17 310
29 72 33 53 -7 12 0 0.00 M M 3.1 9 30 M M 0 11 30
30 80 36 58 -2 7 0 0.00 M M 2.8 14 10 M M 0 16 10
================================================================================
SM 2523 1372 62 66 0.28 M 140.3 M 99
================================================================================
AV 84.1 45.7 4.7 FASTST M M 3 MAX(MPH)
MISC ----> 26 160 34 160
================================================================================
NOTES:
# LAST OF SEVERAL OCCURRENCES
COLUMN 17 PEAK WIND IN M.P.H.
PRELIMINARY LOCAL CLIMATOLOGICAL DATA (WS FORM: F-6) , PAGE 2
STATION: MONTAGUE CA
MONTH: SEPTEMBER
YEAR: 2021
LATITUDE: 41 46 N
LONGITUDE: 122 28 W
[TEMPERATURE DATA] [PRECIPITATION DATA] SYMBOLS USED IN COLUMN 16
AVERAGE MONTHLY: 64.9 TOTAL FOR MONTH: 0.28 1 = FOG OR MIST
DPTR FM NORMAL: 0.0 DPTR FM NORMAL: 0.01 2 = FOG REDUCING VISIBILITY
HIGHEST: 95 ON 7 GRTST 24HR 0.28 ON 9-10 TO 1/4 MILE OR LESS
LOWEST: 33 ON 29 3 = THUNDER
SNOW, ICE PELLETS, HAIL 4 = ICE PELLETS
TOTAL MONTH: M 5 = HAIL
GRTST 24HR M ON M 6 = FREEZING RAIN OR DRIZZLE
GRTST DEPTH: M ON M 7 = DUSTSTORM OR SANDSTORM:
VSBY 1/2 MILE OR LESS
8 = SMOKE OR HAZE
[NO. OF DAYS WITH] [WEATHER - DAYS WITH] 9 = BLOWING SNOW
X = TORNADO
MAX 32 OR BELOW: 0 0.01 INCH OR MORE: 1
MAX 90 OR ABOVE: 8 0.10 INCH OR MORE: 1
MIN 32 OR BELOW: 0 0.50 INCH OR MORE: 0
MIN 0 OR BELOW: 0 1.00 INCH OR MORE: 0
[HDD (BASE 65) ]
TOTAL THIS MO. 62 CLEAR (SCALE 0-3) 15
DPTR FM NORMAL -23 PTCLDY (SCALE 4-7) 9
TOTAL FM JUL 1 62 CLOUDY (SCALE 8-10) 6
DPTR FM NORMAL -34
[CDD (BASE 65) ]
TOTAL THIS MO. 66
DPTR FM NORMAL -16 [PRESSURE DATA]
TOTAL FM JAN 1 1138 HIGHEST SLP M ON M
DPTR FM NORMAL 439 LOWEST SLP 29.77 ON 1
[REMARKS]
#FINAL-09-21#