000
CXUS56 KFGZ 010900
CF6SJN
PRELIMINARY LOCAL CLIMATOLOGICAL DATA (WS FORM: F-6)
STATION: SAINT JOHNS AZ AIRPORT
MONTH: MARCH
YEAR: 2020
LATITUDE: 34 31 N
LONGITUDE: 109 23 W
TEMPERATURE IN F: :PCPN: SNOW: WIND :SUNSHINE: SKY :PK WND
================================================================================
1 2 3 4 5 6A 6B 7 8 9 10 11 12 13 14 15 16 17 18
12Z AVG MX 2MIN
DY MAX MIN AVG DEP HDD CDD WTR SNW DPTH SPD SPD DIR MIN PSBL S-S WX SPD DR
================================================================================
1 61 33 47 5 18 0 0.00 M M 10.0 32 260 M M 3 43 230
2 55 21 38 -4 27 0 T M M 3.4 15 140 M M 4 20 230
3 59 22 41 -1 24 0 0.00 M M 7.6 16 300 M M 0 24 300
4 65 25 45 2 20 0 0.00 M M 6.7 16 100 M M 0 21 110
5 71 23 47 4 18 0 0.00 M M 5.9 17 230 M M 0 23 230
6 68 38 53 10 12 0 0.00 M M 11.0 24 160 M M 0 30 150
7 71 32 52 9 13 0 0.00 M M 6.7 23 210 M M 0 30 240
8 63 34 49 6 16 0 T M M 7.3 23 250 M M 2 30 240
9 65 27 46 3 19 0 0.00 M M 5.7 17 240 M M 0 22 240
10 61 42 52 8 13 0 0.04 M M 5.2 21 250 M M 9 8 27 250
11 63 47 55 11 10 0 0.28 M M 6.1 26 270 M M 9 1 32 280
12 59 44 52 8 13 0 0.06 M M 3.7 10 120 M M 7 1 13 130
13 55 37 46 2 19 0 0.02 M M 15.0 31 220 M M 5 41 210
14 61 31 46 2 19 0 0.00 M M 3.9 8 240 M M 3 M M
15 67 31 49 4 16 0 0.00 M M 8.2 25 250 M M M 33 260
16 69 29 49 4 16 0 0.00 M M 5.6 22 230 M M 0 27 220
17 68 29 49 4 16 0 0.00 M M 7.6 26 250 M M 0 34 250
18 56 28 42 -3 23 0 0.14 M M 11.9 33 230 M M 3 1 43 240
19 52 30 41 -5 24 0 T M M 11.7 31 250 M M 3 1 37 250
20 59 28 44 -2 21 0 0.00 M M 6.5 22 230 M M 5 29 250
21 66 33 50 4 15 0 0.00 M M 8.7 29 240 M M 0 35 250
22 62 31 47 1 18 0 0.00 M M 6.5 24 260 M M 0 30 260
23 62 34 48 1 17 0 0.00 M M 12.6 35 250 M M 2 49 260
24 68 30 49 2 16 0 0.00 M M 7.5 26 250 M M 0 34 290
25 72 37 55 8 10 0 0.00 M M 11.0 32 250 M M 0 43 210
26 68 38 53 6 12 0 0.00 M M 19.9 41 200 M M 0 55 220
27 47 30 39 -9 26 0 0.01 M M 15.6 36 260 M M 4 128 44 260
28 52 25 39 -9 26 0 0.00 M M 7.2 16 300 M M 0 21 310
29 67 33 50 2 15 0 0.00 M M 8.4 29 240 M M 1 37 250
30 61 30 46 -2 19 0 0.00 M M 9.0 22 290 M M 0 31 300
31 70 26 48 -1 17 0 0.00 M M 4.7 14 330 M M 0 20 330
================================================================================
SM 1943 978 548 0 0.55 M 260.8 M 60
================================================================================
AV 62.7 31.6 8.4 FASTST M M 2 MAX(MPH)
MISC ----> # 41 200 # 55 220
================================================================================
NOTES:
# LAST OF SEVERAL OCCURRENCES
COLUMN 17 PEAK WIND IN M.P.H.
PRELIMINARY LOCAL CLIMATOLOGICAL DATA (WS FORM: F-6) , PAGE 2
STATION: SAINT JOHNS AZ AIRPORT
MONTH: MARCH
YEAR: 2020
LATITUDE: 34 31 N
LONGITUDE: 109 23 W
[TEMPERATURE DATA] [PRECIPITATION DATA] SYMBOLS USED IN COLUMN 16
AVERAGE MONTHLY: 47.1 TOTAL FOR MONTH: 0.55 1 = FOG OR MIST
DPTR FM NORMAL: 2.1 DPTR FM NORMAL: -0.17 2 = FOG REDUCING VISIBILITY
HIGHEST: 72 ON 25 GRTST 24HR 0.28 ON 11-11 TO 1/4 MILE OR LESS
LOWEST: 21 ON 2 3 = THUNDER
SNOW, ICE PELLETS, HAIL 4 = ICE PELLETS
TOTAL MONTH: M 5 = HAIL
GRTST 24HR M ON M 6 = FREEZING RAIN OR DRIZZLE
GRTST DEPTH: M ON M 7 = DUSTSTORM OR SANDSTORM:
VSBY 1/2 MILE OR LESS
8 = SMOKE OR HAZE
[NO. OF DAYS WITH] [WEATHER - DAYS WITH] 9 = BLOWING SNOW
X = TORNADO
MAX 32 OR BELOW: 0 0.01 INCH OR MORE: 6
MAX 90 OR ABOVE: 0 0.10 INCH OR MORE: 2
MIN 32 OR BELOW: 19 0.50 INCH OR MORE: 0
MIN 0 OR BELOW: 0 1.00 INCH OR MORE: 0
[HDD (BASE 65) ]
TOTAL THIS MO. 548 CLEAR (SCALE 0-3) 21
DPTR FM NORMAL -73 PTCLDY (SCALE 4-7) 7
TOTAL FM JUL 1 4203 CLOUDY (SCALE 8-10) 2
DPTR FM NORMAL -13
[CDD (BASE 65) ]
TOTAL THIS MO. 0
DPTR FM NORMAL 0 [PRESSURE DATA]
TOTAL FM JAN 1 0 HIGHEST SLP M ON M
DPTR FM NORMAL 0 LOWEST SLP 29.62 ON 13
[REMARKS]
#FINAL-03-20#