000
CXUS56 KSLC 052146
CF6SLC
PRELIMINARY LOCAL CLIMATOLOGICAL DATA (WS FORM: F-6)
STATION: SALT LAKE CITY UT
MONTH: JULY
YEAR: 2022
LATITUDE: 40 46 N
LONGITUDE: 111 58 W
TEMPERATURE IN F: :PCPN: SNOW: WIND :SUNSHINE: SKY :PK WND
================================================================================
1 2 3 4 5 6A 6B 7 8 9 10 11 12 13 14 15 16 17 18
12Z AVG MX 2MIN
DY MAX MIN AVG DEP HDD CDD WTR SNW DPTH SPD SPD DIR MIN PSBL S-S WX SPD DR
================================================================================
1 96 75 86 9 0 21 T 0.0 0 12.1 25 180 M M 2 3 35 180
2 101 75 88 10 0 23 0.00 0.0 0 14.2 26 230 M M 1 37 230
3 99 81 90 12 0 25 0.00 0.0 0 17.8 33 180 M M 0 44 180
4 98 77 88 10 0 23 0.00 0.0 0 15.5 30 180 M M 1 41 170
5 97 76 87 8 0 22 0.00 0.0 0 13.6 24 160 M M 0 34 140
6 98 76 87 8 0 22 0.00 0.0 0 13.9 25 160 M M 1 33 180
7 99 75 87 7 0 22 0.00 0.0 0 12.2 23 160 M M 1 33 140
8 101 73 87 7 0 22 0.00 0.0 0 13.3 26 170 M M 0 38 170
9 104 77 91 11 0 26 0.00 0.0 0 12.9 26 220 M M 0 7 39 240
10 100 71 86 6 0 21 0.00 0.0 0 6.7 16 330 M M 0 26 350
11 97 68 83 2 0 18 0.00 0.0 0 7.0 16 320 M M 0 22 310
12 102 70 86 5 0 21 T 0.0 0 8.0 31 190 M M 0 8 42 210
13 102 75 89 8 0 24 0.03 0.0 0 12.7 37 320 M M 4 3 55 320
14 101 76 89 8 0 24 T 0.0 0 12.7 28 190 M M 1 43 190
15 91 71 81 -1 0 16 0.09 0.0 0 7.5 17 160 M M 4 23 170
16 101 72 87 5 0 22 0.00 0.0 0 7.5 13 310 M M 0 20 350
17 107 76 92 10 0 27 T 0.0 0 11.3 41 260 M M 2 78 61 260
18 101 77 89 7 0 24 T 0.0 M 9.8 37 110 M M 2 78 58 110
19 96 77 87 5 0 22 0.00 0.0 0 9.7 22 280 M M 1 8 29 280
20 99 74 87 5 0 22 0.00 0.0 0 5.8 13 320 M M 1 22 340
21 102 74 88 6 0 23 0.00 0.0 0 6.7 15 330 M M 1 20 320
22 104 78 91 8 0 26 T 0.0 0 9.4 30 320 M M 1 38 43 280
23 102 77 90 7 0 25 0.00 0.0 0 4.9 14 330 M M 0 18 350
24 93 77 85 2 0 20 0.00 0.0 0 10.5 25 170 M M 0 37 190
25 99 72 86 3 0 21 0.00 0.0 0 8.0 15 360 M M 0 21 330
26 100 75 88 5 0 23 0.00 0.0 0 8.0 18 330 M M 1 22 360
27 101 74 88 5 0 23 0.00 0.0 0 6.5 14 330 M M 0 21 320
28 101 75 88 5 0 23 0.00 0.0 0 9.7 22 90 M M 0 33 130
29 99 77 88 5 0 23 T 0.0 0 10.3 30 100 M M 1 3 44 80
30 100 74 87 4 0 22 0.00 0.0 0 9.3 16 280 M M 0 22 170
31 101 77 89 7 0 24 0.00 0.0 0 9.2 16 310 M M 1 22 170
================================================================================
SM 3092 2322 0 700 0.12 0.0 316.7 M 26
================================================================================
AV 99.7 74.9 10.2 FASTST M M 1 MAX(MPH)
MISC ----> 41 260 61 260
================================================================================
NOTES:
# LAST OF SEVERAL OCCURRENCES
COLUMN 17 PEAK WIND IN M.P.H.
PRELIMINARY LOCAL CLIMATOLOGICAL DATA (WS FORM: F-6) , PAGE 2
STATION: SALT LAKE CITY UT
MONTH: JULY
YEAR: 2022
LATITUDE: 40 46 N
LONGITUDE: 111 58 W
[TEMPERATURE DATA] [PRECIPITATION DATA] SYMBOLS USED IN COLUMN 16
AVERAGE MONTHLY: 87.3 TOTAL FOR MONTH: 0.12 1 = FOG OR MIST
DPTR FM NORMAL: 6.2 DPTR FM NORMAL: -0.37 2 = FOG REDUCING VISIBILITY
HIGHEST: 107 ON 17 GRTST 24HR 0.09 ON 15-15 TO 1/4 MILE OR LESS
LOWEST: 68 ON 11 3 = THUNDER
SNOW, ICE PELLETS, HAIL 4 = ICE PELLETS
TOTAL MONTH: 0.0 INCH 5 = HAIL
GRTST 24HR 0.0 6 = FREEZING RAIN OR DRIZZLE
GRTST DEPTH: 0 7 = DUSTSTORM OR SANDSTORM:
VSBY 1/2 MILE OR LESS
8 = SMOKE OR HAZE
[NO. OF DAYS WITH] [WEATHER - DAYS WITH] 9 = BLOWING SNOW
X = TORNADO
MAX 32 OR BELOW: 0 0.01 INCH OR MORE: 2
MAX 90 OR ABOVE: 31 0.10 INCH OR MORE: 0
MIN 32 OR BELOW: 0 0.50 INCH OR MORE: 0
MIN 0 OR BELOW: 0 1.00 INCH OR MORE: 0
[HDD (BASE 65) ]
TOTAL THIS MO. 0 CLEAR (SCALE 0-3) 29
DPTR FM NORMAL -1 PTCLDY (SCALE 4-7) 2
TOTAL FM JUL 1 0 CLOUDY (SCALE 8-10) 0
DPTR FM NORMAL 0
[CDD (BASE 65) ]
TOTAL THIS MO. 700
DPTR FM NORMAL 200 [PRESSURE DATA]
TOTAL FM JAN 1 1077 HIGHEST SLP 30.07 ON 15
DPTR FM NORMAL 275 LOWEST SLP 29.51 ON 3
[REMARKS]
#FINAL-07-22#