000
CXUS45 KSLC 010802
CLMSLC
CLIMATE REPORT
NATIONAL WEATHER SERVICE SALT LAKE CITY UT
202 AM MDT SAT APR 01 2023
...................................
...THE SALT LAKE CITY UT CLIMATE SUMMARY FOR THE MONTH OF MARCH 2023...
CLIMATE NORMAL PERIOD 1991 TO 2020
CLIMATE RECORD PERIOD 1874 TO 2023
WEATHER OBSERVED NORMAL DEPART LAST YEAR`S
VALUE DATE(S) VALUE FROM VALUE DATE(S)
NORMAL
................................................................
TEMPERATURE (F)
RECORD
HIGH 80 03/31/2012
LOW 0 03/01/1890
HIGHEST 63 03/29 79 03/26
03/27
LOWEST 25 03/26 20 03/10
03/11
03/07
AVG. MAXIMUM 47.2 55.3 -8.1 56.4
AVG. MINIMUM 31.6 36.3 -4.7 36.2
MEAN 39.4 45.8 -6.4 46.3
DAYS MAX >= 90 0 0.0 0.0 0
DAYS MAX <= 32 0 0.2 -0.2 1
DAYS MIN <= 32 19 12.0 7.0 11
DAYS MIN <= 0 0 0.0 0.0 0
PRECIPITATION (INCHES)
TOTALS 2.61 1.75 0.86 1.67
DAYS >= .01 19 9.2 9.8 8
DAYS >= .10 10 5.1 4.9 5
DAYS >= .50 0 0.7 -0.7 1
DAYS >= 1.00 0 0.0 0.0 0
SNOWFALL (INCHES)
TOTALS 15.1 5.9 9.2 9.7
SINCE 7/1 72.5 48.9 MM
DEGREE DAYS
HEATING TOTAL 784 596 188 577
SINCE 7/1 4687 4545 142 MM
COOLING TOTAL 0 0 0 5
SINCE 1/1 0 0 0 MM
................................................................
WIND (MPH)
AVERAGE WIND SPEED 10.0
HIGHEST WIND SPEED/DIRECTION 45/260 DATE 03/10
HIGHEST GUST SPEED/DIRECTION 60/260 DATE 03/10
WEATHER CONDITIONS. NUMBER OF DAYS WITH
THUNDERSTORM 3 RAIN 3
HAIL 3 SNOW 3
FOG 18 FOG W/VIS <= 1/4 MILE 3
HAZE 7
- INDICATES NEGATIVE NUMBERS.
R INDICATES RECORD WAS SET OR TIED.
MM INDICATES DATA IS MISSING.
T INDICATES TRACE AMOUNT.
$$