000
CXUS56 KLOX 011155
CF6SMO
PRELIMINARY LOCAL CLIMATOLOGICAL DATA (WS FORM: F-6)
STATION: SANTA MONICA AIRPORT CA
MONTH: JUNE
YEAR: 2023
LATITUDE: 34 0 N
LONGITUDE: 118 27 W
TEMPERATURE IN F: :PCPN: SNOW: WIND :SUNSHINE: SKY :PK WND
================================================================================
1 2 3 4 5 6A 6B 7 8 9 10 11 12 13 14 15 16 17 18
12Z AVG MX 2MIN
DY MAX MIN AVG DEP HDD CDD WTR SNW DPTH SPD SPD DIR MIN PSBL S-S WX SPD DR
================================================================================
1 66 60 63 -1 2 0 0.00 M M 4.8 10 240 M M 10 14 220
2 68 57 63 -1 2 0 0.00 M M 6.5 16 240 M M 5 22 240
3 68 55 62 -2 3 0 0.00 M M 5.4 15 230 M M 4 19 240
4 66 58 62 -2 3 0 0.00 M M 5.0 14 230 M M 10 1 18 230
5 65 58 62 -2 3 0 T M M 4.4 12 220 M M 10 18 15 220
6 66 57 62 -2 3 0 T M M 4.4 13 250 M M 9 19 270
7 67 57 62 -2 3 0 T M M 3.9 13 230 M M 7 17 230
8 68 55 62 -2 3 0 0.00 M M 5.7 16 240 M M 1 21 240
9 67 57 62 -3 3 0 0.00 M M 4.6 13 240 M M M 17 250
10 65 59 62 -3 3 0 0.00 M M 4.0 12 230 M M 9 14 230
11 67 60 64 -1 1 0 0.00 M M 4.0 10 240 M M 10 14 240
12 68 59 64 -1 1 0 0.00 M M 5.8 15 220 M M 7 21 230
13 68 59 64 -1 1 0 0.00 M M 5.8 14 230 M M 5 20 250
14 65 58 62 -3 3 0 0.00 M M 4.2 10 230 M M 8 13 210
15 67 60 64 -1 1 0 T M M 5.0 10 220 M M 10 1 15 210
16 69 61 65 -1 0 0 0.00 M M 6.7 15 230 M M 7 19 230
17 69 60 65 -1 0 0 0.00 M M 5.8 14 230 M M 7 20 220
18 67 60 64 -2 1 0 0.00 M M 4.7 12 220 M M 9 1 18 210
19 69 59 64 -2 1 0 T M M 4.1 13 210 M M 6 1 16 240
20 70 58 64 -2 1 0 0.00 M M 4.6 14 220 M M 1 20 240
21 71 56 64 -2 1 0 0.00 M M 5.4 14 240 M M 0 19 220
22 68 57 63 -3 2 0 0.00 M M 5.4 14 250 M M 3 20 210
23 69 55 62 -4 3 0 0.00 M M 5.9 17 250 M M 3 24 270
24 71 56 64 -3 1 0 0.00 M M 5.0 15 240 M M 2 20 220
25 69 55 62 -5 3 0 0.00 M M 5.0 14 220 M M 3 19 220
26 68 56 62 -5 3 0 0.00 M M 5.3 13 240 M M 1 19 240
27 68 57 63 -4 2 0 0.00 M M 5.2 12 230 M M 1 16 210
28 71 59 65 -2 0 0 0.00 M M 5.2 13 210 M M 4 8 17 220
29 70 58 64 -3 1 0 0.00 M M 5.0 14 220 M M 6 1 18 270
30 68 57 63 -5 2 0 0.00 M M 3.6 14 230 M M 8 18 17 220
================================================================================
SM 2038 1733 56 0 T M 150.4 M 166
================================================================================
AV 67.9 57.8 5.0 FASTST M M 6 MAX(MPH)
MISC ----> 17 250 24 270
================================================================================
NOTES:
# LAST OF SEVERAL OCCURRENCES
COLUMN 17 PEAK WIND IN M.P.H.
PRELIMINARY LOCAL CLIMATOLOGICAL DATA (WS FORM: F-6) , PAGE 2
STATION: SANTA MONICA AIRPORT CA
MONTH: JUNE
YEAR: 2023
LATITUDE: 34 0 N
LONGITUDE: 118 27 W
[TEMPERATURE DATA] [PRECIPITATION DATA] SYMBOLS USED IN COLUMN 16
AVERAGE MONTHLY: 62.9 TOTAL FOR MONTH: T 1 = FOG OR MIST
DPTR FM NORMAL: -2.7 DPTR FM NORMAL: -0.08 2 = FOG REDUCING VISIBILITY
HIGHEST: 71 ON 28,24 GRTST 24HR T ON 5- 5 TO 1/4 MILE OR LESS
LOWEST: 55 ON 25,23 3 = THUNDER
SNOW, ICE PELLETS, HAIL 4 = ICE PELLETS
TOTAL MONTH: M 5 = HAIL
GRTST 24HR M ON M 6 = FREEZING RAIN OR DRIZZLE
GRTST DEPTH: M ON M 7 = DUSTSTORM OR SANDSTORM:
VSBY 1/2 MILE OR LESS
8 = SMOKE OR HAZE
[NO. OF DAYS WITH] [WEATHER - DAYS WITH] 9 = BLOWING SNOW
X = TORNADO
MAX 32 OR BELOW: 0 0.01 INCH OR MORE: 0
MAX 90 OR ABOVE: 0 0.10 INCH OR MORE: 0
MIN 32 OR BELOW: 0 0.50 INCH OR MORE: 0
MIN 0 OR BELOW: 0 1.00 INCH OR MORE: 0
[HDD (BASE 65) ]
TOTAL THIS MO. 56 CLEAR (SCALE 0-3) 9
DPTR FM NORMAL 34 PTCLDY (SCALE 4-7) 11
TOTAL FM JUL 1 1834 CLOUDY (SCALE 8-10) 10
DPTR FM NORMAL 450
[CDD (BASE 65) ]
TOTAL THIS MO. 0
DPTR FM NORMAL -37 [PRESSURE DATA]
TOTAL FM JAN 1 7 HIGHEST SLP 30.07 ON 25
DPTR FM NORMAL -86 LOWEST SLP 29.83 ON 30
[REMARKS]
#FINAL-06-23#