000
CXUS54 KMAF 011110
CF6SNK
PRELIMINARY LOCAL CLIMATOLOGICAL DATA (WS FORM: F-6)
STATION: SNYDER WINSTON FIELD
MONTH: SEPTEMBER
YEAR: 2022
LATITUDE: 32 41 N
LONGITUDE: 100 57 W
TEMPERATURE IN F: :PCPN: SNOW: WIND :SUNSHINE: SKY :PK WND
================================================================================
1 2 3 4 5 6A 6B 7 8 9 10 11 12 13 14 15 16 17 18
12Z AVG MX 2MIN
DY MAX MIN AVG DEP HDD CDD WTR SNW DPTH SPD SPD DIR MIN PSBL S-S WX SPD DR
================================================================================
1 80 67 74 M 0 9 0.01 M M 4.0 12 170 M M 5 M M
2 86 69 78 M 0 13 0.38 M M 6.8 28 350 M M 5 13 31 350
3 88 67 78 M 0 13 M M M 5.4 12 60 M M 2 18 50
4 90 67 79 M 0 14 M M M 3.9 15 60 M M 1 21 60
5 92 66 79 M 0 14 M M M 6.3 14 170 M M 0 17 170
6 93 68 81 M 0 16 M M M 7.3 14 30 M M 2 18 30
7 90 65 78 M 0 13 M M M 8.9 16 40 M M 0 24 50
8 88 65 77 M 0 12 M M M 1.8 7 150 M M 0 M M
9 91 64 78 M 0 13 M M M 4.6 8 90 M M 0 M M
10 88 67 78 M 0 13 M M M 4.5 10 80 M M 0 16 80
11 77 60 69 M 0 4 M M M 8.7 17 40 M M 3 23 40
12 88 64 76 M 0 11 M M M 6.2 12 220 M M 3 M M
13 91 66 79 M 0 14 M M M 7.8 12 150 M M 2 22 160
14 88 68 78 M 0 13 M M M 9.4 16 240 M M 3 23 150
15 88 66 77 M 0 12 M M M 10.3 16 150 M M 1 22 170
16 92 66 79 M 0 14 M M M 9.6 15 210 M M 1 21 200
17 92 69 81 M 0 16 M M M 9.9 17 190 M M 0 22 190
18 93 70 82 M 0 17 M M M 9.0 15 180 M M 2 22 200
19 92 69 81 M 0 16 M M M 7.9 15 180 M M 1 21 180
20 92 70 81 M 0 16 M M M 8.3 12 120 M M 1 16 200
21 92 70 81 M 0 16 M M M 7.1 14 200 M M 1 25 200
22 88 67 78 M 0 13 M M M 5.9 12 150 M M 1 M M
23 90 64 77 M 0 12 M M M 7.4 15 170 M M 0 24 210
24 92 62 77 M 0 12 M M M 7.2 14 190 M M 0 21 210
25 89 67 78 M 0 13 M M M 5.3 16 100 M M 3 20 0
26 83 64 74 M 0 9 M M M 9.2 15 70 M M 1 21 60
27 87 58 73 M 0 8 M M M 6.2 10 200 M M 1 9 200
28 88 60 74 M 0 9 M M M 5.0 8 230 M M 2 16 240
29 87 62 75 M 0 10 M M M 4.5 10 250 M M 0 M M
30 87 63 75 M 0 10 M M M 3.4 8 120 M M 0 M M
================================================================================
SM 2662 1970 0 375 0.39 M 201.6 M 41
================================================================================
AV 88.7 65.7 6.7 FASTST M M 1 MAX(MPH)
MISC ----> 28 350 31 350
================================================================================
NOTES:
# LAST OF SEVERAL OCCURRENCES
COLUMN 17 PEAK WIND IN M.P.H.
PRELIMINARY LOCAL CLIMATOLOGICAL DATA (WS FORM: F-6) , PAGE 2
STATION: SNYDER WINSTON FIELD
MONTH: SEPTEMBER
YEAR: 2022
LATITUDE: 32 41 N
LONGITUDE: 100 57 W
[TEMPERATURE DATA] [PRECIPITATION DATA] SYMBOLS USED IN COLUMN 16
AVERAGE MONTHLY: 77.2 TOTAL FOR MONTH: 0.39 1 = FOG OR MIST
DPTR FM NORMAL: 0.0 DPTR FM NORMAL: M 2 = FOG REDUCING VISIBILITY
HIGHEST: 93 ON 18, 6 GRTST 24HR 0.38 ON 2- 2 TO 1/4 MILE OR LESS
LOWEST: 58 ON 27 3 = THUNDER
SNOW, ICE PELLETS, HAIL 4 = ICE PELLETS
TOTAL MONTH: M 5 = HAIL
GRTST 24HR M ON M 6 = FREEZING RAIN OR DRIZZLE
GRTST DEPTH: M ON M 7 = DUSTSTORM OR SANDSTORM:
VSBY 1/2 MILE OR LESS
8 = SMOKE OR HAZE
[NO. OF DAYS WITH] [WEATHER - DAYS WITH] 9 = BLOWING SNOW
X = TORNADO
MAX 32 OR BELOW: 0 0.01 INCH OR MORE: 2
MAX 90 OR ABOVE: 14 0.10 INCH OR MORE: 1
MIN 32 OR BELOW: 0 0.50 INCH OR MORE: 0
MIN 0 OR BELOW: 0 1.00 INCH OR MORE: 0
[HDD (BASE 65) ]
TOTAL THIS MO. 0 CLEAR (SCALE 0-3) 26
DPTR FM NORMAL M PTCLDY (SCALE 4-7) 4
TOTAL FM JUL 1 0 CLOUDY (SCALE 8-10) 0
DPTR FM NORMAL M
[CDD (BASE 65) ]
TOTAL THIS MO. 375
DPTR FM NORMAL M [PRESSURE DATA]
TOTAL FM JAN 1 2795 HIGHEST SLP M ON M
DPTR FM NORMAL M LOWEST SLP M ON M
[REMARKS]
#FINAL-09-22#