000
CXUS54 KMAF 011110
CF6SNK
PRELIMINARY LOCAL CLIMATOLOGICAL DATA (WS FORM: F-6)
STATION: SNYDER WINSTON FIELD
MONTH: OCTOBER
YEAR: 2021
LATITUDE: 32 41 N
LONGITUDE: 100 57 W
TEMPERATURE IN F: :PCPN: SNOW: WIND :SUNSHINE: SKY :PK WND
================================================================================
1 2 3 4 5 6A 6B 7 8 9 10 11 12 13 14 15 16 17 18
12Z AVG MX 2MIN
DY MAX MIN AVG DEP HDD CDD WTR SNW DPTH SPD SPD DIR MIN PSBL S-S WX SPD DR
================================================================================
1 74 61 68 M 0 3 0.10 M M 6.4 13 290 M M 7 1 M M
2 78 59 69 M 0 4 M M M 2.6 6 360 M M 3 M M
3 80 58 69 M 0 4 M M M 5.6 12 360 M M 0 M M
4 84 59 72 M 0 7 M M M 4.6 8 150 M M 0 M M
5 87 59 73 M 0 8 M M M 6.1 15 80 M M 2 21 80
6 83 60 72 M 0 7 M M M 7.4 14 110 M M 0 17 110
7 92 60 76 M 0 11 M M M 8.4 13 200 M M 0 21 190
8 94 65 80 M 0 15 M M M 10.9 21 200 M M 0 28 200
9 95 64 80 M 0 15 M M M 11.8 16 180 M M 0 22 180
10 93 54 74 M 0 9 M M M 14.1 38 250 M M 1 8 55 250
11 80 46 63 M 2 0 M M M 7.8 14 140 M M 0 17 180
12 89 63 76 M 0 11 M M M 16.9 26 190 M M 4 33 190
13 76 52 64 M 1 0 M M M 6.4 23 180 M M 1 29 180
14 87 48 68 M 0 3 M M M 6.1 18 240 M M 3 12 30 240
15 68 51 60 M 5 0 M M M 12.5 22 360 M M 0 28 360
16 69 41 55 M 10 0 M M M 4.6 7 140 M M 0 9 10
17 71 45 58 M 7 0 M M M 5.4 13 150 M M 0 22 160
18 76 49 63 M 2 0 M M M 10.6 18 140 M M 0 24 140
19 87 56 72 M 0 7 M M M 11.2 16 170 M M 0 23 200
20 83 57 70 M 0 5 M M M 5.6 9 60 M M 0 M M
21 81 60 71 M 0 6 M M M 7.5 12 70 M M 6 18 180
22 83 60 72 M 0 7 M M M 9.2 15 150 M M 3 1 24 160
23 89 61 75 M 0 10 M M M 11.7 17 170 M M 1 28 180
24 88 62 75 M 0 10 M M M 8.8 17 250 M M 0 22 250
25 91 55 73 M 0 8 M M M 7.1 14 220 M M 0 20 220
26 92 65 79 M 0 14 M M M 14.8 22 200 M M 1 28 170
27 72 53 63 M 2 0 M M M 15.4 31 330 M M 2 39 330
28 70 44 57 M 8 0 M M M 12.7 25 330 M M 0 38 340
29 74 44 59 M 6 0 M M M 8.6 18 340 M M 0 25 320
30 85 42 64 M 1 0 M M M 7.4 14 230 M M 0 20 200
31 67 48 58 M 7 0 M M M 10.5 20 30 M M 0 25 10
================================================================================
SM 2538 1701 51 164 0.10 M 278.7 M 34
================================================================================
AV 81.9 54.9 9.0 FASTST M M 1 MAX(MPH)
MISC ----> 38 250 55 250
================================================================================
NOTES:
# LAST OF SEVERAL OCCURRENCES
COLUMN 17 PEAK WIND IN M.P.H.
PRELIMINARY LOCAL CLIMATOLOGICAL DATA (WS FORM: F-6) , PAGE 2
STATION: SNYDER WINSTON FIELD
MONTH: OCTOBER
YEAR: 2021
LATITUDE: 32 41 N
LONGITUDE: 100 57 W
[TEMPERATURE DATA] [PRECIPITATION DATA] SYMBOLS USED IN COLUMN 16
AVERAGE MONTHLY: 68.4 TOTAL FOR MONTH: 0.10 1 = FOG OR MIST
DPTR FM NORMAL: 0.0 DPTR FM NORMAL: M 2 = FOG REDUCING VISIBILITY
HIGHEST: 95 ON 9 GRTST 24HR 0.10 ON 1- 1 TO 1/4 MILE OR LESS
LOWEST: 41 ON 16 3 = THUNDER
SNOW, ICE PELLETS, HAIL 4 = ICE PELLETS
TOTAL MONTH: M 5 = HAIL
GRTST 24HR M ON M 6 = FREEZING RAIN OR DRIZZLE
GRTST DEPTH: M ON M 7 = DUSTSTORM OR SANDSTORM:
VSBY 1/2 MILE OR LESS
8 = SMOKE OR HAZE
[NO. OF DAYS WITH] [WEATHER - DAYS WITH] 9 = BLOWING SNOW
X = TORNADO
MAX 32 OR BELOW: 0 0.01 INCH OR MORE: 1
MAX 90 OR ABOVE: 6 0.10 INCH OR MORE: 0
MIN 32 OR BELOW: 0 0.50 INCH OR MORE: 0
MIN 0 OR BELOW: 0 1.00 INCH OR MORE: 0
[HDD (BASE 65) ]
TOTAL THIS MO. 51 CLEAR (SCALE 0-3) 28
DPTR FM NORMAL M PTCLDY (SCALE 4-7) 3
TOTAL FM JUL 1 81 CLOUDY (SCALE 8-10) 0
DPTR FM NORMAL M
[CDD (BASE 65) ]
TOTAL THIS MO. 164
DPTR FM NORMAL M [PRESSURE DATA]
TOTAL FM JAN 1 2262 HIGHEST SLP M ON M
DPTR FM NORMAL M LOWEST SLP M ON M
[REMARKS]
#FINAL-10-21#