000
CXUS54 KMAF 011110
CF6SNK
PRELIMINARY LOCAL CLIMATOLOGICAL DATA (WS FORM: F-6)
STATION: SNYDER WINSTON FIELD
MONTH: OCTOBER
YEAR: 2023
LATITUDE: 32 41 N
LONGITUDE: 100 57 W
TEMPERATURE IN F: :PCPN: SNOW: WIND :SUNSHINE: SKY :PK WND
================================================================================
1 2 3 4 5 6A 6B 7 8 9 10 11 12 13 14 15 16 17 18
12Z AVG MX 2MIN
DY MAX MIN AVG DEP HDD CDD WTR SNW DPTH SPD SPD DIR MIN PSBL S-S WX SPD DR
================================================================================
1 86 70 78 M 0 13 M M M 11.3 17 170 M M 1 28 150
2 87 67 77 M 0 12 M M M 10.9 20 130 M M 1 25 170
3 85 66 76 M 0 11 0.03 M M 9.7 15 180 M M 7 13 23 220
4 87 66 77 M 0 12 0.53 M M 10.5 33 320 M M 5 41 320
5 77 62 70 M 0 5 M M M 10.1 17 360 M M 4 23 360
6 80 58 69 M 0 4 M M M 4.3 16 50 M M 0 29 50
7 67 48 58 M 7 0 M M M 9.4 17 30 M M 1 25 50
8 82 51 67 M 0 2 M M M 7.3 15 210 M M 0 20 180
9 83 53 68 M 0 3 M M M 6.0 9 210 M M 0 M M
10 82 55 69 M 0 4 M M M 7.2 12 160 M M 1 17 160
11 88 63 76 M 0 11 M M M 13.1 20 210 M M 3 26 160
12 92 65 79 M 0 14 M M M 14.8 21 230 M M 3 8 29 220
13 72 55 64 M 1 0 M M M 9.2 20 10 M M 0 26 10
14 66 47 57 M 8 0 M M M 7.0 15 40 M M 0 21 40
15 66 45 56 M 9 0 M M M 6.6 14 40 M M 0 8 18 40
16 69 44 57 M 8 0 M M M 4.3 7 120 M M 0 M M
17 82 47 65 M 0 0 M M M 7.8 14 190 M M 0 21 190
18 86 56 71 M 0 6 M M M 11.4 17 270 M M 0 21 360
19 82 52 67 M 0 2 M M M 6.3 13 10 M M 0 18 20
20 89 58 74 M 0 9 M M M 5.2 8 140 M M 0 M M
21 87 59 73 M 0 8 M M M 6.9 16 170 M M 0 21 170
22 82 66 74 M 0 9 M M M 9.1 15 170 M M 0 21 170
23 74 64 69 M 0 4 0.14 M M 10.5 17 190 M M 6 26 150
24 81 66 74 M 0 9 0.07 M M 10.8 15 160 M M 6 1 21 180
25 73 60 67 M 0 2 1.26 M M 8.6 14 120 M M 6 31 150
26 81 56 69 M 0 4 M M M 9.2 17 220 M M 1 12 25 230
27 67 54 61 M 4 0 M M M 9.8 21 10 M M 8 1 25 10
28 55 46 51 M 14 0 M M M 11.8 18 40 M M 10 1 23 50
29 46 32 39 M 26 0 M M M 16.7 21 40 M M 10 1 29 30
30 43 31 37 M 28 0 M M M 10.6 25 360 M M 4 30 360
31 55 32 44 M 21 0 M M M 4.1 10 40 M M 0 18 40
================================================================================
SM 2352 1694 126 144 2.03 M 280.5 M 77
================================================================================
AV 75.9 54.6 9.0 FASTST M M 2 MAX(MPH)
MISC ----> 33 320 41 320
================================================================================
NOTES:
# LAST OF SEVERAL OCCURRENCES
COLUMN 17 PEAK WIND IN M.P.H.
PRELIMINARY LOCAL CLIMATOLOGICAL DATA (WS FORM: F-6) , PAGE 2
STATION: SNYDER WINSTON FIELD
MONTH: OCTOBER
YEAR: 2023
LATITUDE: 32 41 N
LONGITUDE: 100 57 W
[TEMPERATURE DATA] [PRECIPITATION DATA] SYMBOLS USED IN COLUMN 16
AVERAGE MONTHLY: 65.3 TOTAL FOR MONTH: 2.03 1 = FOG OR MIST
DPTR FM NORMAL: 0.0 DPTR FM NORMAL: M 2 = FOG REDUCING VISIBILITY
HIGHEST: 92 ON 12 GRTST 24HR 1.26 ON 25-25 TO 1/4 MILE OR LESS
LOWEST: 31 ON 30 3 = THUNDER
SNOW, ICE PELLETS, HAIL 4 = ICE PELLETS
TOTAL MONTH: M 5 = HAIL
GRTST 24HR M ON M 6 = FREEZING RAIN OR DRIZZLE
GRTST DEPTH: M ON M 7 = DUSTSTORM OR SANDSTORM:
VSBY 1/2 MILE OR LESS
8 = SMOKE OR HAZE
[NO. OF DAYS WITH] [WEATHER - DAYS WITH] 9 = BLOWING SNOW
X = TORNADO
MAX 32 OR BELOW: 0 0.01 INCH OR MORE: 5
MAX 90 OR ABOVE: 1 0.10 INCH OR MORE: 3
MIN 32 OR BELOW: 3 0.50 INCH OR MORE: 2
MIN 0 OR BELOW: 0 1.00 INCH OR MORE: 1
[HDD (BASE 65) ]
TOTAL THIS MO. 126 CLEAR (SCALE 0-3) 20
DPTR FM NORMAL M PTCLDY (SCALE 4-7) 9
TOTAL FM JUL 1 126 CLOUDY (SCALE 8-10) 2
DPTR FM NORMAL M
[CDD (BASE 65) ]
TOTAL THIS MO. 144
DPTR FM NORMAL M [PRESSURE DATA]
TOTAL FM JAN 1 2765 HIGHEST SLP M ON M
DPTR FM NORMAL M LOWEST SLP M ON M
[REMARKS]
#FINAL-10-23#