000
CXUS55 KCYS 050226 CCA
CF6SNY
PRELIMINARY LOCAL CLIMATOLOGICAL DATA (WS FORM: F-6)...CORRECTED
STATION: SIDNEY NEBRASKA AIRPORT
MONTH: JUNE
YEAR: 2022
LATITUDE: 41 5 N
LONGITUDE: 102 59 W
TEMPERATURE IN F: :PCPN: SNOW: WIND :SUNSHINE: SKY :PK WND
================================================================================
1 2 3 4 5 6A 6B 7 8 9 10 11 12 13 14 15 16 17 18
12Z AVG MX 2MIN
DY MAX MIN AVG DEP HDD CDD WTR SNW DPTH SPD SPD DIR MIN PSBL S-S WX SPD DR
================================================================================
1 65 43 54 -8 11 0 T M M 6.2 16 200 M M 6 20 200
2 75 37 56 -6 9 0 0.00 M M 7.8 15 160 M M 4 23 150
3 79 44 62 0 3 0 0.08 M M 11.6 29 200 M M 1 3 38 260
4 83 49 66 3 0 1 T M M 7.5 22 210 M M 1 3 30 210
5 87 49 68 5 0 3 0.09 M M 6.6 25 290 M M 3 3 33 260
6 85 48 67 3 0 2 T M M 10.5 23 240 M M 0 44 240
7 79 46 63 -1 2 0 0.29 M M 8.7 43 340 M M 5 1238 57 340
8 77 40 59 -5 6 0 0.00 M M 7.8 18 140 M M 0 24 130
9 86 52 69 4 0 4 0.00 M M 8.9 20 30 M M 0 27 30
10 88 49 69 4 0 4 0.00 M M 8.3 17 190 M M 0 24 190
11 93 58 76 11 0 11 0.00 M M 12.1 24 330 M M 0 30 330
12 98 63 81 15 0 16 T M M 14.7 30 160 M M 0 3 37 170
13 103 58 81 15 0 16 0.00 M M 16.9 46 340 M M 1 8 61 350
14 78 52 65 -1 0 0 0.26 M M 13.2 31 340 M M 4 3 39 350
15 88 47 68 2 0 3 T M M 10.9 25 240 M M 3 37 230
16 92 43 68 1 0 3 0.00 M M 11.5 22 80 M M 0 31 150
17 101 62 82 15 0 17 0.00 M M 18.7 32 170 M M 0 42 170
18 99 67 83 16 0 18 T M M 23.2 41 190 M M 1 56 200
19 97 67 82 14 0 17 T M M 19.1 36 180 M M 1 8 49 180
20 95 53 74 6 0 9 0.00 M M 12.7 29 200 M M 0 41 190
21 80 44 62 -6 3 0 0.00 M M 7.9 17 160 M M 0 24 330
22 88 43 66 -2 0 1 0.00 M M 11.8 24 160 M M 0 36 160
23 96 53 75 6 0 10 0.00 M M 6.6 16 230 M M 0 21 170
24 95 53 74 5 0 9 0.00 M M 12.5 33 320 M M 0 8 43 320
25 77 54 66 -3 0 1 0.00 M M 15.1 33 360 M M 3 43 360
26 73 55 64 -6 1 0 0.00 M M 11.0 17 150 M M 8 24 140
27 89 47 68 -2 0 3 0.00 M M 12.5 22 160 M M 0 29 150
28 95 51 73 3 0 8 0.00 M M 9.4 20 170 M M 0 25 180
29 101 60 81 11 0 16 0.01 M M 14.1 39 310 M M 1 38 56 320
30 88 59 74 3 0 9 0.02 M M 13.5 35 360 M M 2 13 45 360
================================================================================
SM 2630 1546 35 181 0.75 M 351.3 M 44
================================================================================
AV 87.7 51.5 11.7 FASTST M M 1 MAX(MPH)
MISC ----> 46 340 61 350
================================================================================
NOTES:
# LAST OF SEVERAL OCCURRENCES
COLUMN 17 PEAK WIND IN M.P.H.
PRELIMINARY LOCAL CLIMATOLOGICAL DATA (WS FORM: F-6) , PAGE 2
STATION: SIDNEY NEBRASKA AIRPORT
MONTH: JUNE
YEAR: 2022
LATITUDE: 41 5 N
LONGITUDE: 102 59 W
[TEMPERATURE DATA] [PRECIPITATION DATA] SYMBOLS USED IN COLUMN 16
AVERAGE MONTHLY: 69.6 TOTAL FOR MONTH: 0.75 1 = FOG OR MIST
DPTR FM NORMAL: 3.1 DPTR FM NORMAL: -2.40 2 = FOG REDUCING VISIBILITY
HIGHEST: 103 ON 13 GRTST 24HR 0.29 ON 7- 7 TO 1/4 MILE OR LESS
LOWEST: 37 ON 2 3 = THUNDER
SNOW, ICE PELLETS, HAIL 4 = ICE PELLETS
TOTAL MONTH: M 5 = HAIL
GRTST 24HR M ON M 6 = FREEZING RAIN OR DRIZZLE
GRTST DEPTH: M ON M 7 = DUSTSTORM OR SANDSTORM:
VSBY 1/2 MILE OR LESS
8 = SMOKE OR HAZE
[NO. OF DAYS WITH] [WEATHER - DAYS WITH] 9 = BLOWING SNOW
X = TORNADO
MAX 32 OR BELOW: 0 0.01 INCH OR MORE: 6
MAX 90 OR ABOVE: 12 0.10 INCH OR MORE: 2
MIN 32 OR BELOW: 0 0.50 INCH OR MORE: 0
MIN 0 OR BELOW: 0 1.00 INCH OR MORE: 0
[HDD (BASE 65) ]
TOTAL THIS MO. 35 CLEAR (SCALE 0-3) 24
DPTR FM NORMAL -34 PTCLDY (SCALE 4-7) 6
TOTAL FM JUL 1 6332 CLOUDY (SCALE 8-10) 0
DPTR FM NORMAL -349
[CDD (BASE 65) ]
TOTAL THIS MO. 181
DPTR FM NORMAL 67 [PRESSURE DATA]
TOTAL FM JAN 1 190 HIGHEST SLP 30.44 ON 26
DPTR FM NORMAL 61 LOWEST SLP 29.25 ON 13
[REMARKS]
JUNE 13...RECORD HIGH 103 DEGREES (PREVIOUS 100 DEGREES IN 1956)
JUNE 18...RECORD HIGH LOW 67 DEGREES (PREVIOUS 64 DEGREES IN 2005)
AVERAGE TEMPERATURE 69.6 DEGREES TIED FOR 8TH WARMEST JUNE
MONTHLY PRECIPITATION 0.75" WAS 4TH DRIEST JUNE
#FINAL-06-22#