000
CXUS55 KCYS 021303
CF6SNY
PRELIMINARY LOCAL CLIMATOLOGICAL DATA (WS FORM: F-6)
STATION: SIDNEY NEBRASKA AIRPORT
MONTH: DECEMBER
YEAR: 2023
LATITUDE: 41 5 N
LONGITUDE: 102 59 W
TEMPERATURE IN F: :PCPN: SNOW: WIND :SUNSHINE: SKY :PK WND
================================================================================
1 2 3 4 5 6A 6B 7 8 9 10 11 12 13 14 15 16 17 18
12Z AVG MX 2MIN
DY MAX MIN AVG DEP HDD CDD WTR SNW DPTH SPD SPD DIR MIN PSBL S-S WX SPD DR
================================================================================
1 39 16 28 -3 37 0 0.00 M M 9.6 21 210 M M 3 26 210
2 43 14 29 -1 36 0 0.00 M M 13.6 30 300 M M 1 40 290
3 39 12 26 -4 39 0 0.04 M M 14.7 40 340 M M 3 1 59 340
4 54 18 36 6 29 0 0.00 M M 12.2 25 10 M M 4 36 290
5 61 22 42 13 23 0 0.00 M M 9.4 20 300 M M 1 26 310
6 71 26 49 20 16 0 0.00 M M 8.2 15 250 M M 0 20 240
7 65 22 44 15 21 0 0.00 M M 17.5 43 280 M M 0 60 270
8 45 25 35 7 30 0 0.00 M M 14.8 26 320 M M 1 33 330
9 40 12 26 -2 39 0 0.00 M M 15.4 35 340 M M 0 46 340
10 47 11 29 1 36 0 0.00 M M 11.6 30 320 M M 0 42 320
11 51 23 37 9 28 0 0.00 M M 8.7 15 320 M M 3 19 350
12 34 13 24 -4 41 0 T M M 8.3 20 140 M M 4 1 25 140
13 41 11 26 -1 39 0 T M M 8.3 16 160 M M 4 16 21 160
14 37 21 29 2 36 0 0.17 M M 14.0 26 190 M M 9 16 35 180
15 50 20 35 8 30 0 0.00 M M 15.6 33 330 M M 0 44 340
16 58 18 38 11 27 0 0.00 M M 12.5 21 320 M M 0 27 310
17 56 20 38 11 27 0 0.00 M M 13.0 30 340 M M 0 39 330
18 48 14 31 4 34 0 0.00 M M 8.1 18 200 M M 0 22 200
19 66 22 44 17 21 0 0.00 M M 11.3 22 330 M M 0 30 310
20 61 26 44 18 21 0 0.00 M M 7.3 13 240 M M 2 15 300
21 61 27 44 18 21 0 0.00 M M 10.0 18 320 M M 2 26 310
22 58 24 41 15 24 0 0.00 M M 10.0 21 230 M M 0 28 230
23 49 22 36 10 29 0 T M M 8.0 28 340 M M 7 38 350
24 33 17 25 -1 40 0 0.03 M M 23.0 33 340 M M 9 1 48 340
25 29 18 24 -2 41 0 T M M 23.3 39 330 M M 9 1 56 320
26 32 21 27 1 38 0 0.21 M M 27.7 41 330 M M 10 1 59 320
27 40 20 30 4 35 0 T M M 17.3 30 330 M M 6 42 330
28 40 14 27 1 38 0 0.00 M M 11.0 16 340 M M 0 21 310
29 50 22 36 10 29 0 0.00 M M 11.7 18 320 M M 0 25 320
30 50 20 35 9 30 0 0.00 M M 8.2 15 330 M M 1 19 330
31 38 12 25 -2 40 0 0.00 M M 6.2 10 160 M M 0 13 140
================================================================================
SM 1486 583 975 0 0.45 M 390.5 M 79
================================================================================
AV 47.9 18.8 12.6 FASTST M M 3 MAX(MPH)
MISC ----> 43 280 60 270
================================================================================
NOTES:
# LAST OF SEVERAL OCCURRENCES
COLUMN 17 PEAK WIND IN M.P.H.
PRELIMINARY LOCAL CLIMATOLOGICAL DATA (WS FORM: F-6) , PAGE 2
STATION: SIDNEY NEBRASKA AIRPORT
MONTH: DECEMBER
YEAR: 2023
LATITUDE: 41 5 N
LONGITUDE: 102 59 W
[TEMPERATURE DATA] [PRECIPITATION DATA] SYMBOLS USED IN COLUMN 16
AVERAGE MONTHLY: 33.4 TOTAL FOR MONTH: 0.45 1 = FOG OR MIST
DPTR FM NORMAL: 5.9 DPTR FM NORMAL: 0.25 2 = FOG REDUCING VISIBILITY
HIGHEST: 71 ON 6 GRTST 24HR 0.21 ON 26-26 TO 1/4 MILE OR LESS
LOWEST: 11 ON 13,10 3 = THUNDER
SNOW, ICE PELLETS, HAIL 4 = ICE PELLETS
TOTAL MONTH: M 5 = HAIL
GRTST 24HR M ON M 6 = FREEZING RAIN OR DRIZZLE
GRTST DEPTH: M ON M 7 = DUSTSTORM OR SANDSTORM:
VSBY 1/2 MILE OR LESS
8 = SMOKE OR HAZE
[NO. OF DAYS WITH] [WEATHER - DAYS WITH] 9 = BLOWING SNOW
X = TORNADO
MAX 32 OR BELOW: 2 0.01 INCH OR MORE: 4
MAX 90 OR ABOVE: 0 0.10 INCH OR MORE: 2
MIN 32 OR BELOW: 31 0.50 INCH OR MORE: 0
MIN 0 OR BELOW: 0 1.00 INCH OR MORE: 0
[HDD (BASE 65) ]
TOTAL THIS MO. 975 CLEAR (SCALE 0-3) 21
DPTR FM NORMAL -186 PTCLDY (SCALE 4-7) 6
TOTAL FM JUL 1 2372 CLOUDY (SCALE 8-10) 4
DPTR FM NORMAL -342
[CDD (BASE 65) ]
TOTAL THIS MO. 0
DPTR FM NORMAL 0 [PRESSURE DATA]
TOTAL FM JAN 1 610 HIGHEST SLP 30.61 ON 13
DPTR FM NORMAL -82 LOWEST SLP 29.52 ON 7
[REMARKS]
#FINAL-12-23#
DECEMBER 6... RECORD HIGH TEMPERATURE: 71F (PREVIOUS: 64F IN 1984)
DECEMBER 19... RECORD HIGH TEMPERATURE: 66F (PREVIOUS: 62F IN 2021)
DECEMBER 24-27... COCORAHS STATION NE-CN-10 USED FOR PRECIPTIATION DUE TO ASOS TIPPING BUCKET ERRORS.
DECEMBER 26... RECORD DAILY PRECIPITATION: 0.21" (PREVIOUS: 0.19" IN 1967)