000
CXUS55 KCYS 011826
CF6SNY
PRELIMINARY LOCAL CLIMATOLOGICAL DATA (WS FORM: F-6)
STATION: SIDNEY NEBRASKA AIRPORT
MONTH: NOVEMBER
YEAR: 2023
LATITUDE: 41 5 N
LONGITUDE: 102 59 W
TEMPERATURE IN F: :PCPN: SNOW: WIND :SUNSHINE: SKY :PK WND
================================================================================
1 2 3 4 5 6A 6B 7 8 9 10 11 12 13 14 15 16 17 18
12Z AVG MX 2MIN
DY MAX MIN AVG DEP HDD CDD WTR SNW DPTH SPD SPD DIR MIN PSBL S-S WX SPD DR
================================================================================
1 60 21 41 0 24 0 0.00 M M 7.7 18 320 M M 0 25 320
2 70 20 45 4 20 0 0.00 M M 11.3 22 280 M M 1 28 250
3 67 38 53 12 12 0 0.00 M M 8.8 26 310 M M 4 32 310
4 65 34 50 10 15 0 T M M 8.3 15 210 M M 2 20 210
5 76 35 56 16 9 0 0.00 M M 11.9 21 220 M M 0 27 220
6 72 31 52 12 13 0 0.00 M M 9.5 17 200 M M 0 24 200
7 67 31 49 10 16 0 0.00 M M 10.8 22 10 M M 0 27 340
8 55 23 39 0 26 0 T M M 13.6 29 350 M M 4 39 330
9 49 16 33 -6 32 0 0.00 M M 10.1 24 340 M M 0 30 320
10 58 14 36 -2 29 0 0.00 M M 7.3 13 200 M M 0 19 220
11 63 21 42 4 23 0 0.00 M M 11.2 28 260 M M 0 37 260
12 63 29 46 8 19 0 0.00 M M 8.5 18 300 M M 0 24 330
13 69 27 48 11 17 0 0.00 M M 14.6 28 180 M M 0 38 180
14 71 32 52 15 13 0 0.00 M M 10.8 30 310 M M 0 41 310
15 69 26 48 12 17 0 0.00 M M 9.6 20 180 M M 0 27 210
16 63 27 45 9 20 0 T M M 10.6 31 330 M M 3 42 330
17 61 24 43 7 22 0 0.00 M M 8.4 20 320 M M 0 25 320
18 63 22 43 8 22 0 0.00 M M 6.4 14 300 M M 0 18 160
19 60 27 44 9 21 0 0.00 M M 8.8 18 350 M M 1 24 360
20 44 30 37 2 28 0 T M M 19.0 33 350 M M 9 1 44 10
21 54 22 38 4 27 0 0.00 M M 12.0 24 340 M M 0 30 330
22 71 24 48 14 17 0 0.00 M M 11.5 26 300 M M 0 35 300
23 37 20 29 -5 36 0 0.01 M M 12.4 20 60 M M 4 16 25 50
24 20 12 16 -17 49 0 0.14 M M 11.5 17 80 M M 10 18 23 80
25 20 10 15 -18 50 0 T M M 8.5 20 310 M M 7 18 27 300
26 34 15 25 -7 40 0 0.00 M M 13.9 26 320 M M 2 36 330
27 38 13 26 -6 39 0 0.00 M M 10.0 17 300 M M 0 22 310
28 47 12 30 -2 35 0 0.00 M M 11.6 21 300 M M 0 28 300
29 56 15 36 5 29 0 0.00 M M 9.2 16 310 M M 0 21 330
30 35 16 26 -5 39 0 0.00 M M 6.5 16 340 M M 0 20 340
================================================================================
SM 1677 687 759 0 0.15 M 314.3 M 47
================================================================================
AV 55.9 22.9 10.5 FASTST M M 2 MAX(MPH)
MISC ----> 33 350 44 10
================================================================================
NOTES:
# LAST OF SEVERAL OCCURRENCES
COLUMN 17 PEAK WIND IN M.P.H.
PRELIMINARY LOCAL CLIMATOLOGICAL DATA (WS FORM: F-6) , PAGE 2
STATION: SIDNEY NEBRASKA AIRPORT
MONTH: NOVEMBER
YEAR: 2023
LATITUDE: 41 5 N
LONGITUDE: 102 59 W
[TEMPERATURE DATA] [PRECIPITATION DATA] SYMBOLS USED IN COLUMN 16
AVERAGE MONTHLY: 39.4 TOTAL FOR MONTH: 0.15 1 = FOG OR MIST
DPTR FM NORMAL: 3.2 DPTR FM NORMAL: -0.36 2 = FOG REDUCING VISIBILITY
HIGHEST: 76 ON 5 GRTST 24HR 0.15 ON 23-24 TO 1/4 MILE OR LESS
LOWEST: 10 ON 25 3 = THUNDER
SNOW, ICE PELLETS, HAIL 4 = ICE PELLETS
TOTAL MONTH: M 5 = HAIL
GRTST 24HR M ON M 6 = FREEZING RAIN OR DRIZZLE
GRTST DEPTH: M ON M 7 = DUSTSTORM OR SANDSTORM:
VSBY 1/2 MILE OR LESS
8 = SMOKE OR HAZE
[NO. OF DAYS WITH] [WEATHER - DAYS WITH] 9 = BLOWING SNOW
X = TORNADO
MAX 32 OR BELOW: 2 0.01 INCH OR MORE: 2
MAX 90 OR ABOVE: 0 0.10 INCH OR MORE: 1
MIN 32 OR BELOW: 27 0.50 INCH OR MORE: 0
MIN 0 OR BELOW: 0 1.00 INCH OR MORE: 0
[HDD (BASE 65) ]
TOTAL THIS MO. 759 CLEAR (SCALE 0-3) 24
DPTR FM NORMAL -103 PTCLDY (SCALE 4-7) 4
TOTAL FM JUL 1 1397 CLOUDY (SCALE 8-10) 2
DPTR FM NORMAL -158
[CDD (BASE 65) ]
TOTAL THIS MO. 0
DPTR FM NORMAL 0 [PRESSURE DATA]
TOTAL FM JAN 1 610 HIGHEST SLP 30.52 ON 24
DPTR FM NORMAL -82 LOWEST SLP 29.61 ON 19
[REMARKS]
#FINAL-11-23#
NOVEMBER 5... RECORD HIGH MINIMUM TEMPERATURE: 35F (PREVIOUS: 34F IN 2006)