000
CXUS56 KPQR 011301
CF6SPB
PRELIMINARY LOCAL CLIMATOLOGICAL DATA (WS FORM: F-6)
STATION: SCAPPOOSE OR
MONTH: JANUARY
YEAR: 2023
LATITUDE: 45 46 N
LONGITUDE: 122 50 W
TEMPERATURE IN F: :PCPN: SNOW: WIND :SUNSHINE: SKY :PK WND
================================================================================
1 2 3 4 5 6A 6B 7 8 9 10 11 12 13 14 15 16 17 18
12Z AVG MX 2MIN
DY MAX MIN AVG DEP HDD CDD WTR SNW DPTH SPD SPD DIR MIN PSBL S-S WX SPD DR
================================================================================
1 46 27 37 -3 28 0 0.00 M M 1.8 6 270 M M 7 12 7 290
2 43 27 35 -5 30 0 0.08 M M 4.0 12 170 M M 4 12 18 190
3 43 37 40 0 25 0 0.03 M M 2.5 10 180 M M 9 1 14 170
4 49 33 41 1 24 0 0.12 M M 4.2 14 170 M M 6 1 21 150
5 51 46 49 9 16 0 0.05 M M 6.4 15 180 M M 8 1 23 160
6 52 35 44 4 21 0 0.20 M M 3.0 17 140 M M 8 1 23 160
7 47 37 42 2 23 0 0.20 M M 1.1 8 170 M M 9 12 10 170
8 52 38 45 5 20 0 0.59 M M 2.9 20 220 M M 10 12 28 240
9 56 36 46 6 19 0 0.23 M M 4.6 16 210 M M 8 123 25 190
10 52 32 42 2 23 0 0.13 M M 2.6 9 210 M M 6 12 14 180
11 49 42 46 6 19 0 0.52 M M 2.3 10 200 M M 9 1 15 200
12 53 45 49 9 16 0 0.37 M M 0.9 8 210 M M 10 1 12 160
13 53 46 50 10 15 0 0.30 M M 3.5 9 140 M M 10 1 13 150
14 50 41 46 6 19 0 0.17 M M 2.5 8 150 M M 8 12 12 150
15 50 45 48 8 17 0 0.66 M M 7.4 16 180 M M 9 1 25 170
16 51 37 44 4 21 0 0.08 M M 1.6 7 170 M M 9 1 9 160
17 49 44 47 7 18 0 0.01 M M 4.5 10 150 M M 10 1 15 180
18 47 33 40 0 25 0 0.17 M M 3.3 12 140 M M 9 1 16 150
19 41 33 37 -3 28 0 0.00 M M 1.8 6 290 M M 10 1 7 300
20 41 33 37 -3 28 0 0.00 M M 0.9 5 210 M M 10 1 6 340
21 44 29 37 -4 28 0 0.04 M M 4.7 15 140 M M 7 1 22 250
22 48 30 39 -2 26 0 T M M 1.1 9 260 M M 7 1 12 310
23 49 36 43 2 22 0 0.00 M M 1.9 7 290 M M 8 9 130
24 47 30 39 -2 26 0 0.00 M M 1.7 6 30 M M 8 12 7 30
25 50 38 44 3 21 0 0.00 M M 2.8 10 340 M M 9 13 340
26 45 40 43 2 22 0 0.00 M M 1.9 8 200 M M 10 1 11 180
27 54 38 46 5 19 0 0.01 M M 3.5 12 150 M M 9 1 14 360
28 47 35 41 0 24 0 0.23 M M 2.4 22 120 M M 9 12 28 140
29 41 22 32 -9 33 0 0.00 M M 5.6 18 90 M M 0 24 90
30 44 19 32 -9 33 0 0.00 M M 1.1 7 290 M M 0 9 300
31 40 24 32 -9 33 0 0.00 M M 0.3 5 280 M M 0 7 160
================================================================================
SM 1484 1088 722 0 4.19 M 88.8 M 236
================================================================================
AV 47.9 35.1 2.9 FASTST M M 8 MAX(MPH)
MISC ----> 22 120 # 28 240
================================================================================
NOTES:
# LAST OF SEVERAL OCCURRENCES
COLUMN 17 PEAK WIND IN M.P.H.
PRELIMINARY LOCAL CLIMATOLOGICAL DATA (WS FORM: F-6) , PAGE 2
STATION: SCAPPOOSE OR
MONTH: JANUARY
YEAR: 2023
LATITUDE: 45 46 N
LONGITUDE: 122 50 W
[TEMPERATURE DATA] [PRECIPITATION DATA] SYMBOLS USED IN COLUMN 16
AVERAGE MONTHLY: 41.5 TOTAL FOR MONTH: 4.19 1 = FOG OR MIST
DPTR FM NORMAL: 1.2 DPTR FM NORMAL: -2.35 2 = FOG REDUCING VISIBILITY
HIGHEST: 56 ON 9 GRTST 24HR 0.79 ON 11-12 TO 1/4 MILE OR LESS
LOWEST: 19 ON 30 3 = THUNDER
SNOW, ICE PELLETS, HAIL 4 = ICE PELLETS
TOTAL MONTH: M 5 = HAIL
GRTST 24HR M ON M 6 = FREEZING RAIN OR DRIZZLE
GRTST DEPTH: M ON M 7 = DUSTSTORM OR SANDSTORM:
VSBY 1/2 MILE OR LESS
8 = SMOKE OR HAZE
[NO. OF DAYS WITH] [WEATHER - DAYS WITH] 9 = BLOWING SNOW
X = TORNADO
MAX 32 OR BELOW: 0 0.01 INCH OR MORE: 20
MAX 90 OR ABOVE: 0 0.10 INCH OR MORE: 13
MIN 32 OR BELOW: 9 0.50 INCH OR MORE: 3
MIN 0 OR BELOW: 0 1.00 INCH OR MORE: 0
[HDD (BASE 65) ]
TOTAL THIS MO. 722 CLEAR (SCALE 0-3) 3
DPTR FM NORMAL -44 PTCLDY (SCALE 4-7) 8
TOTAL FM JUL 1 2490 CLOUDY (SCALE 8-10) 20
DPTR FM NORMAL -185
[CDD (BASE 65) ]
TOTAL THIS MO. 0
DPTR FM NORMAL 0 [PRESSURE DATA]
TOTAL FM JAN 1 0 HIGHEST SLP 30.71 ON 25
DPTR FM NORMAL 0 LOWEST SLP 29.23 ON 14
[REMARKS]
#FINAL-01-23#