000
CXUS52 KTBW 191447
CF6SPG
PRELIMINARY LOCAL CLIMATOLOGICAL DATA (WS FORM: F-6)
STATION: SAINT PETERSBURG
MONTH: JULY
YEAR: 2023
LATITUDE: 27 46 N
LONGITUDE: 82 38 W
TEMPERATURE IN F: :PCPN: SNOW: WIND :SUNSHINE: SKY :PK WND
================================================================================
1 2 3 4 5 6A 6B 7 8 9 10 11 12 13 14 15 16 17 18
12Z AVG MX 2MIN
DY MAX MIN AVG DEP HDD CDD WTR SNW DPTH SPD SPD DIR MIN PSBL S-S WX SPD DR
================================================================================
1 95 80 88 4 0 23 0.00 0.0 0 8.7 18 120 M M 0 24 100
2 95 81 88 4 0 23 0.00 0.0 0 7.6 15 110 M M 1 3 20 120
3 91 80 86 2 0 21 0.43 0.0 0 4.8 22 60 M M 3 1238 28 60
4 94 82 88 4 0 23 0.00 0.0 0 5.8 12 330 M M 2 16 350
5 93 80 87 3 0 22 0.09 0.0 0 7.4 28 270 M M 2 3 40 260
6 92 81 87 3 0 22 0.00 0.0 0 6.6 16 340 M M 1 3 23 340
7 89 82 86 2 0 21 0.01 0.0 0 7.6 20 260 M M 2 27 260
8 87 79 83 -1 0 18 0.12 0.0 0 7.5 20 260 M M 3 13 28 250
9 90 82 86 2 0 21 0.00 0.0 0 8.0 16 250 M M 2 3 24 250
10 89 78 84 0 0 19 0.65 0.0 0 7.4 21 260 M M 3 123 32 250
11 89 80 85 1 0 20 0.07 0.0 0 6.9 21 340 M M 1 13 27 350
12 90 83 87 3 0 22 0.00 0.0 0 5.2 14 250 M M 1 20 210
13 90 78 84 0 0 19 0.41 0.0 0 4.6 20 20 M M 2 13 25 20
14 90 82 86 2 0 21 0.00 0.0 0 6.1 16 260 M M 1 22 270
15 90 84 87 3 0 22 0.00 0.0 0 6.1 15 270 M M 1 21 230
16 89 83 86 2 0 21 0.00 0.0 0 7.3 16 70 M M 2 3 21 220
17 90 82 86 2 0 21 0.01 0.0 0 7.3 24 50 M M 2 3 28 60
18 88 78 83 -1 0 18 0.86 0.0 0 6.0 21 290 M M 4 3 28 280
19 93 78 86 2 0 21 0.83 0.0 0 5.5 21 160 M M 1 3 30 170
20 91 80 86 2 0 21 0.00 0.0 0 6.5 14 260 M M 1 21 240
21 93 83 88 4 0 23 0.00 0.0 0 6.1 14 350 M M 2 21 260
22 90 81 86 2 0 21 0.03 0.0 0 7.4 16 250 M M 2 3 25 260
23 90 82 86 2 0 21 T 0.0 0 8.1 22 240 M M 2 3 29 230
24 90 81 86 2 0 21 0.01 0.0 0 5.4 17 320 M M 1 38 28 310
25 92 81 87 3 0 22 0.00 0.0 0 6.8 14 360 M M 1 18 23 330
26 93 82 88 4 0 23 0.00 0.0 0 4.9 16 260 M M 2 38 24 270
27 89 80 85 1 0 20 T 0.0 0 5.5 26 10 M M 2 34 10
28 95 77 86 2 0 21 1.48 0.0 0 5.2 29 110 M M 2 13 36 120
29 90 80 85 1 0 20 T 0.0 0 6.1 15 160 M M 2 3 17 330
30 92 83 88 4 0 23 0.02 0.0 0 5.9 18 130 M M 2 3 26 290
31 90 79 85 1 0 20 T 0.0 0 6.3 24 80 M M 2 3 30 90
================================================================================
SM 2819 2502 0 654 5.02 0.0 200.6 M 55
================================================================================
AV 90.9 80.7 6.5 FASTST M M 2 MAX(MPH)
MISC ----> 29 110 40 260
================================================================================
NOTES:
# LAST OF SEVERAL OCCURRENCES
COLUMN 17 PEAK WIND IN M.P.H.
PRELIMINARY LOCAL CLIMATOLOGICAL DATA (WS FORM: F-6) , PAGE 2
STATION: SAINT PETERSBURG
MONTH: JULY
YEAR: 2023
LATITUDE: 27 46 N
LONGITUDE: 82 38 W
[TEMPERATURE DATA] [PRECIPITATION DATA] SYMBOLS USED IN COLUMN 16
AVERAGE MONTHLY: 85.8 TOTAL FOR MONTH: 5.02 1 = FOG OR MIST
DPTR FM NORMAL: 2.0 DPTR FM NORMAL: -2.47 2 = FOG REDUCING VISIBILITY
HIGHEST: 95 ON 28, 2 GRTST 24HR 1.48 ON 28-28 TO 1/4 MILE OR LESS
LOWEST: 77 ON 28 3 = THUNDER
SNOW, ICE PELLETS, HAIL 4 = ICE PELLETS
TOTAL MONTH: 0.0 INCH 5 = HAIL
GRTST 24HR 0.0 6 = FREEZING RAIN OR DRIZZLE
GRTST DEPTH: 0 7 = DUSTSTORM OR SANDSTORM:
VSBY 1/2 MILE OR LESS
8 = SMOKE OR HAZE
[NO. OF DAYS WITH] [WEATHER - DAYS WITH] 9 = BLOWING SNOW
X = TORNADO
MAX 32 OR BELOW: 0 0.01 INCH OR MORE: 14
MAX 90 OR ABOVE: 24 0.10 INCH OR MORE: 7
MIN 32 OR BELOW: 0 0.50 INCH OR MORE: 4
MIN 0 OR BELOW: 0 1.00 INCH OR MORE: 1
[HDD (BASE 65) ]
TOTAL THIS MO. 0 CLEAR (SCALE 0-3) 28
DPTR FM NORMAL 0 PTCLDY (SCALE 4-7) 3
TOTAL FM JUL 1 0 CLOUDY (SCALE 8-10) 0
DPTR FM NORMAL 0
[CDD (BASE 65) ]
TOTAL THIS MO. 654
DPTR FM NORMAL 71 [PRESSURE DATA]
TOTAL FM JAN 1 2514 HIGHEST SLP 30.15 ON 25
DPTR FM NORMAL 393 LOWEST SLP 29.89 ON 1
[REMARKS]
#FINAL-07-23#