000
CXUS54 KOUN 010810
CF6SPS
PRELIMINARY LOCAL CLIMATOLOGICAL DATA (WS FORM: F-6)
STATION: WICHITA FALLS
MONTH: MAY
YEAR: 2022
LATITUDE: 33 58 N
LONGITUDE: 98 29 W
TEMPERATURE IN F: :PCPN: SNOW: WIND :SUNSHINE: SKY :PK WND
================================================================================
1 2 3 4 5 6A 6B 7 8 9 10 11 12 13 14 15 16 17 18
12Z AVG MX 2MIN
DY MAX MIN AVG DEP HDD CDD WTR SNW DPTH SPD SPD DIR MIN PSBL S-S WX SPD DR
================================================================================
1 84 47 66 -1 0 1 0.21 0.0 0 11.3 25 140 M M 2 3 34 130
2 90 56 73 6 0 8 0.21 0.0 0 17.5 38 40 M M 5 13 46 40
3 66 44 55 -13 10 0 0.00 0.0 0 11.5 23 350 M M 7 29 360
4 82 57 70 2 0 5 0.04 0.0 0 15.0 45 160 M M 8 13 55 150
5 78 53 66 -2 0 1 T 0.0 0 11.9 29 310 M M 3 1 36 300
6 85 48 67 -1 0 2 0.00 0.0 0 7.5 15 130 M M 1 19 170
7 92 59 76 7 0 11 0.00 0.0 0 15.0 28 130 M M 0 32 150
8 103 75 89 20 0 24 0.00 0.0 0 20.0 30 160 M M 0 34 160
9 99 75 87 18 0 22 0.00 0.0 0 21.5 29 180 M M 0 36 150
10 96 76 86 16 0 21 0.00 0.0 M 18.5 29 140 M M 1 35 200
11 93 66 80 10 0 15 T 0.0 M 16.3 32 330 M M 4 3 38 320
12 97 67 82 12 0 17 0.00 0.0 0 16.5 28 170 M M 1 34 160
13 98 70 84 13 0 19 0.04 0.0 0 12.2 24 110 M M 1 3 32 100
14 93 62 78 7 0 13 0.00 0.0 0 8.7 18 130 M M 0 22 140
15 102 66 84 12 0 19 0.00 0.0 0 13.7 36 40 M M 1 44 40
16 89 66 78 6 0 13 T 0.0 0 12.0 26 290 M M 1 33 300
17 97 67 82 10 0 17 0.04 0.0 0 17.1 30 160 M M 2 3 38 150
18 100 71 86 14 0 21 0.00 0.0 0 13.7 24 160 M M 2 33 150
19 101 71 86 13 0 21 0.00 0.0 0 17.5 33 160 M M 1 41 160
20 96 76 86 13 0 21 0.00 0.0 0 15.7 29 190 M M 3 37 190
21 79 61 70 -4 0 5 0.00 0.0 0 19.9 30 20 M M 8 36 10
22 75 50 63 -11 2 0 0.00 0.0 0 15.1 26 20 M M 2 32 20
23 68 56 62 -12 3 0 T 0.0 0 11.3 18 110 M M 9 13 23 110
24 68 58 63 -11 2 0 1.99 0.0 0 8.7 30 50 M M 10 13 34 50
25 65 54 60 -15 5 0 0.07 0.0 M 14.5 30 50 M M 9 36 50
26 87 50 69 -6 0 4 0.00 0.0 0 9.6 22 330 M M 0 25 320
27 91 55 73 -3 0 8 0.00 0.0 0 9.7 18 180 M M 0 23 130
28 98 66 82 6 0 17 T 0.0 0 20.8 35 190 M M 0 3 42 190
29 96 71 84 8 0 19 0.00 0.0 0 21.9 33 150 M M 0 43 150
30 95 72 84 8 0 19 0.00 0.0 0 21.2 36 180 M M 1 45 190
31 94 71 83 6 0 18 0.00 0.0 0 19.3 28 180 M M 3 3 33 200
================================================================================
SM 2757 1936 22 361 2.60 0.0 465.1 M 85
================================================================================
AV 88.9 62.5 15.0 FASTST M M 3 MAX(MPH)
MISC ----> 45 160 55 150
================================================================================
NOTES:
# LAST OF SEVERAL OCCURRENCES
COLUMN 17 PEAK WIND IN M.P.H.
PRELIMINARY LOCAL CLIMATOLOGICAL DATA (WS FORM: F-6) , PAGE 2
STATION: WICHITA FALLS
MONTH: MAY
YEAR: 2022
LATITUDE: 33 58 N
LONGITUDE: 98 29 W
[TEMPERATURE DATA] [PRECIPITATION DATA] SYMBOLS USED IN COLUMN 16
AVERAGE MONTHLY: 75.7 TOTAL FOR MONTH: 2.60 1 = FOG OR MIST
DPTR FM NORMAL: 3.9 DPTR FM NORMAL: -1.21 2 = FOG REDUCING VISIBILITY
HIGHEST: 103 ON 8 GRTST 24HR 2.05 ON 24-25 TO 1/4 MILE OR LESS
LOWEST: 44 ON 3 3 = THUNDER
SNOW, ICE PELLETS, HAIL 4 = ICE PELLETS
TOTAL MONTH: 0.0 INCH 5 = HAIL
GRTST 24HR 0.0 6 = FREEZING RAIN OR DRIZZLE
GRTST DEPTH: 0 7 = DUSTSTORM OR SANDSTORM:
VSBY 1/2 MILE OR LESS
8 = SMOKE OR HAZE
[NO. OF DAYS WITH] [WEATHER - DAYS WITH] 9 = BLOWING SNOW
X = TORNADO
MAX 32 OR BELOW: 0 0.01 INCH OR MORE: 7
MAX 90 OR ABOVE: 19 0.10 INCH OR MORE: 3
MIN 32 OR BELOW: 0 0.50 INCH OR MORE: 1
MIN 0 OR BELOW: 0 1.00 INCH OR MORE: 1
[HDD (BASE 65) ]
TOTAL THIS MO. 22 CLEAR (SCALE 0-3) 22
DPTR FM NORMAL -3 PTCLDY (SCALE 4-7) 4
TOTAL FM JUL 1 2457 CLOUDY (SCALE 8-10) 5
DPTR FM NORMAL -438
[CDD (BASE 65) ]
TOTAL THIS MO. 361
DPTR FM NORMAL 125 [PRESSURE DATA]
TOTAL FM JAN 1 509 HIGHEST SLP M ON M
DPTR FM NORMAL 177 LOWEST SLP 29.35 ON 19
[REMARKS]
#FINAL-05-22#