000
CXUS54 KOUN 010700
CF6SPS
PRELIMINARY LOCAL CLIMATOLOGICAL DATA (WS FORM: F-6)
STATION: WICHITA FALLS
MONTH: AUGUST
YEAR: 2020
LATITUDE: 33 58 N
LONGITUDE: 98 29 W
TEMPERATURE IN F: :PCPN: SNOW: WIND :SUNSHINE: SKY :PK WND
================================================================================
1 2 3 4 5 6A 6B 7 8 9 10 11 12 13 14 15 16 17 18
12Z AVG MX 2MIN
DY MAX MIN AVG DEP HDD CDD WTR SNW DPTH SPD SPD DIR MIN PSBL S-S WX SPD DR
================================================================================
1 89 66 78 -7 0 13 0.00 0.0 0 6.3 13 40 M M 0 21 350
2 92 68 80 -5 0 15 0.00 0.0 0 4.8 13 70 M M 0 17 60
3 89 70 80 -5 0 15 0.00 0.0 0 7.9 15 70 M M 3 19 90
4 89 67 78 -7 0 13 T 0.0 0 11.3 18 90 M M 2 22 110
5 86 66 76 -9 0 11 0.01 0.0 0 12.0 25 30 M M 3 30 20
6 96 72 84 -1 0 19 T 0.0 0 11.1 20 160 M M 5 1 25 170
7 98 77 88 3 0 23 0.00 0.0 0 13.8 21 180 M M 3 28 190
8 98 80 89 4 0 24 0.00 0.0 0 15.0 22 150 M M 0 28 140
9 99 77 88 3 0 23 0.00 0.0 0 13.5 22 180 M M 0 27 140
10 100 76 88 3 0 23 0.00 0.0 0 12.1 22 200 M M 0 26 190
11 101 73 87 2 0 22 0.00 0.0 0 10.6 21 210 M M 2 25 60
12 102 72 87 2 0 22 0.00 0.0 0 10.0 21 160 M M 1 26 150
13 104 76 90 5 0 25 0.00 0.0 0 13.3 23 180 M M 1 29 180
14 106 80 93 8 0 28 0.00 0.0 0 11.1 21 270 M M 1 29 270
15 102 76 89 5 0 24 0.00 0.0 0 10.2 20 80 M M 0 23 70
16 102 67 85 1 0 20 0.69 0.0 0 10.4 46 260 M M 1 138 59 260
17 93 68 81 -3 0 16 0.08 0.0 0 6.5 29 350 M M 2 13 40 350
18 94 69 82 -2 0 17 0.00 0.0 0 5.8 13 60 M M 1 17 10
19 95 65 80 -4 0 15 0.00 0.0 0 5.0 14 40 M M 2 8 18 110
20 92 66 79 -5 0 14 0.00 0.0 0 6.8 16 170 M M 3 19 170
21 94 64 79 -5 0 14 T 0.0 0 8.3 20 80 M M 3 3 23 80
22 95 66 81 -3 0 16 0.00 0.0 0 6.4 14 110 M M 1 17 110
23 95 65 80 -3 0 15 0.00 0.0 0 6.4 15 130 M M 0 20 110
24 96 68 82 -1 0 17 0.00 0.0 0 6.2 16 80 M M 2 20 80
25 95 66 81 -2 0 16 0.00 0.0 0 6.2 14 90 M M 2 18 130
26 96 69 83 0 0 18 0.00 0.0 0 6.9 24 100 M M 2 28 100
27 96 68 82 0 0 17 0.00 0.0 0 7.2 29 90 M M 2 36 90
28 107 68 88 6 0 23 0.00 0.0 M 8.8 21 240 M M 0 25 240
29 103 73 88 6 0 23 0.00 0.0 0 9.8 20 20 M M 0 24 10
30 96 68 82 0 0 17 1.09 0.0 0 9.8 52 340 M M 2 13 61 340
31 94 74 84 3 0 19 0.51 0.0 0 10.9 30 160 M M 5 13 37 160
================================================================================
SM 2994 2180 0 577 2.38 0.0 284.4 M 49
================================================================================
AV 96.6 70.3 9.2 FASTST M M 2 MAX(MPH)
MISC ----> # 52 340 # 61 340
================================================================================
NOTES:
# LAST OF SEVERAL OCCURRENCES
COLUMN 17 PEAK WIND IN M.P.H.
PRELIMINARY LOCAL CLIMATOLOGICAL DATA (WS FORM: F-6) , PAGE 2
STATION: WICHITA FALLS
MONTH: AUGUST
YEAR: 2020
LATITUDE: 33 58 N
LONGITUDE: 98 29 W
[TEMPERATURE DATA] [PRECIPITATION DATA] SYMBOLS USED IN COLUMN 16
AVERAGE MONTHLY: 83.5 TOTAL FOR MONTH: 2.38 1 = FOG OR MIST
DPTR FM NORMAL: -0.5 DPTR FM NORMAL: -0.12 2 = FOG REDUCING VISIBILITY
HIGHEST: 107 ON 28 GRTST 24HR 1.09 ON 30-30 TO 1/4 MILE OR LESS
LOWEST: 64 ON 21 3 = THUNDER
SNOW, ICE PELLETS, HAIL 4 = ICE PELLETS
TOTAL MONTH: 0.0 INCH 5 = HAIL
GRTST 24HR 0.0 6 = FREEZING RAIN OR DRIZZLE
GRTST DEPTH: 0 7 = DUSTSTORM OR SANDSTORM:
VSBY 1/2 MILE OR LESS
8 = SMOKE OR HAZE
[NO. OF DAYS WITH] [WEATHER - DAYS WITH] 9 = BLOWING SNOW
X = TORNADO
MAX 32 OR BELOW: 0 0.01 INCH OR MORE: 5
MAX 90 OR ABOVE: 27 0.10 INCH OR MORE: 3
MIN 32 OR BELOW: 0 0.50 INCH OR MORE: 3
MIN 0 OR BELOW: 0 1.00 INCH OR MORE: 1
[HDD (BASE 65) ]
TOTAL THIS MO. 0 CLEAR (SCALE 0-3) 28
DPTR FM NORMAL 0 PTCLDY (SCALE 4-7) 3
TOTAL FM JUL 1 0 CLOUDY (SCALE 8-10) 0
DPTR FM NORMAL 0
[CDD (BASE 65) ]
TOTAL THIS MO. 577
DPTR FM NORMAL -12 [PRESSURE DATA]
TOTAL FM JAN 1 1987 HIGHEST SLP M ON M
DPTR FM NORMAL 42 LOWEST SLP 28.40 ON 31
[REMARKS]
#FINAL-08-20#