000
CXUS54 KLZK 011230
CF6SRC
PRELIMINARY LOCAL CLIMATOLOGICAL DATA (WS FORM: F-6)
STATION: SEARCY AIRPORT
MONTH: SEPTEMBER
YEAR: 2022
LATITUDE: 35 12 N
LONGITUDE: 91 44 W
TEMPERATURE IN F: :PCPN: SNOW: WIND :SUNSHINE: SKY :PK WND
================================================================================
1 2 3 4 5 6A 6B 7 8 9 10 11 12 13 14 15 16 17 18
12Z AVG MX 2MIN
DY MAX MIN AVG DEP HDD CDD WTR SNW DPTH SPD SPD DIR MIN PSBL S-S WX SPD DR
================================================================================
1 88 64 76 -2 0 11 0.00 M M 3.9 9 110 M M 2 M M
2 84 69 77 -1 0 12 0.37 M M 2.8 9 150 M M 3 1 M M
3 86 70 78 0 0 13 0.20 M M 3.1 9 10 M M 5 138 M M
4 87 69 78 1 0 13 0.00 M M 4.4 9 90 M M 3 1 16 350
5 90 66 78 1 0 13 0.03 M M 2.3 13 260 M M 2 1 26 260
6 92 65 79 3 0 14 0.02 M M 2.5 14 160 M M 3 13 18 60
7 88 68 78 2 0 13 0.01 M M 6.6 13 40 M M 4 1 20 40
8 87 65 76 0 0 11 0.00 M M 5.8 10 40 M M 2 M M
9 88 59 74 -1 0 9 0.15 M M 5.1 14 130 M M 2 1 M M
10 81 68 75 0 0 10 0.01 M M 4.6 12 100 M M 7 1 M M
11 81 61 71 -4 0 6 0.00 M M 4.9 14 350 M M 5 12 17 320
12 83 52 68 -6 0 3 0.00 M M 3.4 12 320 M M 0 M M
13 90 52 71 -3 0 6 0.00 M M 1.9 7 190 M M 0 M M
14 90 55 73 -1 0 8 0.00 M M 2.7 10 70 M M 0 M M
15 89 57 73 0 0 8 0.00 M M 3.7 8 160 M M 1 16 160
16 90 61 76 3 0 11 0.00 M M 3.4 10 150 M M 4 M M
17 92 60 76 4 0 11 0.00 M M 3.6 10 160 M M 1 1 17 200
18 95 66 81 9 0 16 0.00 M M 4.2 10 180 M M 1 18 170
19 99 66 83 12 0 18 0.00 M M 2.7 9 150 M M 0 1 M M
20 101 66 84 13 0 19 0.00 M M 3.0 12 190 M M 0 1 M M
21 101 66 84 14 0 19 0.00 M M 2.5 7 260 M M 0 M M
22 84 66 75 5 0 10 0.00 M M 9.9 17 30 M M 4 24 30
23 83 60 72 2 0 7 0.00 M M 6.6 13 50 M M 4 M M
24 98 59 79 10 0 14 T M M 3.7 10 270 M M 2 21 230
25 91 67 79 10 0 14 0.00 M M 6.1 14 20 M M 2 21 360
26 84 53 69 1 0 4 0.00 M M 5.9 13 350 M M 0 20 350
27 85 50 68 0 0 3 0.00 M M 3.5 10 90 M M 0 M M
28 80 50 65 -3 0 0 0.00 M M 7.6 14 70 M M 0 20 80
29 76 50 63 -4 2 0 0.00 M M 9.1 16 50 M M 0 22 40
30 80 50 65 -2 0 0 0.00 M M 7.4 13 40 M M 0 17 40
================================================================================
SM 2643 1830 2 296 0.79 M 136.9 M 57
================================================================================
AV 88.1 61.0 4.6 FASTST M M 2 MAX(MPH)
MISC ----> 17 30 26 260
================================================================================
NOTES:
# LAST OF SEVERAL OCCURRENCES
COLUMN 17 PEAK WIND IN M.P.H.
PRELIMINARY LOCAL CLIMATOLOGICAL DATA (WS FORM: F-6) , PAGE 2
STATION: SEARCY AIRPORT
MONTH: SEPTEMBER
YEAR: 2022
LATITUDE: 35 12 N
LONGITUDE: 91 44 W
[TEMPERATURE DATA] [PRECIPITATION DATA] SYMBOLS USED IN COLUMN 16
AVERAGE MONTHLY: 74.6 TOTAL FOR MONTH: 0.79 1 = FOG OR MIST
DPTR FM NORMAL: 1.9 DPTR FM NORMAL: -2.56 2 = FOG REDUCING VISIBILITY
HIGHEST: 101 ON 21,20 GRTST 24HR 0.56 ON 2- 3 TO 1/4 MILE OR LESS
LOWEST: 50 ON 30,29 3 = THUNDER
SNOW, ICE PELLETS, HAIL 4 = ICE PELLETS
TOTAL MONTH: M 5 = HAIL
GRTST 24HR M ON M 6 = FREEZING RAIN OR DRIZZLE
GRTST DEPTH: M ON M 7 = DUSTSTORM OR SANDSTORM:
VSBY 1/2 MILE OR LESS
8 = SMOKE OR HAZE
[NO. OF DAYS WITH] [WEATHER - DAYS WITH] 9 = BLOWING SNOW
X = TORNADO
MAX 32 OR BELOW: 0 0.01 INCH OR MORE: 7
MAX 90 OR ABOVE: 12 0.10 INCH OR MORE: 3
MIN 32 OR BELOW: 0 0.50 INCH OR MORE: 0
MIN 0 OR BELOW: 0 1.00 INCH OR MORE: 0
[HDD (BASE 65) ]
TOTAL THIS MO. 2 CLEAR (SCALE 0-3) 22
DPTR FM NORMAL -19 PTCLDY (SCALE 4-7) 8
TOTAL FM JUL 1 2 CLOUDY (SCALE 8-10) 0
DPTR FM NORMAL -18
[CDD (BASE 65) ]
TOTAL THIS MO. 296
DPTR FM NORMAL 44 [PRESSURE DATA]
TOTAL FM JAN 1 2047 HIGHEST SLP 30.39 ON 29
DPTR FM NORMAL 196 LOWEST SLP 29.81 ON 9
[REMARKS]
#FINAL-09-22#