000
CXUS52 KTBW 011336
CF6SRQ
PRELIMINARY LOCAL CLIMATOLOGICAL DATA (WS FORM: F-6)
STATION: SARASOTA BRADENTON
MONTH: MAY
YEAR: 2022
LATITUDE: 27 23 N
LONGITUDE: 82 33 W
TEMPERATURE IN F: :PCPN: SNOW: WIND :SUNSHINE: SKY :PK WND
================================================================================
1 2 3 4 5 6A 6B 7 8 9 10 11 12 13 14 15 16 17 18
12Z AVG MX 2MIN
DY MAX MIN AVG DEP HDD CDD WTR SNW DPTH SPD SPD DIR MIN PSBL S-S WX SPD DR
================================================================================
1 85 67 76 1 0 11 0.25 0.0 0 6.7 20 160 M M 3 13 25 160
2 86 67 77 1 0 12 0.00 0.0 0 7.1 14 280 M M 1 22 290
3 85 70 78 2 0 13 0.00 0.0 0 8.2 30 140 M M 3 3 39 150
4 85 70 78 2 0 13 0.17 0.0 0 6.8 15 280 M M 3 3 22 270
5 86 71 79 3 0 14 0.00 0.0 0 6.4 15 260 M M 0 23 270
6 85 72 79 3 0 14 0.00 0.0 0 9.8 17 230 M M 3 24 220
7 83 71 77 1 0 12 0.77 0.0 0 12.2 24 270 M M 6 13 34 260
8 85 73 79 2 0 14 0.00 0.0 0 9.1 15 280 M M 2 21 290
9 90 69 80 3 0 15 0.00 0.0 0 9.4 20 70 M M 2 27 70
10 86 63 75 -2 0 10 0.00 0.0 0 9.4 17 10 M M 0 26 10
11 86 63 75 -2 0 10 0.00 0.0 0 10.4 23 310 M M 0 30 310
12 86 64 75 -2 0 10 0.00 0.0 0 8.5 21 310 M M 1 32 320
13 85 65 75 -2 0 10 0.00 0.0 0 7.6 17 290 M M 1 27 260
14 85 66 76 -2 0 11 0.00 0.0 0 7.0 18 290 M M 0 25 300
15 85 71 78 0 0 13 0.00 0.0 0 6.8 16 300 M M 1 23 260
16 84 68 76 -2 0 11 0.00 0.0 0 7.5 16 270 M M 2 23 260
17 86 73 80 2 0 15 0.00 0.0 0 8.1 16 270 M M 2 28 250
18 87 73 80 2 0 15 0.00 0.0 0 6.0 15 290 M M 1 20 270
19 87 73 80 2 0 15 0.00 0.0 0 4.9 13 260 M M 1 20 260
20 88 73 81 3 0 16 0.01 0.0 0 10.4 23 130 M M 4 13 30 120
21 89 73 81 2 0 16 0.00 0.0 0 8.6 16 80 M M 5 3 23 340
22 96 73 85 6 0 20 0.00 0.0 0 8.9 20 130 M M 5 13 27 130
23 90 74 82 3 0 17 0.43 0.0 0 9.5 16 220 M M 3 3 21 230
24 90 74 82 3 0 17 0.01 0.0 0 8.1 18 150 M M 3 23 130
25 94 73 84 5 0 19 0.02 0.0 0 10.1 18 140 M M 1 3 27 140
26 91 75 83 4 0 18 0.00 0.0 0 11.0 20 210 M M 1 26 200
27 88 74 81 1 0 16 T 0.0 0 10.0 18 210 M M 2 24 220
28 87 72 80 0 0 15 0.65 0.0 0 7.1 15 290 M M 2 13 30 270
29 89 69 79 -1 0 14 0.00 0.0 0 7.0 24 140 M M 1 28 130
30 88 70 79 -1 0 14 0.79 0.0 0 9.3 24 150 M M 1 13 31 150
31 92 70 81 1 0 16 1.16 0.0 0 8.1 22 130 M M 2 13 29 130
================================================================================
SM 2709 2179 0 436 4.26 0.0 260.0 M 62
================================================================================
AV 87.4 70.3 8.4 FASTST M M 2 MAX(MPH)
MISC ----> 30 140 39 150
================================================================================
NOTES:
# LAST OF SEVERAL OCCURRENCES
COLUMN 17 PEAK WIND IN M.P.H.
PRELIMINARY LOCAL CLIMATOLOGICAL DATA (WS FORM: F-6) , PAGE 2
STATION: SARASOTA BRADENTON
MONTH: MAY
YEAR: 2022
LATITUDE: 27 23 N
LONGITUDE: 82 33 W
[TEMPERATURE DATA] [PRECIPITATION DATA] SYMBOLS USED IN COLUMN 16
AVERAGE MONTHLY: 78.8 TOTAL FOR MONTH: 4.26 1 = FOG OR MIST
DPTR FM NORMAL: 1.0 DPTR FM NORMAL: 1.68 2 = FOG REDUCING VISIBILITY
HIGHEST: 96 ON 22 GRTST 24HR 1.53 ON 30-31 TO 1/4 MILE OR LESS
LOWEST: 63 ON 11,10 3 = THUNDER
SNOW, ICE PELLETS, HAIL 4 = ICE PELLETS
TOTAL MONTH: 0.0 INCH 5 = HAIL
GRTST 24HR 0.0 6 = FREEZING RAIN OR DRIZZLE
GRTST DEPTH: 0 7 = DUSTSTORM OR SANDSTORM:
VSBY 1/2 MILE OR LESS
8 = SMOKE OR HAZE
[NO. OF DAYS WITH] [WEATHER - DAYS WITH] 9 = BLOWING SNOW
X = TORNADO
MAX 32 OR BELOW: 0 0.01 INCH OR MORE: 10
MAX 90 OR ABOVE: 7 0.10 INCH OR MORE: 7
MIN 32 OR BELOW: 0 0.50 INCH OR MORE: 4
MIN 0 OR BELOW: 0 1.00 INCH OR MORE: 1
[HDD (BASE 65) ]
TOTAL THIS MO. 0 CLEAR (SCALE 0-3) 25
DPTR FM NORMAL 0 PTCLDY (SCALE 4-7) 6
TOTAL FM JUL 1 254 CLOUDY (SCALE 8-10) 0
DPTR FM NORMAL -140
[CDD (BASE 65) ]
TOTAL THIS MO. 436
DPTR FM NORMAL 38 [PRESSURE DATA]
TOTAL FM JAN 1 1104 HIGHEST SLP 30.18 ON 21
DPTR FM NORMAL 198 LOWEST SLP 29.77 ON 7
[REMARKS]
#FINAL-05-22#