000
CXUS54 KEPZ 011030
CF6SRR
PRELIMINARY LOCAL CLIMATOLOGICAL DATA (WS FORM: F-6)
STATION: RUIDOSO AWOS
MONTH: MARCH
YEAR: 2021
LATITUDE: 33 28 N
LONGITUDE: 105 32 W
TEMPERATURE IN F: :PCPN: SNOW: WIND :SUNSHINE: SKY :PK WND
================================================================================
1 2 3 4 5 6A 6B 7 8 9 10 11 12 13 14 15 16 17 18
12Z AVG MX 2MIN
DY MAX MIN AVG DEP HDD CDD WTR SNW DPTH SPD SPD DIR MIN PSBL S-S WX SPD DR
================================================================================
1 41 23 32 M 33 0 T M M 5.7 12 120 M M 5 16 100
2 54 23 39 M 26 0 0.00 M M 6.4 10 240 M M 0 17 310
3 63 30 47 M 18 0 0.00 M M 10.4 17 310 M M 1 25 310
4 54 37 46 M 19 0 0.00 M M 15.7 23 310 M M 2 35 230
5 54 30 42 M 23 0 0.00 M M 12.2 23 310 M M 0 35 310
6 52 28 40 M 25 0 0.00 M M 8.8 15 130 M M 0 21 130
7 63 32 48 M 17 0 0.00 M M 7.1 10 240 M M 0 M M
8 66 41 54 M 11 0 0.00 M M 12.6 27 220 M M 1 40 250
9 64 48 56 M 9 0 0.00 M M 18.4 36 230 M M 3 8 45 230
10 57 39 48 M 17 0 0.00 M M 23.1 35 230 M M 2 8 46 220
11 59 39 49 M 16 0 0.00 M M 15.6 27 240 M M 0 37 240
12 63 41 52 M 13 0 0.00 M M 15.8 29 210 M M 2 44 210
13 52 27 40 M 25 0 0.00 M M 19.5 33 240 M M 4 51 230
14 41 23 32 M 33 0 0.00 M M 16.4 29 230 M M 5 39 260
15 59 37 48 M 17 0 0.00 M M 12.9 17 220 M M 0 33 290
16 57 28 43 M 22 0 0.00 M M 22.8 48 240 M M 2 8 63 240
17 52 32 42 M 23 0 0.00 M M 14.4 29 280 M M 2 37 290
18 57 25 41 M 24 0 0.00 M M 6.7 18 130 M M 0 21 130
19 63 32 48 M 17 0 0.00 M M 5.7 17 130 M M 0 22 130
20 66 37 52 M 13 0 0.00 M M 11.8 30 230 M M 0 36 230
21 64 50 57 M 8 0 0.00 M M 17.4 25 230 M M 2 53 220
22 50 37 44 M 21 0 0.00 M M 14.9 31 300 M M 3 40 300
23 55 32 44 M 21 0 0.00 M M 10.6 25 230 M M 2 31 230
24 43 19 31 M 34 0 0.25 M M 6.6 14 110 M M 9 12 23 110
25 46 21 34 M 31 0 0.02 M M 9.3 20 220 M M 2 29 220
26 52 37 45 M 20 0 0.00 M M 16.4 25 230 M M 3 35 240
27 48 36 42 M 23 0 0.00 M M 6.7 12 320 M M 6 17 320
28 59 32 46 M 19 0 0.00 M M 5.6 12 230 M M 0 16 140
29 68 37 53 M 12 0 0.00 M M 12.1 29 220 M M 0 35 220
30 66 39 53 M 12 0 0.00 M M 16.0 25 240 M M 0 33 260
31 50 25 38 M 27 0 0.00 M M 9.3 14 140 M M 0 20 160
================================================================================
SM 1738 1017 629 0 0.27 M 386.8 M 56
================================================================================
AV 56.1 32.8 12.5 FASTST M M 2 MAX(MPH)
MISC ----> 48 240 63 240
================================================================================
NOTES:
# LAST OF SEVERAL OCCURRENCES
COLUMN 17 PEAK WIND IN M.P.H.
PRELIMINARY LOCAL CLIMATOLOGICAL DATA (WS FORM: F-6) , PAGE 2
STATION: RUIDOSO AWOS
MONTH: MARCH
YEAR: 2021
LATITUDE: 33 28 N
LONGITUDE: 105 32 W
[TEMPERATURE DATA] [PRECIPITATION DATA] SYMBOLS USED IN COLUMN 16
AVERAGE MONTHLY: 44.4 TOTAL FOR MONTH: 0.27 1 = FOG OR MIST
DPTR FM NORMAL: 0.0 DPTR FM NORMAL: M 2 = FOG REDUCING VISIBILITY
HIGHEST: 68 ON 29 GRTST 24HR 0.25 ON 24-24 TO 1/4 MILE OR LESS
LOWEST: 19 ON 24 3 = THUNDER
SNOW, ICE PELLETS, HAIL 4 = ICE PELLETS
TOTAL MONTH: M 5 = HAIL
GRTST 24HR M ON M 6 = FREEZING RAIN OR DRIZZLE
GRTST DEPTH: M ON M 7 = DUSTSTORM OR SANDSTORM:
VSBY 1/2 MILE OR LESS
8 = SMOKE OR HAZE
[NO. OF DAYS WITH] [WEATHER - DAYS WITH] 9 = BLOWING SNOW
X = TORNADO
MAX 32 OR BELOW: 0 0.01 INCH OR MORE: 2
MAX 90 OR ABOVE: 0 0.10 INCH OR MORE: 1
MIN 32 OR BELOW: 17 0.50 INCH OR MORE: 0
MIN 0 OR BELOW: 0 1.00 INCH OR MORE: 0
[HDD (BASE 65) ]
TOTAL THIS MO. 629 CLEAR (SCALE 0-3) 26
DPTR FM NORMAL M PTCLDY (SCALE 4-7) 4
TOTAL FM JUL 1 4032 CLOUDY (SCALE 8-10) 1
DPTR FM NORMAL M
[CDD (BASE 65) ]
TOTAL THIS MO. 0
DPTR FM NORMAL M [PRESSURE DATA]
TOTAL FM JAN 1 0 HIGHEST SLP M ON M
DPTR FM NORMAL M LOWEST SLP M ON M
[REMARKS]
#FINAL-03-21#