000
CXUS54 KEWX 011010
CF6SSF
PRELIMINARY LOCAL CLIMATOLOGICAL DATA (WS FORM: F-6)
STATION: SAN ANTONIO STINSON FIELD
MONTH: JANUARY
YEAR: 2021
LATITUDE: 29 19 N
LONGITUDE: 98 29 W
TEMPERATURE IN F: :PCPN: SNOW: WIND :SUNSHINE: SKY :PK WND
================================================================================
1 2 3 4 5 6A 6B 7 8 9 10 11 12 13 14 15 16 17 18
12Z AVG MX 2MIN
DY MAX MIN AVG DEP HDD CDD WTR SNW DPTH SPD SPD DIR MIN PSBL S-S WX SPD DR
================================================================================
1 59 32 46 -6 19 0 0.00 M M 7.3 17 270 M M 0 1 24 280
2 61 35 48 -4 17 0 0.00 M M 4.3 14 260 M M 0 19 260
3 68 28 48 -4 17 0 0.00 M M 4.1 15 210 M M 0 22 200
4 76 34 55 3 10 0 0.00 M M 2.8 10 260 M M 0 1 17 230
5 66 46 56 4 9 0 0.00 M M 6.3 13 120 M M 6 18 120
6 74 53 64 12 1 0 0.05 M M 10.4 23 290 M M 6 1 40 330
7 65 43 54 2 11 0 0.00 M M 7.6 20 350 M M 0 29 350
8 58 36 47 -5 18 0 0.00 M M 7.8 15 40 M M 0 22 40
9 53 31 42 -10 23 0 T M M 6.4 18 70 M M 5 28 50
10 48 36 42 -10 23 0 0.89 M M 12.4 20 20 M M 10 13 30 360
11 47 34 41 -11 24 0 T M M 7.2 15 350 M M 7 23 340
12 48 26 37 -15 28 0 0.00 M M 2.3 8 150 M M 3 1 12 170
13 63 26 45 -7 20 0 0.00 M M 5.1 15 240 M M 0 1 21 250
14 73 27 50 -2 15 0 0.00 M M 6.0 22 20 M M 0 35 350
15 61 36 49 -3 16 0 0.00 M M 7.5 18 350 M M 0 29 340
16 64 26 45 -7 20 0 0.00 M M 3.3 12 160 M M 0 16 160
17 68 34 51 -1 14 0 0.00 M M 3.6 14 260 M M 0 18 230
18 75 39 57 5 8 0 0.00 M M 5.8 18 140 M M 5 18 25 150
19 71 49 60 8 5 0 0.04 M M 11.0 18 30 M M 10 1 28 30
20 52 47 50 -2 15 0 0.06 M M 6.6 17 20 M M 10 1 24 30
21 62 51 57 4 8 0 0.01 M M 3.1 8 260 M M 8 1 11 260
22 78 51 65 12 0 0 0.06 M M 3.5 17 60 M M 4 1 26 50
23 60 52 56 3 9 0 T M M 6.2 13 60 M M 10 1 18 50
24 73 60 67 14 0 2 0.04 M M 7.5 18 140 M M 10 12 27 150
25 77 49 63 10 2 0 0.00 M M 7.0 21 350 M M 7 18 31 150
26 77 43 60 7 5 0 0.00 M M 4.6 14 130 M M 0 21 80
27 67 48 58 5 7 0 0.00 M M 9.6 23 10 M M 2 33 20
28 58 38 48 -5 17 0 0.00 M M 8.0 17 70 M M 0 25 40
29 69 38 54 0 11 0 0.00 0.0 M 6.9 15 150 M M 3 22 130
30 75 54 65 11 0 0 0.00 M M 5.5 13 290 M M 6 16 290
31 74 40 57 3 8 0 0.00 M M 7.6 20 20 M M 0 29 10
================================================================================
SM 2020 1242 380 2 1.15 0.0 197.3 M 112
================================================================================
AV 65.2 40.1 6.4 FASTST M M 4 MAX(MPH)
MISC ----> # 23 290 40 330
================================================================================
NOTES:
# LAST OF SEVERAL OCCURRENCES
COLUMN 17 PEAK WIND IN M.P.H.
PRELIMINARY LOCAL CLIMATOLOGICAL DATA (WS FORM: F-6) , PAGE 2
STATION: SAN ANTONIO STINSON FIELD
MONTH: JANUARY
YEAR: 2021
LATITUDE: 29 19 N
LONGITUDE: 98 29 W
[TEMPERATURE DATA] [PRECIPITATION DATA] SYMBOLS USED IN COLUMN 16
AVERAGE MONTHLY: 52.6 TOTAL FOR MONTH: 1.15 1 = FOG OR MIST
DPTR FM NORMAL: 0.2 DPTR FM NORMAL: -0.58 2 = FOG REDUCING VISIBILITY
HIGHEST: 78 ON 22 GRTST 24HR 0.89 ON 10-10 TO 1/4 MILE OR LESS
LOWEST: 26 ON 16,13 3 = THUNDER
SNOW, ICE PELLETS, HAIL 4 = ICE PELLETS
TOTAL MONTH: 0.0 INCH 5 = HAIL
GRTST 24HR 0.0 6 = FREEZING RAIN OR DRIZZLE
GRTST DEPTH: M ON M 7 = DUSTSTORM OR SANDSTORM:
VSBY 1/2 MILE OR LESS
8 = SMOKE OR HAZE
[NO. OF DAYS WITH] [WEATHER - DAYS WITH] 9 = BLOWING SNOW
X = TORNADO
MAX 32 OR BELOW: 0 0.01 INCH OR MORE: 7
MAX 90 OR ABOVE: 0 0.10 INCH OR MORE: 1
MIN 32 OR BELOW: 7 0.50 INCH OR MORE: 1
MIN 0 OR BELOW: 0 1.00 INCH OR MORE: 0
[HDD (BASE 65) ]
TOTAL THIS MO. 380 CLEAR (SCALE 0-3) 16
DPTR FM NORMAL -19 PTCLDY (SCALE 4-7) 10
TOTAL FM JUL 1 880 CLOUDY (SCALE 8-10) 5
DPTR FM NORMAL -101
[CDD (BASE 65) ]
TOTAL THIS MO. 2
DPTR FM NORMAL -5 [PRESSURE DATA]
TOTAL FM JAN 1 2 HIGHEST SLP 30.56 ON 28
DPTR FM NORMAL -5 LOWEST SLP 29.60 ON 25
[REMARKS]
#FINAL-01-21#