000
CXUS53 KEAX 010912
CLMSTJ
CLIMATE REPORT
NATIONAL WEATHER SERVICE KANSAS CITY/PLEASANT HILL MO
408 AM CDT SUN OCT 01 2023
...................................
...THE ST. JOSEPH MO CLIMATE SUMMARY FOR THE MONTH OF SEPTEMBER 2023...
CLIMATE NORMAL PERIOD: 1991 TO 2020
CLIMATE RECORD PERIOD: 1892 TO 2023
WEATHER OBSERVED NORMAL DEPART LAST YEAR`S
VALUE DATE(S) VALUE FROM VALUE DATE(S)
NORMAL
................................................................
TEMPERATURE (F)
RECORD
HIGH 107 09/03/1947
LOW 29 09/30/1984
HIGHEST 98 09/05 92 6 97 09/20
LOWEST 44 09/13 36 8 37 09/30
09/18
AVG. MAXIMUM 85.5 79.7 5.8 80.0
AVG. MINIMUM 55.2 54.4 0.8 52.5
MEAN 70.3 67.0 3.3 66.3
DAYS MAX >= 90 6 4.4 1.6 2
DAYS MAX <= 32 0 0.0 0.0 0
DAYS MIN <= 32 0 0.1 -0.1 0
DAYS MIN <= 0 0 0.0 0.0 0
PRECIPITATION (INCHES)
RECORD
MAXIMUM 12.24 1986
MINIMUM 0.00 2011
TOTALS 0.98 3.18 -2.20 2.30
DAILY AVG. 0.03 0.11 -0.08 0.08
DAYS >= .01 4 8.4 -4.4 6
DAYS >= .10 1 4.6 -3.6 4
DAYS >= .50 1 1.8 -0.8 3
DAYS >= 1.00 0 0.8 -0.8 0
GREATEST
24 HR. TOTAL 0.75 09/22 TO 09/22
DEGREE DAYS
HEATING TOTAL 6 71 -65 74
SINCE 7/1 6 76 -70 MM
COOLING TOTAL 177 133 44 121
SINCE 1/1 1339 1261 78 MM
................................................................
WIND (MPH)
AVERAGE WIND SPEED 5.9
HIGHEST WIND SPEED/DIRECTION 33/140 DATE 09/22
HIGHEST GUST SPEED/DIRECTION 43/140 DATE 09/22
SKY COVER
POSSIBLE SUNSHINE (PERCENT) MM
AVERAGE SKY COVER 0.20
NUMBER OF DAYS FAIR 22
NUMBER OF DAYS PC 7
NUMBER OF DAYS CLOUDY 1
AVERAGE RH (PERCENT) 66
WEATHER CONDITIONS. NUMBER OF DAYS WITH
THUNDERSTORM 4 MIXED PRECIP 0
HEAVY RAIN 2 RAIN 2
LIGHT RAIN 4 FREEZING RAIN 0
LT FREEZING RAIN 0 HAIL 0
HEAVY SNOW 0 SNOW 0
LIGHT SNOW 0 SLEET 0
FOG 18 FOG W/VIS <= 1/4 MILE 11
HAZE 10
- INDICATES NEGATIVE NUMBERS.
R INDICATES RECORD WAS SET OR TIED.
MM INDICATES DATA IS MISSING.
T INDICATES TRACE AMOUNT.
$$