000
CXUS53 KEAX 012117
CLSSTJ
CLIMATE REPORT
NATIONAL WEATHER SERVICE KANSAS CITY/PLEASANT HILL MO
309 PM CST THU DEC 01 2022
...................................
...THE ST. JOSEPH MO CLIMATE SUMMARY FOR THE SEASON, FROM
9/1/2022 TO 11/30/2022...
CLIMATE NORMAL PERIOD: 1991 TO 2020
CLIMATE RECORD PERIOD: 1892 TO 2022
WEATHER OBSERVED NORMAL DEPART LAST YEAR`S
VALUE DATE(S) VALUE FROM VALUE DATE(S)
NORMAL
................................................................
TEMPERATURE (F)
RECORD
HIGH 107 09/03/1947
LOW -5 11/08/1991
HIGHEST 97 09/20 92 5 95 09/27
LOWEST 12 11/13 14 -2 17 11/25
11/30
AVG. MAXIMUM 67.2 67.0 0.2 70.3
AVG. MINIMUM 38.7 42.6 -3.9 44.4
MEAN 53.0 54.8 -1.8 57.3
DAYS MAX >= 90 2 4.8 -2.8 4
DAYS MAX <= 32 3 1.3 1.7 0
DAYS MIN <= 32 31 23.0 8.0 17
DAYS MIN <= 0 0 0.0 0.0 0
PRECIPITATION (INCHES)
RECORD
MAXIMUM 19.63 1986
MINIMUM 2.44 1917
TOTALS 5.94 7.89 -1.95 8.59
DAILY AVG. 0.07 0.09 -0.02 0.09
DAYS >= .01 16 22.3 -6.3 20
DAYS >= .10 9 12.5 -3.5 10
DAYS >= .50 6 4.6 1.4 6
DAYS >= 1.00 1 2.3 -1.3 2
GREATEST
24 HR. TOTAL 2.32 11/04 TO 11/05
DEGREE DAYS
HEATING TOTAL 1186 1088 98 875
COOLING TOTAL 139 159 -20 199
................................................................
WIND (MPH)
AVERAGE WIND SPEED 7.8
HIGHEST WIND SPEED/DIRECTION 36/210 DATE 10/23
HIGHEST GUST SPEED/DIRECTION 51/180 DATE 10/23
SKY COVER
POSSIBLE SUNSHINE (PERCENT) MM
AVERAGE SKY COVER 0.21
NUMBER OF DAYS FAIR 67
NUMBER OF DAYS PC 16
NUMBER OF DAYS CLOUDY 8
AVERAGE RH (PERCENT) 68
WEATHER CONDITIONS. NUMBER OF DAYS WITH
THUNDERSTORM 7 MIXED PRECIP 0
HEAVY RAIN 8 RAIN 8
LIGHT RAIN 18 FREEZING RAIN 0
LT FREEZING RAIN 0 HAIL 0
HEAVY SNOW 0 SNOW 1
LIGHT SNOW 3 SLEET 0
FOG 42 FOG W/VIS <= 1/4 MILE 17
HAZE 9
- INDICATES NEGATIVE NUMBERS.
R INDICATES RECORD WAS SET OR TIED.
MM INDICATES DATA IS MISSING.
T INDICATES TRACE AMOUNT.
$$