000
CXUS55 KSTO 011425
CF6STO
PRELIMINARY LOCAL CLIMATOLOGICAL DATA (WS FORM: F-6)
STATION: SACRAMENTO CITY
MONTH: APRIL
YEAR: 2021
LATITUDE: 38 36 N
LONGITUDE: 121 23 W
TEMPERATURE IN F: :PCPN: SNOW: WIND :SUNSHINE: SKY :PK WND
================================================================================
1 2 3 4 5 6A 6B 7 8 9 10 11 12 13 14 15 16 17 18
12Z AVG MX 2MIN
DY MAX MIN AVG DEP HDD CDD WTR SNW DPTH SPD SPD DIR MIN PSBL S-S WX SPD DR
================================================================================
1 88 50 69 11 0 4 0.00 M M M M M M M M M M
2 84 52 68 10 0 3 0.00 0.0 M M M M M M M M M
3 72 48 60 2 5 0 0.00 0.0 M M M M M M M M M
4 70 45 58 -1 7 0 0.00 0.0 M M M M M M M M M
5 72 47 60 1 5 0 0.00 0.0 M M M M M M M M M
6 78 47 63 4 2 0 0.00 0.0 M M M M M M M M M
7 75 47 61 2 4 0 0.00 0.0 M M M M M M M M M
8 79 44 62 3 3 0 0.00 0.0 M M M M M M M M M
9 77 50 64 5 1 0 0.00 0.0 M M M M M M M M M
10 81 47 64 4 1 0 0.00 0.0 M M M M M M M M M
11 84 49 67 7 0 2 0.00 0.0 M M M M M M M M M
12 86 50 68 8 0 3 0.00 0.0 M M M M M M M M M
13 77 50 64 4 1 0 0.00 0.0 M M M M M M M M M
14 75 47 61 1 4 0 0.00 0.0 M M M M M M M M M
15 78 48 63 2 2 0 0.00 0.0 M M M M M M M M M
16 84 47 66 5 0 1 0.00 0.0 M M M M M M M M M
17 87 49 68 7 0 3 0.00 0.0 M M M M M M M M M
18 90 53 72 11 0 7 0.00 0.0 M M M M M M M M M
19 86 55 71 9 0 6 0.00 0.0 M M M M M M M M M
20 76 53 65 3 0 0 0.00 M M M M M M M M M M
21 82 49 66 4 0 1 0.00 M M M M M M M M M M
22 73 50 62 0 3 0 0.00 M M M M M M M M M M
23 77 50 64 2 1 0 0.00 0.0 M M M M M M M M M
24 71 51 61 -2 4 0 0.00 M M M M M M M M M M
25 64 48 56 -7 9 0 0.00 0.0 M M M M M M M M M
26 67 43 55 -8 10 0 0.00 0.0 M M M M M M M M M
27 80 45 63 0 2 0 0.00 0.0 M M M M M M M M M
28 88 51 70 6 0 5 0.00 0.0 M M M M M M M M M
29 92 55 74 10 0 9 0.00 0.0 M M M M M M M M M
30 87 57 72 8 0 7 0.00 0.0 M M M M M M M M M
================================================================================
SM 2380 1477 64 51 0.00 0.0 M M M
================================================================================
AV 79.3 49.2 M FASTST M M 0 MAX(MPH)
MISC ----> M M M M
================================================================================
NOTES:
# LAST OF SEVERAL OCCURRENCES
COLUMN 17 PEAK WIND IN M.P.H.
PRELIMINARY LOCAL CLIMATOLOGICAL DATA (WS FORM: F-6) , PAGE 2
STATION: SACRAMENTO CITY
MONTH: APRIL
YEAR: 2021
LATITUDE: 38 36 N
LONGITUDE: 121 23 W
[TEMPERATURE DATA] [PRECIPITATION DATA] SYMBOLS USED IN COLUMN 16
AVERAGE MONTHLY: 64.3 TOTAL FOR MONTH: 0.00 1 = FOG OR MIST
DPTR FM NORMAL: 3.4 DPTR FM NORMAL: -1.30 2 = FOG REDUCING VISIBILITY
HIGHEST: 92 ON 29 GRTST 24HR 0.00 ON 30-30 TO 1/4 MILE OR LESS
LOWEST: 43 ON 26 3 = THUNDER
SNOW, ICE PELLETS, HAIL 4 = ICE PELLETS
TOTAL MONTH: 0.0 INCH 5 = HAIL
GRTST 24HR 0.0 6 = FREEZING RAIN OR DRIZZLE
GRTST DEPTH: M ON M 7 = DUSTSTORM OR SANDSTORM:
VSBY 1/2 MILE OR LESS
8 = SMOKE OR HAZE
[NO. OF DAYS WITH] [WEATHER - DAYS WITH] 9 = BLOWING SNOW
X = TORNADO
MAX 32 OR BELOW: 0 0.01 INCH OR MORE: 0
MAX 90 OR ABOVE: 2 0.10 INCH OR MORE: 0
MIN 32 OR BELOW: 0 0.50 INCH OR MORE: 0
MIN 0 OR BELOW: 0 1.00 INCH OR MORE: 0
[HDD (BASE 65) ]
TOTAL THIS MO. 64 CLEAR (SCALE 0-3) 0
DPTR FM NORMAL -91 PTCLDY (SCALE 4-7) 0
TOTAL FM JUL 1 1915 CLOUDY (SCALE 8-10) 0
DPTR FM NORMAL -329
[CDD (BASE 65) ]
TOTAL THIS MO. 51
DPTR FM NORMAL 20 [PRESSURE DATA]
TOTAL FM JAN 1 53 HIGHEST SLP M ON M
DPTR FM NORMAL 18 LOWEST SLP M ON M
[REMARKS]
#FINAL-04-21#