000
CXUS56 KMTR 010900
CF6STS
PRELIMINARY LOCAL CLIMATOLOGICAL DATA (WS FORM: F-6)
STATION: SANTA ROSA AIRPORT
MONTH: SEPTEMBER
YEAR: 2022
LATITUDE: 38 30 N
LONGITUDE: 122 49 W
TEMPERATURE IN F: :PCPN: SNOW: WIND :SUNSHINE: SKY :PK WND
================================================================================
1 2 3 4 5 6A 6B 7 8 9 10 11 12 13 14 15 16 17 18
12Z AVG MX 2MIN
DY MAX MIN AVG DEP HDD CDD WTR SNW DPTH SPD SPD DIR MIN PSBL S-S WX SPD DR
================================================================================
1 96 46 71 3 0 6 0.00 M M 4.4 13 150 M M 2 12 17 180
2 90 52 71 3 0 6 0.00 M M 4.8 14 150 M M 4 128 18 160
3 97 49 73 5 0 8 0.00 M M 3.1 13 140 M M 0 8 17 140
4 103 51 77 9 0 12 0.00 M M 2.9 10 200 M M 0 14 180
5 112 60 86 18 0 21 0.00 M M 3.1 12 260 M M 0 17 250
6 114 64 89 21 0 24 0.00 M M 4.0 20 220 M M 1 29 210
7 99 62 81 13 0 16 0.00 M M 4.7 13 170 M M 1 17 180
8 108 58 83 16 0 18 0.00 M M 4.5 14 180 M M 0 19 190
9 95 51 73 6 0 8 0.00 M M 5.3 14 150 M M 0 18 18 140
10 77 60 69 2 0 4 0.00 M M 5.0 15 230 M M 5 8 21 220
11 85 62 74 7 0 9 0.00 M M 3.7 12 140 M M 2 8 15 150
12 87 55 71 4 0 6 0.00 M M 5.0 16 140 M M 2 8 21 140
13 77 48 63 -4 2 0 0.00 M M 4.6 14 240 M M 2 12 21 220
14 77 48 63 -4 2 0 0.00 M M 5.8 17 240 M M 2 26 250
15 79 50 65 -2 0 0 0.00 M M 4.6 16 130 M M 4 128 20 130
16 82 47 65 -2 0 0 0.00 M M 3.7 14 150 M M 0 8 19 180
17 77 46 62 -4 3 0 0.03 M M 4.8 20 250 M M 2 1 28 240
18 65 58 62 -4 3 0 0.88 M M 10.8 28 140 M M 10 18 37 140
19 77 55 66 0 0 1 0.00 M M 4.4 16 240 M M 7 25 160
20 73 49 61 -5 4 0 0.00 M M 3.5 12 240 M M 4 1 17 230
21 77 54 66 0 0 1 0.04 M M 4.5 15 240 M M 5 22 250
22 83 49 66 0 0 1 0.00 M M 3.6 16 250 M M 0 1 21 240
23 91 51 71 5 0 6 0.00 M M 3.2 13 240 M M 0 17 220
24 94 51 73 7 0 8 0.00 M M 2.9 13 250 M M 0 19 250
25 77 52 65 0 0 0 0.00 M M 5.3 14 180 M M 4 18 17 170
26 79 52 66 1 0 1 0.00 M M 4.6 15 180 M M 6 1 18 160
27 78 51 65 0 0 0 0.01 M M 3.1 12 170 M M 5 1 15 160
28 82 49 66 1 0 1 T M M 2.4 12 190 M M 4 128 16 130
29 86 49 68 3 0 3 0.00 M M 2.9 13 180 M M 1 12 17 170
30 89 49 69 4 0 4 0.00 M M 3.8 13 260 M M 0 19 190
================================================================================
SM 2606 1578 14 164 0.96 M 129.0 M 73
================================================================================
AV 86.9 52.6 4.3 FASTST M M 2 MAX(MPH)
MISC ----> 28 140 37 140
================================================================================
NOTES:
# LAST OF SEVERAL OCCURRENCES
COLUMN 17 PEAK WIND IN M.P.H.
PRELIMINARY LOCAL CLIMATOLOGICAL DATA (WS FORM: F-6) , PAGE 2
STATION: SANTA ROSA AIRPORT
MONTH: SEPTEMBER
YEAR: 2022
LATITUDE: 38 30 N
LONGITUDE: 122 49 W
[TEMPERATURE DATA] [PRECIPITATION DATA] SYMBOLS USED IN COLUMN 16
AVERAGE MONTHLY: 69.7 TOTAL FOR MONTH: 0.96 1 = FOG OR MIST
DPTR FM NORMAL: 3.2 DPTR FM NORMAL: 0.83 2 = FOG REDUCING VISIBILITY
HIGHEST: 114 ON 6 GRTST 24HR 0.91 ON 17-18 TO 1/4 MILE OR LESS
LOWEST: 46 ON 17, 1 3 = THUNDER
SNOW, ICE PELLETS, HAIL 4 = ICE PELLETS
TOTAL MONTH: M 5 = HAIL
GRTST 24HR M ON M 6 = FREEZING RAIN OR DRIZZLE
GRTST DEPTH: M ON M 7 = DUSTSTORM OR SANDSTORM:
VSBY 1/2 MILE OR LESS
8 = SMOKE OR HAZE
[NO. OF DAYS WITH] [WEATHER - DAYS WITH] 9 = BLOWING SNOW
X = TORNADO
MAX 32 OR BELOW: 0 0.01 INCH OR MORE: 4
MAX 90 OR ABOVE: 11 0.10 INCH OR MORE: 1
MIN 32 OR BELOW: 0 0.50 INCH OR MORE: 1
MIN 0 OR BELOW: 0 1.00 INCH OR MORE: 0
[HDD (BASE 65) ]
TOTAL THIS MO. 14 CLEAR (SCALE 0-3) 19
DPTR FM NORMAL -23 PTCLDY (SCALE 4-7) 10
TOTAL FM JUL 1 18 CLOUDY (SCALE 8-10) 1
DPTR FM NORMAL -49
[CDD (BASE 65) ]
TOTAL THIS MO. 164
DPTR FM NORMAL 82 [PRESSURE DATA]
TOTAL FM JAN 1 566 HIGHEST SLP M ON M
DPTR FM NORMAL 182 LOWEST SLP 29.48 ON 9
[REMARKS]
#FINAL-09-22#