000
CXUS53 KGRB 021221
CF6SUE
PRELIMINARY LOCAL CLIMATOLOGICAL DATA (WS FORM: F-6)
STATION: STURGEON BAY WI
MONTH: JULY
YEAR: 2022
LATITUDE: 44 55 N
LONGITUDE: 87 25 W
TEMPERATURE IN F: :PCPN: SNOW: WIND :SUNSHINE: SKY :PK WND
================================================================================
1 2 3 4 5 6A 6B 7 8 9 10 11 12 13 14 15 16 17 18
12Z AVG MX 2MIN
DY MAX MIN AVG DEP HDD CDD WTR SNW DPTH SPD SPD DIR MIN PSBL S-S WX SPD DR
================================================================================
1 75 61 68 M 0 3 M M M 8.6 15 340 M M 2 16 170
2 79 59 69 M 0 4 M M M 6.1 10 250 M M 0 M M
3 78 52 65 M 0 0 M M M 5.0 9 170 M M 1 8 M M
4 78 65 72 M 0 7 0.74 M M 7.2 12 120 M M 5 12 M M
5 79 63 71 M 0 6 0.01 M M 6.2 12 30 M M 8 128 16 80
6 72 62 67 M 0 2 M M M 7.4 13 60 M M 6 18 17 50
7 82 56 69 M 0 4 0.48 M M 4.5 10 170 M M 3 18 M M
8 72 58 65 M 0 0 0.16 M M 7.7 14 50 M M 6 1 17 50
9 75 58 67 M 0 2 M M M 4.7 8 330 M M 0 8 M M
10 79 57 68 M 0 3 0.01 M M 8.7 16 170 M M 1 21 170
11 83 62 73 M 0 8 T M M 9.8 15 290 M M 5 20 270
12 76 61 69 M 0 4 0.04 M M 8.7 15 320 M M 5 M M
13 75 56 66 M 0 1 T M M 7.6 13 360 M M 4 8 16 340
14 75 52 64 M 1 0 M M M 4.3 12 320 M M 0 8 M M
15 69 53 61 M 4 0 0.01 M M 3.9 8 160 M M 3 M M
16 79 55 67 M 0 2 M M M 2.9 8 310 M M 0 12 M M
17 82 58 70 M 0 5 M M M 3.5 8 330 M M 0 M M
18 91 60 76 M 0 11 M M M 6.7 17 240 M M 0 21 240
19 87 72 80 M 0 15 M M M 10.0 17 170 M M 0 3 26 180
20 81 64 73 M 0 8 0.08 M M 13.2 21 270 M M 4 32 260
21 88 69 79 M 0 14 M M M 10.5 15 280 M M 0 23 280
22 90 64 77 M 0 12 M M M 12.1 21 250 M M 2 29 240
23 90 66 78 M 0 13 0.90 M M 8.2 20 160 M M 2 13 26 160
24 81 62 72 M 0 7 0.42 M M 10.9 18 180 M M 6 123 25 340
25 77 59 68 M 0 3 M M M 7.8 13 260 M M 2 20 260
26 78 57 68 M 0 3 M M M 8.4 13 270 M M 2 8 M M
27 82 62 72 M 0 7 M M M 9.4 17 260 M M 5 23 260
28 76 63 70 M 0 5 M M M 9.6 15 280 M M 2 21 270
29 75 58 67 M 0 2 M M M 6.3 9 280 M M 4 M M
30 81 56 69 M 0 4 M M M 7.4 15 170 M M 1 1 M M
31 82 62 72 M 0 7 M M M 9.8 16 170 M M 3 21 180
================================================================================
SM 2467 1862 5 162 2.85 M 236.9 M 82
================================================================================
AV 79.6 60.1 7.6 FASTST M M 3 MAX(MPH)
MISC ----> # 21 270 32 260
================================================================================
NOTES:
# LAST OF SEVERAL OCCURRENCES
COLUMN 17 PEAK WIND IN M.P.H.
PRELIMINARY LOCAL CLIMATOLOGICAL DATA (WS FORM: F-6) , PAGE 2
STATION: STURGEON BAY WI
MONTH: JULY
YEAR: 2022
LATITUDE: 44 55 N
LONGITUDE: 87 25 W
[TEMPERATURE DATA] [PRECIPITATION DATA] SYMBOLS USED IN COLUMN 16
AVERAGE MONTHLY: 69.8 TOTAL FOR MONTH: 2.85 1 = FOG OR MIST
DPTR FM NORMAL: 0.0 DPTR FM NORMAL: M 2 = FOG REDUCING VISIBILITY
HIGHEST: 91 ON 18 GRTST 24HR 0.90 ON 23-23 TO 1/4 MILE OR LESS
LOWEST: 52 ON 14, 3 3 = THUNDER
SNOW, ICE PELLETS, HAIL 4 = ICE PELLETS
TOTAL MONTH: M 5 = HAIL
GRTST 24HR M ON M 6 = FREEZING RAIN OR DRIZZLE
GRTST DEPTH: M ON M 7 = DUSTSTORM OR SANDSTORM:
VSBY 1/2 MILE OR LESS
8 = SMOKE OR HAZE
[NO. OF DAYS WITH] [WEATHER - DAYS WITH] 9 = BLOWING SNOW
X = TORNADO
MAX 32 OR BELOW: 0 0.01 INCH OR MORE: 10
MAX 90 OR ABOVE: 3 0.10 INCH OR MORE: 5
MIN 32 OR BELOW: 0 0.50 INCH OR MORE: 2
MIN 0 OR BELOW: 0 1.00 INCH OR MORE: 0
[HDD (BASE 65) ]
TOTAL THIS MO. 5 CLEAR (SCALE 0-3) 18
DPTR FM NORMAL M PTCLDY (SCALE 4-7) 12
TOTAL FM JUL 1 5 CLOUDY (SCALE 8-10) 1
DPTR FM NORMAL M
[CDD (BASE 65) ]
TOTAL THIS MO. 162
DPTR FM NORMAL M [PRESSURE DATA]
TOTAL FM JAN 1 262 HIGHEST SLP M ON M
DPTR FM NORMAL 262 LOWEST SLP M ON M
[REMARKS]
#FINAL-07-22#