000
CXUS53 KLSX 011400
CF6SUS
PRELIMINARY LOCAL CLIMATOLOGICAL DATA (WS FORM: F-6)
STATION: SPIRIT OF ST LOUIS MO
MONTH: AUGUST
YEAR: 2023
LATITUDE: 38 39 N
LONGITUDE: 90 38 W
TEMPERATURE IN F: :PCPN: SNOW: WIND :SUNSHINE: SKY :PK WND
================================================================================
1 2 3 4 5 6A 6B 7 8 9 10 11 12 13 14 15 16 17 18
12Z AVG MX 2MIN
DY MAX MIN AVG DEP HDD CDD WTR SNW DPTH SPD SPD DIR MIN PSBL S-S WX SPD DR
================================================================================
1 85 70 78 -1 0 13 T 0.0 0 4.4 12 160 M M 8 17 190
2 81 70 76 -3 0 11 0.63 0.0 0 4.7 13 300 M M 6 13 15 290
3 83 71 77 -2 0 12 0.05 0.0 0 1.9 9 70 M M 6 138 13 70
4 85 72 79 0 0 14 0.21 0.0 0 3.1 21 220 M M 6 138 29 220
5 86 68 77 -1 0 12 0.95 0.0 0 7.1 20 70 M M 6 13 26 60
6 89 65 77 -1 0 12 0.04 0.0 0 5.6 17 310 M M 5 18 26 250
7 82 67 75 -3 0 10 0.05 0.0 0 8.1 18 300 M M 8 18 27 290
8 86 63 75 -3 0 10 0.00 0.0 0 3.3 10 230 M M 2 18 15 280
9 77 67 72 -6 0 7 0.08 0.0 0 2.5 12 220 M M 6 13 20 230
10 87 64 76 -2 0 11 0.00 0.0 0 2.7 10 290 M M 5 128 14 290
11 92 65 79 1 0 14 0.00 0.0 0 3.6 13 220 M M 2 1 18 240
12 89 67 78 0 0 13 0.53 0.0 0 6.9 37 340 M M 4 13 52 330
13 81 67 74 -4 0 9 0.20 0.0 0 1.2 9 80 M M 5 1 12 80
14 81 63 72 -6 0 7 0.20 0.0 0 9.5 22 280 M M 6 13 32 280
15 75 60 68 -9 0 3 0.00 0.0 0 6.0 15 340 M M 8 1 22 320
16 81 58 70 -7 0 5 0.00 0.0 0 2.5 10 250 M M 4 12 16 260
17 85 58 72 -5 0 7 0.00 0.0 0 7.4 18 290 M M 1 13 26 230
18 83 54 69 -8 0 4 0.00 0.0 0 2.6 8 140 M M 0 1 14 150
19 89 59 74 -3 0 9 0.00 0.0 0 4.8 14 170 M M 0 20 160
20 100 72 86 10 0 21 0.00 0.0 0 3.9 10 240 M M 0 1 15 240
21 95 76 86 10 0 21 0.00 0.0 0 3.1 10 60 M M 6 18 15 20
22 98 76 87 11 0 22 0.00 0.0 0 1.5 8 240 M M 6 128 11 240
23 94 74 84 8 0 19 0.00 0.0 0 M M M M M 2 128 M M
24 M M M M M M M 0.0 0 M M M M M M M M
25 101 M M M M M 0.00 0.0 0 M 12 240 M M 0 28 17 210
26 80 72 76 1 0 11 0.98 0.0 0 4.9 15 280 M M 6 13 20 360
27 73 65 69 -6 0 4 0.00 0.0 0 6.5 13 350 M M 9 18 21 10
28 82 62 72 -3 0 7 0.00 0.0 0 3.2 14 10 M M 2 1 20 340
29 86 58 72 -2 0 7 T 0.0 0 3.4 14 330 M M 2 12 21 290
30 81 57 69 -5 0 4 0.00 0.0 0 6.3 15 10 M M 1 12 22 80
31 79 52 66 -8 0 1 0.00 0.0 0 2.7 12 70 M M 0 1 17 80
================================================================================
SM 2566 1892 0 300 3.92 0.0 123.4 M 122
================================================================================
AV 85.5 65.2 4.4 FASTST M M 4 MAX(MPH)
MISC ----> 37 340 52 330
================================================================================
NOTES:
# LAST OF SEVERAL OCCURRENCES
COLUMN 17 PEAK WIND IN M.P.H.
PRELIMINARY LOCAL CLIMATOLOGICAL DATA (WS FORM: F-6) , PAGE 2
STATION: SPIRIT OF ST LOUIS MO
MONTH: AUGUST
YEAR: 2023
LATITUDE: 38 39 N
LONGITUDE: 90 38 W
[TEMPERATURE DATA] [PRECIPITATION DATA] SYMBOLS USED IN COLUMN 16
AVERAGE MONTHLY: 75.4 TOTAL FOR MONTH: 3.92 1 = FOG OR MIST
DPTR FM NORMAL: -1.5 DPTR FM NORMAL: 0.48 2 = FOG REDUCING VISIBILITY
HIGHEST: 101 ON 25 GRTST 24HR 1.11 ON 4- 5 TO 1/4 MILE OR LESS
LOWEST: 52 ON 31 3 = THUNDER
SNOW, ICE PELLETS, HAIL 4 = ICE PELLETS
TOTAL MONTH: 0.0 INCH 5 = HAIL
GRTST 24HR 0.0 6 = FREEZING RAIN OR DRIZZLE
GRTST DEPTH: 0 7 = DUSTSTORM OR SANDSTORM:
VSBY 1/2 MILE OR LESS
8 = SMOKE OR HAZE
[NO. OF DAYS WITH] [WEATHER - DAYS WITH] 9 = BLOWING SNOW
X = TORNADO
MAX 32 OR BELOW: 0 0.01 INCH OR MORE: 11
MAX 90 OR ABOVE: 6 0.10 INCH OR MORE: 7
MIN 32 OR BELOW: 0 0.50 INCH OR MORE: 4
MIN 0 OR BELOW: 0 1.00 INCH OR MORE: 0
[HDD (BASE 65) ]
TOTAL THIS MO. 0 CLEAR (SCALE 0-3) 12
DPTR FM NORMAL -2 PTCLDY (SCALE 4-7) 17
TOTAL FM JUL 1 0 CLOUDY (SCALE 8-10) 2
DPTR FM NORMAL 0
[CDD (BASE 65) ]
TOTAL THIS MO. 300
DPTR FM NORMAL -70 [PRESSURE DATA]
TOTAL FM JAN 1 1087 HIGHEST SLP 30.16 ON 1
DPTR FM NORMAL -163 LOWEST SLP 29.71 ON 6
[REMARKS]
#FINAL-08-23#