000
CXUS54 KEPZ 011030
CF6SVC
PRELIMINARY LOCAL CLIMATOLOGICAL DATA (WS FORM: F-6)
STATION: SILVER CITY
MONTH: JUNE
YEAR: 2021
LATITUDE: 32 37 N
LONGITUDE: 108 10 W
TEMPERATURE IN F: :PCPN: SNOW: WIND :SUNSHINE: SKY :PK WND
================================================================================
1 2 3 4 5 6A 6B 7 8 9 10 11 12 13 14 15 16 17 18
12Z AVG MX 2MIN
DY MAX MIN AVG DEP HDD CDD WTR SNW DPTH SPD SPD DIR MIN PSBL S-S WX SPD DR
================================================================================
1 82 48 65 M 0 0 0.00 M M 8.3 28 350 M M 4 33 350
2 86 51 69 M 0 4 0.00 M M 7.6 21 10 M M 2 36 80
3 86 52 69 M 0 4 0.00 M M 5.6 13 340 M M 1 23 190
4 86 55 71 M 0 6 0.00 M M 8.1 16 310 M M 2 22 320
5 92 63 78 M 0 13 0.00 M M 16.6 29 270 M M 1 37 260
6 91 62 77 M 0 12 0.00 M M 17.7 27 280 M M 0 37 280
7 90 53 72 M 0 7 0.00 M M 9.7 18 290 M M 0 29 280
8 88 53 71 M 0 6 0.00 M M 9.2 14 320 M M 0 25 270
9 92 53 73 M 0 8 0.00 M M 9.4 16 270 M M 1 23 230
10 93 58 76 M 0 11 0.00 M M 11.7 20 300 M M 1 23 260
11 97 56 77 M 0 12 0.00 M M 11.4 16 270 M M 0 22 270
12 100 61 81 M 0 16 0.00 M M 8.5 16 160 M M 0 23 250
13 100 67 84 M 0 19 0.00 M M 11.9 30 360 M M 3 8 36 360
14 103 67 85 M 0 20 0.00 M M 9.5 21 130 M M 0 29 100
15 95 64 80 M 0 15 0.00 M M 11.1 24 130 M M 0 30 130
16 96 60 78 M 0 13 0.00 M M 7.7 16 120 M M 0 27 120
17 92 63 78 M 0 13 0.00 M M 10.5 21 130 M M 0 28 140
18 95 58 77 M 0 12 0.00 M M 6.7 12 140 M M 0 21 120
19 101 63 82 M 0 17 0.00 M M 8.6 21 30 M M 3 28 30
20 101 73 87 M 0 22 T M M 13.3 38 360 M M 2 38 47 360
21 100 68 84 M 0 19 T M M 15.7 31 70 M M 1 38 39 70
22 95 61 78 M 0 13 T M M 7.3 21 350 M M 0 28 350
23 96 66 81 M 0 16 T M M 11.6 25 290 M M 2 32 290
24 91 65 78 M 0 13 0.00 M M 12.5 25 270 M M 2 30 270
25 91 65 78 M 0 13 0.00 M M 14.0 23 270 M M 0 33 270
26 93 60 77 M 0 12 0.00 M M 9.8 21 10 M M 1 27 10
27 86 56 71 M 0 6 0.02 M M 11.3 30 360 M M 1 45 360
28 73 54 64 M 1 0 0.03 M M 9.6 18 80 M M 6 27 70
29 79 60 70 M 0 5 0.00 M M 9.8 21 120 M M 8 25 120
30 77 58 68 M 0 3 T M M 7.7 14 110 M M 5 22 100
================================================================================
SM 2747 1793 1 330 0.05 M 312.4 M 46
================================================================================
AV 91.6 59.8 10.4 FASTST M M 2 MAX(MPH)
MISC ----> 38 360 47 360
================================================================================
NOTES:
# LAST OF SEVERAL OCCURRENCES
COLUMN 17 PEAK WIND IN M.P.H.
PRELIMINARY LOCAL CLIMATOLOGICAL DATA (WS FORM: F-6) , PAGE 2
STATION: SILVER CITY
MONTH: JUNE
YEAR: 2021
LATITUDE: 32 37 N
LONGITUDE: 108 10 W
[TEMPERATURE DATA] [PRECIPITATION DATA] SYMBOLS USED IN COLUMN 16
AVERAGE MONTHLY: 75.7 TOTAL FOR MONTH: 0.05 1 = FOG OR MIST
DPTR FM NORMAL: 0.0 DPTR FM NORMAL: M 2 = FOG REDUCING VISIBILITY
HIGHEST: 103 ON 14 GRTST 24HR 0.03 ON 28-28 TO 1/4 MILE OR LESS
LOWEST: 48 ON 1 3 = THUNDER
SNOW, ICE PELLETS, HAIL 4 = ICE PELLETS
TOTAL MONTH: M 5 = HAIL
GRTST 24HR M ON M 6 = FREEZING RAIN OR DRIZZLE
GRTST DEPTH: M ON M 7 = DUSTSTORM OR SANDSTORM:
VSBY 1/2 MILE OR LESS
8 = SMOKE OR HAZE
[NO. OF DAYS WITH] [WEATHER - DAYS WITH] 9 = BLOWING SNOW
X = TORNADO
MAX 32 OR BELOW: 0 0.01 INCH OR MORE: 2
MAX 90 OR ABOVE: 21 0.10 INCH OR MORE: 0
MIN 32 OR BELOW: 0 0.50 INCH OR MORE: 0
MIN 0 OR BELOW: 0 1.00 INCH OR MORE: 0
[HDD (BASE 65) ]
TOTAL THIS MO. 1 CLEAR (SCALE 0-3) 25
DPTR FM NORMAL M PTCLDY (SCALE 4-7) 4
TOTAL FM JUL 1 3780 CLOUDY (SCALE 8-10) 1
DPTR FM NORMAL M
[CDD (BASE 65) ]
TOTAL THIS MO. 330
DPTR FM NORMAL M [PRESSURE DATA]
TOTAL FM JAN 1 379 HIGHEST SLP M ON M
DPTR FM NORMAL M LOWEST SLP M ON M
[REMARKS]
#FINAL-06-21#