696
CXUS54 KEWX 011010
CF6T82
PRELIMINARY LOCAL CLIMATOLOGICAL DATA (WS FORM: F-6)
STATION: FREDERICKSBURG
MONTH: MARCH
YEAR: 2021
LATITUDE: 30 15 N
LONGITUDE: 98 55 W
TEMPERATURE IN F: :PCPN: SNOW: WIND :SUNSHINE: SKY :PK WND
================================================================================
1 2 3 4 5 6A 6B 7 8 9 10 11 12 13 14 15 16 17 18
12Z AVG MX 2MIN
DY MAX MIN AVG DEP HDD CDD WTR SNW DPTH SPD SPD DIR MIN PSBL S-S WX SPD DR
================================================================================
1 54 42 48 M 17 0 0.10 M M 12.7 21 40 M M 10 28 20
2 61 34 48 M 17 0 0.00 M M 3.5 10 20 M M 0 16 20
3 70 32 51 M 14 0 0.00 M M 3.8 12 210 M M 0 16 230
4 73 40 57 M 8 0 0.00 M M 7.8 17 210 M M 3 21 210
5 73 52 63 M 2 0 0.00 M M 13.2 23 360 M M 3 1 29 360
6 64 40 52 M 13 0 0.00 M M 7.4 17 360 M M 6 25 360
7 66 35 51 M 14 0 0.00 M M 3.9 13 170 M M 1 16 170
8 67 39 53 M 12 0 0.00 M M 5.9 12 160 M M 7 18 160
9 71 55 63 M 2 0 0.00 M M 12.9 17 170 M M 8 25 190
10 76 60 68 M 0 3 0.00 M M 12.7 18 170 M M 7 27 180
11 77 62 70 M 0 5 0.00 M M 12.1 22 200 M M 8 29 170
12 77 65 71 M 0 6 0.00 M M 11.7 21 190 M M 9 26 160
13 74 64 69 M 0 4 0.00 M M 13.0 17 160 M M 10 29 160
14 73 41 57 M 8 0 0.00 M M 9.1 22 310 M M 5 28 320
15 82 37 60 M 5 0 0.00 M M 4.9 14 190 M M 0 21 210
16 79 61 70 M 0 5 0.00 M M 7.1 15 160 M M 6 1 23 160
17 70 45 58 M 7 0 0.10 M M 14.7 28 300 M M 5 18 36 320
18 67 40 54 M 11 0 0.00 M M 11.1 20 340 M M 0 28 360
19 65 36 51 M 14 0 0.00 M M 6.2 13 10 M M 0 20 20
20 70 33 52 M 13 0 0.00 M M 2.5 6 90 M M 0 M M
21 72 43 58 M 7 0 0.00 M M 8.1 15 190 M M 2 21 190
22 66 55 61 M 4 0 0.43 M M 9.6 18 180 M M 8 1 24 180
23 76 40 58 M 7 0 0.00 M M 3.1 9 270 M M 1 1 M M
24 72 47 60 M 5 0 0.01 M M 5.5 12 150 M M 6 13 20 110
25 69 46 58 M 7 0 0.45 M M 6.5 14 310 M M 3 3 30 340
26 80 41 61 M 4 0 0.00 M M 5.8 16 170 M M 0 24 170
27 81 59 70 M 0 5 0.00 M M 6.4 17 20 M M 6 24 30
28 71 44 58 M 7 0 0.00 M M 13.0 23 20 M M 2 33 20
29 74 38 56 M 9 0 0.00 M M 6.2 14 170 M M 3 20 190
30 73 58 66 M 0 1 0.00 M M 8.0 16 200 M M 6 24 200
31 69 50 60 M 5 0 0.00 M M 12.6 23 30 M M 6 30 30
================================================================================
SM 2212 1434 212 29 1.09 M 260.9 M 131
================================================================================
AV 71.4 46.3 8.4 FASTST M M 4 MAX(MPH)
MISC ----> 28 300 36 320
================================================================================
NOTES:
# LAST OF SEVERAL OCCURRENCES
COLUMN 17 PEAK WIND IN M.P.H.
PRELIMINARY LOCAL CLIMATOLOGICAL DATA (WS FORM: F-6) , PAGE 2
STATION: FREDERICKSBURG
MONTH: MARCH
YEAR: 2021
LATITUDE: 30 15 N
LONGITUDE: 98 55 W
[TEMPERATURE DATA] [PRECIPITATION DATA] SYMBOLS USED IN COLUMN 16
AVERAGE MONTHLY: 58.8 TOTAL FOR MONTH: 1.09 1 = FOG OR MIST
DPTR FM NORMAL: 0.0 DPTR FM NORMAL: M 2 = FOG REDUCING VISIBILITY
HIGHEST: 82 ON 15 GRTST 24HR 0.45 ON 25-25 TO 1/4 MILE OR LESS
LOWEST: 32 ON 3 3 = THUNDER
SNOW, ICE PELLETS, HAIL 4 = ICE PELLETS
TOTAL MONTH: M 5 = HAIL
GRTST 24HR M ON M 6 = FREEZING RAIN OR DRIZZLE
GRTST DEPTH: M ON M 7 = DUSTSTORM OR SANDSTORM:
VSBY 1/2 MILE OR LESS
8 = SMOKE OR HAZE
[NO. OF DAYS WITH] [WEATHER - DAYS WITH] 9 = BLOWING SNOW
X = TORNADO
MAX 32 OR BELOW: 0 0.01 INCH OR MORE: 5
MAX 90 OR ABOVE: 0 0.10 INCH OR MORE: 3
MIN 32 OR BELOW: 1 0.50 INCH OR MORE: 0
MIN 0 OR BELOW: 0 1.00 INCH OR MORE: 0
[HDD (BASE 65) ]
TOTAL THIS MO. 212 CLEAR (SCALE 0-3) 13
DPTR FM NORMAL M PTCLDY (SCALE 4-7) 14
TOTAL FM JUL 1 2000 CLOUDY (SCALE 8-10) 4
DPTR FM NORMAL M
[CDD (BASE 65) ]
TOTAL THIS MO. 29
DPTR FM NORMAL M [PRESSURE DATA]
TOTAL FM JAN 1 31 HIGHEST SLP M ON M
DPTR FM NORMAL M LOWEST SLP M ON M
[REMARKS]
#FINAL-03-21#