000
CXUS55 KPUB 091727
CF6TAD
PRELIMINARY LOCAL CLIMATOLOGICAL DATA (WS FORM: F-6)
STATION: TRINIDAD CO
MONTH: JANUARY
YEAR: 2023
LATITUDE: 37 16 N
LONGITUDE: 104 20 W
TEMPERATURE IN F: :PCPN: SNOW: WIND :SUNSHINE: SKY :PK WND
================================================================================
1 2 3 4 5 6A 6B 7 8 9 10 11 12 13 14 15 16 17 18
12Z AVG MX 2MIN
DY MAX MIN AVG DEP HDD CDD WTR SNW DPTH SPD SPD DIR MIN PSBL S-S WX SPD DR
================================================================================
1 54 26 40 8 25 0 0.00 M M 5.8 14 160 M M 2 17 340
2 31 26 29 -3 36 0 0.12 M M 2.4 12 20 M M 10 12 15 20
3 35 23 29 -3 36 0 0.00 M M 4.7 12 150 M M 7 1 15 240
4 45 13 29 -4 36 0 0.00 M M 9.1 28 310 M M 1 12 37 300
5 50 12 31 -2 34 0 0.00 M M 6.9 14 240 M M 0 17 240
6 53 20 37 4 28 0 0.00 M M 13.3 36 260 M M 0 47 260
7 51 17 34 1 31 0 0.00 M M 7.2 15 250 M M 0 20 260
8 58 20 39 6 26 0 0.00 M M 9.3 17 240 M M 0 22 250
9 58 24 41 8 24 0 0.00 M M 8.1 15 250 M M 0 20 250
10 66 28 47 14 18 0 0.00 M M 12.6 35 260 M M 0 45 260
11 50 21 36 3 29 0 0.00 M M 18.8 39 300 M M 3 54 310
12 48 14 31 -2 34 0 0.00 M M 6.7 14 250 M M 0 8 15 250
13 61 20 41 8 24 0 0.00 M M 8.4 16 250 M M 0 20 260
14 67 29 48 15 17 0 0.00 M M 12.7 25 220 M M 0 40 230
15 58 36 47 13 18 0 0.00 M M 21.5 37 250 M M 0 50 270
16 54 21 38 4 27 0 0.00 M M 8.2 23 230 M M 0 32 240
17 54 27 41 7 24 0 0.18 M M 9.7 30 200 M M 4 1 38 190
18 33 18 26 -8 39 0 0.01 M M 5.9 16 30 M M 7 18 22 20
19 46 10 28 -6 37 0 0.00 M M 7.1 14 90 M M 0 18 90
20 35 15 25 -9 40 0 0.34 M M 7.0 15 330 M M 5 128 21 320
21 28 13 21 -13 44 0 0.06 M M 10.5 20 330 M M 10 18 29 330
22 29 3 16 -18 49 0 0.00 M M 7.4 18 250 M M 1 23 230
23 31 12 22 -12 43 0 0.00 M M 4.4 9 340 M M 5 1 13 330
24 30 12 21 -13 44 0 0.00 M M 10.3 18 320 M M 5 26 340
25 30 8 19 -15 46 0 0.01 M M 6.9 18 240 M M 6 18 23 250
26 32 5 19 -15 46 0 0.00 M M 12.0 21 250 M M 0 25 240
27 45 9 27 -7 38 0 0.00 M M 9.0 18 260 M M 0 22 260
28 45 13 29 -5 36 0 0.00 M M 7.5 17 10 M M 2 12 24 10
29 22 5 14 -20 51 0 T M M 6.9 14 30 M M 10 1 18 40
30 13 3 8 -26 57 0 T M M 5.0 14 40 M M 10 18 18 40
31 21 4 13 -21 52 0 T M M 3.6 16 250 M M 4 18 18 250
================================================================================
SM 1333 507 1089 0 0.72 M 268.9 M 92
================================================================================
AV 43.0 16.4 8.7 FASTST M M 3 MAX(MPH)
MISC ----> 39 300 54 310
================================================================================
NOTES:
# LAST OF SEVERAL OCCURRENCES
COLUMN 17 PEAK WIND IN M.P.H.
PRELIMINARY LOCAL CLIMATOLOGICAL DATA (WS FORM: F-6) , PAGE 2
STATION: TRINIDAD CO
MONTH: JANUARY
YEAR: 2023
LATITUDE: 37 16 N
LONGITUDE: 104 20 W
[TEMPERATURE DATA] [PRECIPITATION DATA] SYMBOLS USED IN COLUMN 16
AVERAGE MONTHLY: 29.7 TOTAL FOR MONTH: 0.72 1 = FOG OR MIST
DPTR FM NORMAL: -3.7 DPTR FM NORMAL: 0.34 2 = FOG REDUCING VISIBILITY
HIGHEST: 67 ON 14 GRTST 24HR 0.38 ON 20-21 TO 1/4 MILE OR LESS
LOWEST: 3 ON 30,22 3 = THUNDER
SNOW, ICE PELLETS, HAIL 4 = ICE PELLETS
TOTAL MONTH: M 5 = HAIL
GRTST 24HR M ON M 6 = FREEZING RAIN OR DRIZZLE
GRTST DEPTH: M ON M 7 = DUSTSTORM OR SANDSTORM:
VSBY 1/2 MILE OR LESS
8 = SMOKE OR HAZE
[NO. OF DAYS WITH] [WEATHER - DAYS WITH] 9 = BLOWING SNOW
X = TORNADO
MAX 32 OR BELOW: 10 0.01 INCH OR MORE: 6
MAX 90 OR ABOVE: 0 0.10 INCH OR MORE: 3
MIN 32 OR BELOW: 30 0.50 INCH OR MORE: 0
MIN 0 OR BELOW: 0 1.00 INCH OR MORE: 0
[HDD (BASE 65) ]
TOTAL THIS MO. 1089 CLEAR (SCALE 0-3) 19
DPTR FM NORMAL 111 PTCLDY (SCALE 4-7) 8
TOTAL FM JUL 1 3287 CLOUDY (SCALE 8-10) 4
DPTR FM NORMAL 145
[CDD (BASE 65) ]
TOTAL THIS MO. 0
DPTR FM NORMAL 0 [PRESSURE DATA]
TOTAL FM JAN 1 0 HIGHEST SLP 30.52 ON 26
DPTR FM NORMAL 0 LOWEST SLP 29.22 ON 15
[REMARKS]
#FINAL-01-23#