000
CXUS52 KTBW 011000
CF6TBW
PRELIMINARY LOCAL CLIMATOLOGICAL DATA (WS FORM: F-6)
STATION: RUSKIN WFO
MONTH: OCTOBER
YEAR: 2023
LATITUDE: 27 42 N
LONGITUDE: 82 24 W
TEMPERATURE IN F: :PCPN: SNOW: WIND :SUNSHINE: SKY :PK WND
================================================================================
1 2 3 4 5 6A 6B 7 8 9 10 11 12 13 14 15 16 17 18
12Z AVG MX 2MIN
DY MAX MIN AVG DEP HDD CDD WTR SNW DPTH SPD SPD DIR MIN PSBL S-S WX SPD DR
================================================================================
1 89 75 82 3 0 17 T 0.0 0 M M M M M M M M
2 89 72 81 2 0 16 0.00 0.0 0 M M M M M M M M
3 88 71 80 1 0 15 0.00 0.0 0 M M M M M M M M
4 90 72 81 2 0 16 0.00 0.0 0 M M M M M M M M
5 93 73 83 4 0 18 0.00 0.0 0 M M M M M M M M
6 92 73 83 5 0 18 0.00 0.0 0 M M M M M M M M
7 87 73 80 2 0 15 0.01 0.0 0 M M M M M M M M
8 77 67 72 -6 0 7 0.00 0.0 0 M M M M M M M M
9 79 64 72 -6 0 7 0.00 0.0 0 M M M M M M M M
10 85 66 76 -2 0 11 0.00 0.0 0 M M M M M M M M
11 90 73 82 5 0 17 0.24 0.0 0 M M M M M M M M
12 87 78 83 6 0 18 1.33 0.0 0 M M M M M M 13 M M
13 87 78 83 6 0 18 T 0.0 0 M M M M M M M M
14 83 74 79 2 0 14 0.00 0.0 0 M M M M M M M M
15 79 71 75 -1 0 10 0.00 0.0 0 M M M M M M M M
16 72 61 67 -9 0 2 T 0.0 0 M M M M M M M M
17 72 55 64 -12 1 0 0.00 0.0 0 M M M M M M M M
18 84 53 69 -7 0 4 0.00 0.0 0 M M M M M M M M
19 84 63 74 -1 0 9 0.00 0.0 0 M M M M M M M M
20 82 62 72 -3 0 7 0.00 0.0 0 M M M M M M M M
21 85 66 76 1 0 11 0.01 0.0 0 M M M M M M M M
22 86 62 74 0 0 9 0.00 0.0 0 M M M M M M M M
23 89 64 77 3 0 12 0.00 0.0 0 M M M M M M M M
24 87 67 77 3 0 12 0.00 0.0 0 M M M M M M M M
25 85 67 76 2 0 11 0.00 0.0 0 M M M M M M M M
26 89 70 80 7 0 15 0.00 0.0 0 M M M M M M M M
27 89 68 79 6 0 14 0.00 0.0 0 M M M M M M M M
28 88 69 79 6 0 14 0.00 0.0 0 M M M M M M M M
29 88 66 77 5 0 12 0.00 0.0 0 M M M M M M M M
30 88 67 78 6 0 13 0.00 0.0 0 M M M M M M M M
31 86 67 77 5 0 12 0.00 0.0 0 M M M M M M M M
================================================================================
SM 2649 2107 1 374 1.59 0.0 M M M
================================================================================
AV 85.5 68.0 M FASTST M M M MAX(MPH)
MISC ----> M M M M
================================================================================
NOTES:
# LAST OF SEVERAL OCCURRENCES
COLUMN 17 PEAK WIND IN M.P.H.
PRELIMINARY LOCAL CLIMATOLOGICAL DATA (WS FORM: F-6) , PAGE 2
STATION: RUSKIN WFO
MONTH: OCTOBER
YEAR: 2023
LATITUDE: 27 42 N
LONGITUDE: 82 24 W
[TEMPERATURE DATA] [PRECIPITATION DATA] SYMBOLS USED IN COLUMN 16
AVERAGE MONTHLY: 76.7 TOTAL FOR MONTH: 1.59 1 = FOG OR MIST
DPTR FM NORMAL: 0.8 DPTR FM NORMAL: -1.27 2 = FOG REDUCING VISIBILITY
HIGHEST: 93 ON 5 GRTST 24HR 1.33 ON 12-12 TO 1/4 MILE OR LESS
LOWEST: 53 ON 18 3 = THUNDER
SNOW, ICE PELLETS, HAIL 4 = ICE PELLETS
TOTAL MONTH: 0.0 INCH 5 = HAIL
GRTST 24HR 0.0 6 = FREEZING RAIN OR DRIZZLE
GRTST DEPTH: 0 7 = DUSTSTORM OR SANDSTORM:
VSBY 1/2 MILE OR LESS
8 = SMOKE OR HAZE
[NO. OF DAYS WITH] [WEATHER - DAYS WITH] 9 = BLOWING SNOW
X = TORNADO
MAX 32 OR BELOW: 0 0.01 INCH OR MORE: 4
MAX 90 OR ABOVE: 4 0.10 INCH OR MORE: 2
MIN 32 OR BELOW: 0 0.50 INCH OR MORE: 1
MIN 0 OR BELOW: 0 1.00 INCH OR MORE: 1
[HDD (BASE 65) ]
TOTAL THIS MO. 1 CLEAR (SCALE 0-3) 0
DPTR FM NORMAL -4 PTCLDY (SCALE 4-7) 0
TOTAL FM JUL 1 1 CLOUDY (SCALE 8-10) 31
DPTR FM NORMAL 1
[CDD (BASE 65) ]
TOTAL THIS MO. 374
DPTR FM NORMAL 30 [PRESSURE DATA]
TOTAL FM JAN 1 3893 HIGHEST SLP M ON M
DPTR FM NORMAL 650 LOWEST SLP M ON M
[REMARKS]
#FINAL-10-23#