000
CXUS54 KBMX 011110
CF6TCL
PRELIMINARY LOCAL CLIMATOLOGICAL DATA (WS FORM: F-6)
STATION: TUSCALOOSA
MONTH: DECEMBER
YEAR: 2022
LATITUDE: 33 13 N
LONGITUDE: 87 37 W
TEMPERATURE IN F: :PCPN: SNOW: WIND :SUNSHINE: SKY :PK WND
================================================================================
1 2 3 4 5 6A 6B 7 8 9 10 11 12 13 14 15 16 17 18
12Z AVG MX 2MIN
DY MAX MIN AVG DEP HDD CDD WTR SNW DPTH SPD SPD DIR MIN PSBL S-S WX SPD DR
================================================================================
1 55 32 44 -6 21 0 0.00 0.0 0 5.3 15 60 M M 0 19 60
2 66 34 50 0 15 0 T 0.0 0 6.2 16 140 M M 4 24 150
3 75 53 64 14 1 0 0.25 0.0 0 5.8 14 20 M M 7 1 18 180
4 62 45 54 4 11 0 0.02 0.0 0 4.2 10 10 M M 4 13 320
5 68 52 60 10 5 0 0.06 0.0 0 4.7 16 170 M M 10 1 20 180
6 77 65 71 21 0 6 0.06 0.0 0 7.1 17 190 M M 8 1 21 180
7 79 60 70 21 0 5 0.00 0.0 0 4.7 14 250 M M 7 1 17 230
8 79 56 68 19 0 3 0.00 0.0 0 4.2 17 250 M M 4 12 21 260
9 76 59 68 19 0 3 0.00 0.0 0 4.1 13 250 M M 7 1 15 250
10 69 57 63 14 2 0 0.00 0.0 0 2.9 10 180 M M 8 1 13 190
11 65 61 63 14 2 0 0.24 0.0 0 3.5 9 200 M M 10 1 12 170
12 61 57 59 11 6 0 0.00 0.0 0 7.2 13 40 M M 10 1 15 50
13 61 56 59 11 6 0 T 0.0 0 8.4 15 120 M M 10 1 22 120
14 67 49 58 10 7 0 3.41 0.0 M 8.4 28 280 M M 10 13 37 280
15 55 38 47 -1 18 0 0.00 0.0 0 5.2 15 250 M M 1 20 300
16 55 32 44 -4 21 0 T M 0 3.0 13 240 M M 3 1 18 300
17 51 35 43 -5 22 0 0.00 0.0 0 6.0 20 240 M M 4 24 240
18 50 28 39 -9 26 0 0.00 0.0 0 3.4 13 340 M M 0 15 300
19 45 26 36 -12 29 0 T 0.0 0 1.4 8 130 M M 6 12 150
20 47 42 45 -2 20 0 0.20 0.0 0 6.7 13 40 M M 10 1 16 70
21 51 43 47 0 18 0 0.00 0.0 M 5.9 12 30 M M 10 1 13 50
22 56 32 44 -3 21 0 0.09 T M 9.3 26 300 M M 10 1 42 280
23 32 11 22 -25 43 0 T T 0 12.6 24 300 M M 2 33 290
24 31 13 22 -25 43 0 0.00 0.0 0 6.2 14 290 M M 0 19 270
25 39 16 28 -19 37 0 0.00 0.0 0 1.9 10 320 M M 0 14 270
26 45 18 32 -15 33 0 0.00 0.0 0 2.1 8 220 M M 2 11 200
27 55 22 39 -8 26 0 0.00 0.0 0 1.8 12 210 M M 0 15 200
28 65 24 45 -1 20 0 0.00 0.0 0 5.4 16 180 M M 1 21 180
29 73 49 61 15 4 0 0.00 0.0 0 6.9 17 160 M M 8 22 190
30 66 55 61 15 4 0 0.60 0.0 0 5.5 18 100 M M 5 13 29 120
31 69 56 63 17 2 0 0.02 0.0 M 3.9 12 190 M M 7 1 15 170
================================================================================
SM 1845 1276 463 17 4.95 T 163.9 M 168
================================================================================
AV 59.5 41.2 5.3 FASTST M M 5 MAX(MPH)
MISC ----> 28 280 42 280
================================================================================
NOTES:
# LAST OF SEVERAL OCCURRENCES
COLUMN 17 PEAK WIND IN M.P.H.
PRELIMINARY LOCAL CLIMATOLOGICAL DATA (WS FORM: F-6) , PAGE 2
STATION: TUSCALOOSA
MONTH: DECEMBER
YEAR: 2022
LATITUDE: 33 13 N
LONGITUDE: 87 37 W
[TEMPERATURE DATA] [PRECIPITATION DATA] SYMBOLS USED IN COLUMN 16
AVERAGE MONTHLY: 50.3 TOTAL FOR MONTH: 4.95 1 = FOG OR MIST
DPTR FM NORMAL: 2.3 DPTR FM NORMAL: -0.11 2 = FOG REDUCING VISIBILITY
HIGHEST: 79 ON 8, 7 GRTST 24HR 3.41 ON 14-14 TO 1/4 MILE OR LESS
LOWEST: 11 ON 23 3 = THUNDER
SNOW, ICE PELLETS, HAIL 4 = ICE PELLETS
TOTAL MONTH: T 5 = HAIL
GRTST 24HR T ON 22-22 6 = FREEZING RAIN OR DRIZZLE
GRTST DEPTH: 0 7 = DUSTSTORM OR SANDSTORM:
VSBY 1/2 MILE OR LESS
8 = SMOKE OR HAZE
[NO. OF DAYS WITH] [WEATHER - DAYS WITH] 9 = BLOWING SNOW
X = TORNADO
MAX 32 OR BELOW: 2 0.01 INCH OR MORE: 10
MAX 90 OR ABOVE: 0 0.10 INCH OR MORE: 5
MIN 32 OR BELOW: 11 0.50 INCH OR MORE: 2
MIN 0 OR BELOW: 0 1.00 INCH OR MORE: 1
[HDD (BASE 65) ]
TOTAL THIS MO. 463 CLEAR (SCALE 0-3) 10
DPTR FM NORMAL -67 PTCLDY (SCALE 4-7) 13
TOTAL FM JUL 1 880 CLOUDY (SCALE 8-10) 8
DPTR FM NORMAL -94
[CDD (BASE 65) ]
TOTAL THIS MO. 17
DPTR FM NORMAL 13 [PRESSURE DATA]
TOTAL FM JAN 1 2449 HIGHEST SLP 30.55 ON 24
DPTR FM NORMAL 187 LOWEST SLP 29.60 ON 14
[REMARKS]
#FINAL-12-22#